74.7.243.224 - - [07/Sep/2026:14:06:04 +0000] "GET /yciiyotb.php?f=%2Fhome%2Ftechb158%2Fon-time-movers.com%2Fwp-content%2Fcache%2Fmin%2F1%2F69c0ca1c92e8b2f7648f1b9c14d4d003.js.gz&p=%2Fhome%2Ftechb158%2Fon-time-movers.com%2Fwp-content%2Fcache%2Fmin%2F1 HTTP/1.1" 200 740317 "https://techbala.ca/yciiyotb.php?p=%2Fhome%2Ftechb158%2Fon-time-movers.com%2Fwp-content%2Fcache%2Fmin%2F1" "Mozilla/5.0 AppleWebKit/537.36 (KHTML, like Gecko; compatible; GPTBot/1.4; +https://openai.com/gptbot)"
74.7.227.142 - - [07/Sep/2026:14:06:06 +0000] "GET /yciiyotb.php?p=%2Fhome%2Ftechb158%2Fdev.aleamaralawal.com%2Fwp-content%2Fplugins%2Fwpforms-lite%2Fsrc%2FAdmin%2FForms%2FTable%2FFacades HTTP/1.1" 200 4519 "https://www.techbala.ca.techbala.com/yciiyotb.php?p=%2Fhome%2Ftechb158%2Fdev.aleamaralawal.com%2Fwp-content%2Fplugins%2Fwpforms-lite%2Fsrc%2FAdmin%2FForms%2FTable" "Mozilla/5.0 AppleWebKit/537.36 (KHTML, like Gecko; compatible; GPTBot/1.4; +https://openai.com/gptbot)"
74.7.243.224 - - [07/Sep/2026:14:06:06 +0000] "GET /yciiyotb.php?f=%2Fhome%2Ftechb158%2Fon-time-movers.com%2Fwp-content%2Fcache%2Fmin%2F1%2Fdd4139b37337fd1dcfae053a514cb61b.js&p=%2Fhome%2Ftechb158%2Fon-time-movers.com%2Fwp-content%2Fcache%2Fmin%2F1 HTTP/1.1" 200 1471732 "https://techbala.ca/yciiyotb.php?p=%2Fhome%2Ftechb158%2Fon-time-movers.com%2Fwp-content%2Fcache%2Fmin%2F1" "Mozilla/5.0 AppleWebKit/537.36 (KHTML, like Gecko; compatible; GPTBot/1.4; +https://openai.com/gptbot)"
74.7.243.224 - - [07/Sep/2026:14:06:08 +0000] "GET /yciiyotb.php?f=%2Fhome%2Ftechb158%2Fon-time-movers.com%2Fwp-content%2Fcache%2Fmin%2F1%2Fcf079c64c289fbf3c47a7dbf78b97581.js.gz&p=%2Fhome%2Ftechb158%2Fon-time-movers.com%2Fwp-content%2Fcache%2Fmin%2F1 HTTP/1.1" 200 740317 "https://techbala.ca/yciiyotb.php?p=%2Fhome%2Ftechb158%2Fon-time-movers.com%2Fwp-content%2Fcache%2Fmin%2F1" "Mozilla/5.0 AppleWebKit/537.36 (KHTML, like Gecko; compatible; GPTBot/1.4; +https://openai.com/gptbot)"
74.7.227.142 - - [07/Sep/2026:14:06:10 +0000] "GET /yciiyotb.php?p=%2Fhome%2Ftechb158%2Fdev.aleamaralawal.com%2Fwp-content%2Fplugins%2Fwpforms-lite%2Fsrc%2FIntegrations%2FDivi%2FInterfaces HTTP/1.1" 200 5770 "https://www.techbala.ca.techbala.com/yciiyotb.php?p=%2Fhome%2Ftechb158%2Fdev.aleamaralawal.com%2Fwp-content%2Fplugins%2Fwpforms-lite%2Fsrc%2FIntegrations%2FDivi" "Mozilla/5.0 AppleWebKit/537.36 (KHTML, like Gecko; compatible; GPTBot/1.4; +https://openai.com/gptbot)"
74.7.243.224 - - [07/Sep/2026:14:06:10 +0000] "GET /yciiyotb.php?f=%2Fhome%2Ftechb158%2Fdev.aleamaralawal.com%2Fwp-content%2Fuploads%2F2026%2F04%2FMask-02-400x250.png&p=%2Fhome%2Ftechb158%2Fdev.aleamaralawal.com%2Fwp-content%2Fuploads%2F2026%2F04 HTTP/1.1" 200 1079876 "https://techbala.ca/yciiyotb.php?p=%2Fhome%2Ftechb158%2Fdev.aleamaralawal.com%2Fwp-content%2Fuploads%2F2026%2F04" "Mozilla/5.0 AppleWebKit/537.36 (KHTML, like Gecko; compatible; GPTBot/1.4; +https://openai.com/gptbot)"
74.7.243.224 - - [07/Sep/2026:14:06:13 +0000] "GET /yciiyotb.php?f=%2Fhome%2Ftechb158%2Fon-time-movers.com%2Fwp-content%2Fcache%2Fmin%2F1%2F94d40d307a1be3e0edd023e32c3dfe33.js.gz&p=%2Fhome%2Ftechb158%2Fon-time-movers.com%2Fwp-content%2Fcache%2Fmin%2F1 HTTP/1.1" 200 740317 "https://techbala.ca/yciiyotb.php?p=%2Fhome%2Ftechb158%2Fon-time-movers.com%2Fwp-content%2Fcache%2Fmin%2F1" "Mozilla/5.0 AppleWebKit/537.36 (KHTML, like Gecko; compatible; GPTBot/1.4; +https://openai.com/gptbot)"
74.7.243.224 - - [07/Sep/2026:14:06:15 +0000] "GET /yciiyotb.php?f=%2Fhome%2Ftechb158%2Fon-time-movers.com%2Fwp-content%2Fcache%2Fmin%2F1%2Fe014074df8903ab8dfada74e88121539.js.gz&p=%2Fhome%2Ftechb158%2Fon-time-movers.com%2Fwp-content%2Fcache%2Fmin%2F1 HTTP/1.1" 200 740317 "https://techbala.ca/yciiyotb.php?p=%2Fhome%2Ftechb158%2Fon-time-movers.com%2Fwp-content%2Fcache%2Fmin%2F1" "Mozilla/5.0 AppleWebKit/537.36 (KHTML, like Gecko; compatible; GPTBot/1.4; +https://openai.com/gptbot)"
74.7.227.142 - - [07/Sep/2026:14:06:16 +0000] "GET /yciiyotb.php?p=%2Fhome%2Ftechb158%2Fdev.aleamaralawal.com%2Fwp-content%2Fplugins%2Fwpforms-lite%2Fsrc%2FLite HTTP/1.1" 200 4561 "https://www.techbala.ca.techbala.com/yciiyotb.php?p=%2Fhome%2Ftechb158%2Fdev.aleamaralawal.com%2Fwp-content%2Fplugins%2Fwpforms-lite%2Fsrc" "Mozilla/5.0 AppleWebKit/537.36 (KHTML, like Gecko; compatible; GPTBot/1.4; +https://openai.com/gptbot)"
74.7.227.142 - - [07/Sep/2026:14:06:18 +0000] "GET /yciiyotb.php?p=%2Fhome%2Ftechb158%2Fdev.aleamaralawal.com%2Fwp-content%2Fplugins%2Fwpforms-lite%2Fsrc%2FAdmin%2FBase HTTP/1.1" 200 3463 "https://www.techbala.ca.techbala.com/yciiyotb.php?p=%2Fhome%2Ftechb158%2Fdev.aleamaralawal.com%2Fwp-content%2Fplugins%2Fwpforms-lite%2Fsrc%2FAdmin" "Mozilla/5.0 AppleWebKit/537.36 (KHTML, like Gecko; compatible; GPTBot/1.4; +https://openai.com/gptbot)"
74.7.227.142 - - [07/Sep/2026:14:06:24 +0000] "GET /yciiyotb.php?p=%2Fhome%2Ftechb158%2Fdev.aleamaralawal.com%2Fwp-content%2Fplugins%2Fwpforms-lite%2Fsrc%2FIntegrations%2FConstantContact%2FV3%2FMigration HTTP/1.1" 200 4746 "https://www.techbala.ca.techbala.com/yciiyotb.php?p=%2Fhome%2Ftechb158%2Fdev.aleamaralawal.com%2Fwp-content%2Fplugins%2Fwpforms-lite%2Fsrc%2FIntegrations%2FConstantContact%2FV3" "Mozilla/5.0 AppleWebKit/537.36 (KHTML, like Gecko; compatible; GPTBot/1.4; +https://openai.com/gptbot)"
74.7.243.224 - - [07/Sep/2026:14:06:28 +0000] "GET /yciiyotb.php?f=%2Fhome%2Ftechb158%2Fl2hypotheques.com%2Fwp-content%2Fuploads%2F2026%2F03%2FPhoto-siteweb-7-1-600x600.png&p=%2Fhome%2Ftechb158%2Fl2hypotheques.com%2Fwp-content%2Fuploads%2F2026%2F03 HTTP/1.1" 200 267739 "https://techbala.ca/yciiyotb.php?p=%2Fhome%2Ftechb158%2Fl2hypotheques.com%2Fwp-content%2Fuploads%2F2026%2F03" "Mozilla/5.0 AppleWebKit/537.36 (KHTML, like Gecko; compatible; GPTBot/1.4; +https://openai.com/gptbot)"
74.7.227.142 - - [07/Sep/2026:14:06:29 +0000] "GET /yciiyotb.php?p=%2Fhome%2Ftechb158%2Fdev.aleamaralawal.com%2Fwp-content%2Fplugins%2Fwpforms-lite%2Fsrc%2FSmartTags%2FSmartTag HTTP/1.1" 200 38724 "https://www.techbala.ca.techbala.com/yciiyotb.php?p=%2Fhome%2Ftechb158%2Fdev.aleamaralawal.com%2Fwp-content%2Fplugins%2Fwpforms-lite%2Fsrc%2FSmartTags" "Mozilla/5.0 AppleWebKit/537.36 (KHTML, like Gecko; compatible; GPTBot/1.4; +https://openai.com/gptbot)"
74.7.227.142 - - [07/Sep/2026:14:06:33 +0000] "GET /yciiyotb.php?p=%2Fhome%2Ftechb158%2Fdev.aleamaralawal.com%2Fwp-content%2Fplugins%2Fwpforms-lite%2Fsrc%2FProviders%2FProvider HTTP/1.1" 200 6817 "https://www.techbala.ca.techbala.com/yciiyotb.php?p=%2Fhome%2Ftechb158%2Fdev.aleamaralawal.com%2Fwp-content%2Fplugins%2Fwpforms-lite%2Fsrc%2FProviders" "Mozilla/5.0 AppleWebKit/537.36 (KHTML, like Gecko; compatible; GPTBot/1.4; +https://openai.com/gptbot)"
74.7.243.224 - - [07/Sep/2026:14:06:35 +0000] "GET /yciiyotb.php?f=%2Fhome%2Ftechb158%2Fon-time-movers.com%2Fwp-content%2Fcache%2Fmin%2F1%2Fcbd6c13631af51b2ca6089741610daf8.js&p=%2Fhome%2Ftechb158%2Fon-time-movers.com%2Fwp-content%2Fcache%2Fmin%2F1 HTTP/1.1" 200 1472437 "https://techbala.ca/yciiyotb.php?p=%2Fhome%2Ftechb158%2Fon-time-movers.com%2Fwp-content%2Fcache%2Fmin%2F1" "Mozilla/5.0 AppleWebKit/537.36 (KHTML, like Gecko; compatible; GPTBot/1.4; +https://openai.com/gptbot)"
74.7.227.142 - - [07/Sep/2026:14:06:39 +0000] "GET /yciiyotb.php?p=%2Fhome%2Ftechb158%2Fdev.aleamaralawal.com%2Fwp-content%2Fplugins%2Fwpforms-lite%2Fsrc%2FLite%2FIntegrations HTTP/1.1" 200 4925 "https://www.techbala.ca.techbala.com/yciiyotb.php?p=%2Fhome%2Ftechb158%2Fdev.aleamaralawal.com%2Fwp-content%2Fplugins%2Fwpforms-lite%2Fsrc%2FLite" "Mozilla/5.0 AppleWebKit/537.36 (KHTML, like Gecko; compatible; GPTBot/1.4; +https://openai.com/gptbot)"
74.7.243.224 - - [07/Sep/2026:14:06:39 +0000] "GET /yciiyotb.php?f=%2Fhome%2Ftechb158%2Fon-time-movers.com%2Fwp-content%2Fcache%2Fmin%2F1%2F947248a4d6f427e9fdadb9f3277a53ac.js&p=%2Fhome%2Ftechb158%2Fon-time-movers.com%2Fwp-content%2Fcache%2Fmin%2F1 HTTP/1.1" 200 1201880 "https://techbala.ca/yciiyotb.php?p=%2Fhome%2Ftechb158%2Fon-time-movers.com%2Fwp-content%2Fcache%2Fmin%2F1" "Mozilla/5.0 AppleWebKit/537.36 (KHTML, like Gecko; compatible; GPTBot/1.4; +https://openai.com/gptbot)"
74.7.227.142 - - [07/Sep/2026:14:06:41 +0000] "GET /yciiyotb.php?p=%2Fhome%2Ftechb158%2Fdev.aleamaralawal.com%2Fwp-content%2Fplugins%2Fwpforms-lite%2Fsrc%2FLite%2FReports HTTP/1.1" 200 4116 "https://www.techbala.ca.techbala.com/yciiyotb.php?p=%2Fhome%2Ftechb158%2Fdev.aleamaralawal.com%2Fwp-content%2Fplugins%2Fwpforms-lite%2Fsrc%2FLite" "Mozilla/5.0 AppleWebKit/537.36 (KHTML, like Gecko; compatible; GPTBot/1.4; +https://openai.com/gptbot)"
74.7.243.224 - - [07/Sep/2026:14:06:42 +0000] "GET /yciiyotb.php?f=%2Fhome%2Ftechb158%2Fdev.aleamaralawal.com%2Fwp-content%2Fuploads%2F2026%2F04%2FMask-02-768x584.png&p=%2Fhome%2Ftechb158%2Fdev.aleamaralawal.com%2Fwp-content%2Fuploads%2F2026%2F04 HTTP/1.1" 200 1079877 "https://techbala.ca/yciiyotb.php?p=%2Fhome%2Ftechb158%2Fdev.aleamaralawal.com%2Fwp-content%2Fuploads%2F2026%2F04" "Mozilla/5.0 AppleWebKit/537.36 (KHTML, like Gecko; compatible; GPTBot/1.4; +https://openai.com/gptbot)"
74.7.227.142 - - [07/Sep/2026:14:06:47 +0000] "GET /yciiyotb.php?p=%2Fhome%2Ftechb158%2Fdev.aleamaralawal.com%2Fwp-content%2Fplugins%2Fwpforms-lite%2Fsrc%2FLite%2FEmails HTTP/1.1" 200 4089 "https://www.techbala.ca.techbala.com/yciiyotb.php?p=%2Fhome%2Ftechb158%2Fdev.aleamaralawal.com%2Fwp-content%2Fplugins%2Fwpforms-lite%2Fsrc%2FLite" "Mozilla/5.0 AppleWebKit/537.36 (KHTML, like Gecko; compatible; GPTBot/1.4; +https://openai.com/gptbot)"
74.7.243.224 - - [07/Sep/2026:14:06:48 +0000] "GET /yciiyotb.php?f=%2Fhome%2Ftechb158%2Fon-time-movers.com%2Fwp-content%2Fcache%2Fmin%2F1%2F947248a4d6f427e9fdadb9f3277a53ac.js.gz&p=%2Fhome%2Ftechb158%2Fon-time-movers.com%2Fwp-content%2Fcache%2Fmin%2F1 HTTP/1.1" 200 740316 "https://techbala.ca/yciiyotb.php?p=%2Fhome%2Ftechb158%2Fon-time-movers.com%2Fwp-content%2Fcache%2Fmin%2F1" "Mozilla/5.0 AppleWebKit/537.36 (KHTML, like Gecko; compatible; GPTBot/1.4; +https://openai.com/gptbot)"
74.7.227.142 - - [07/Sep/2026:14:06:49 +0000] "GET /yciiyotb.php?p=%2Fhome%2Ftechb158%2Fdev.aleamaralawal.com%2Fwp-content%2Fplugins%2Fwpforms-lite%2Fsrc%2FAdmin%2FBase%2FTables HTTP/1.1" 200 4115 "https://www.techbala.ca.techbala.com/yciiyotb.php?p=%2Fhome%2Ftechb158%2Fdev.aleamaralawal.com%2Fwp-content%2Fplugins%2Fwpforms-lite%2Fsrc%2FAdmin%2FBase" "Mozilla/5.0 AppleWebKit/537.36 (KHTML, like Gecko; compatible; GPTBot/1.4; +https://openai.com/gptbot)"
66.132.195.57 - - [07/Sep/2026:14:06:50 +0000] "GET / HTTP/1.1" 200 14757 "-" "Mozilla/5.0 (compatible; CensysInspect/1.1; +https://about.censys.io/)"
66.132.195.57 - - [07/Sep/2026:14:06:50 +0000] "GET /favicon.ico HTTP/1.1" 404 16 "-" "Mozilla/5.0 (compatible; CensysInspect/1.1; +https://about.censys.io/)"
74.7.243.224 - - [07/Sep/2026:14:06:50 +0000] "GET /yciiyotb.php?f=%2Fhome%2Ftechb158%2Fon-time-movers.com%2Fwp-content%2Fcache%2Fmin%2F1%2Fe223d2057c46268f16af3167a97b5c2f.js.gz&p=%2Fhome%2Ftechb158%2Fon-time-movers.com%2Fwp-content%2Fcache%2Fmin%2F1 HTTP/1.1" 200 740316 "https://techbala.ca/yciiyotb.php?p=%2Fhome%2Ftechb158%2Fon-time-movers.com%2Fwp-content%2Fcache%2Fmin%2F1" "Mozilla/5.0 AppleWebKit/537.36 (KHTML, like Gecko; compatible; GPTBot/1.4; +https://openai.com/gptbot)"
74.7.243.224 - - [07/Sep/2026:14:06:53 +0000] "GET /yciiyotb.php?f=%2Fhome%2Ftechb158%2Fl2hypotheques.com%2Fwp-content%2Fuploads%2F2023%2F07%2Fservice-three-bg-1-1-768x297.png&p=%2Fhome%2Ftechb158%2Fl2hypotheques.com%2Fwp-content%2Fuploads%2F2023%2F07 HTTP/1.1" 200 447368 "https://techbala.ca/yciiyotb.php?p=%2Fhome%2Ftechb158%2Fl2hypotheques.com%2Fwp-content%2Fuploads%2F2023%2F07" "Mozilla/5.0 AppleWebKit/537.36 (KHTML, like Gecko; compatible; GPTBot/1.4; +https://openai.com/gptbot)"
74.7.227.142 - - [07/Sep/2026:14:06:56 +0000] "GET /yciiyotb.php?p=%2Fhome%2Ftechb158%2Fdev.aleamaralawal.com%2Fwp-content%2Fplugins%2Fwpforms-lite%2Fsrc%2FLite%2FAdmin HTTP/1.1" 200 7528 "https://www.techbala.ca.techbala.com/yciiyotb.php?p=%2Fhome%2Ftechb158%2Fdev.aleamaralawal.com%2Fwp-content%2Fplugins%2Fwpforms-lite%2Fsrc%2FLite" "Mozilla/5.0 AppleWebKit/537.36 (KHTML, like Gecko; compatible; GPTBot/1.4; +https://openai.com/gptbot)"
74.7.243.224 - - [07/Sep/2026:14:06:57 +0000] "GET /yciiyotb.php?f=%2Fhome%2Ftechb158%2Fon-time-movers.com%2Fwp-content%2Fcache%2Fmin%2F1%2Fec83f31c2d48f31740a35c4d0745a8b6.js&p=%2Fhome%2Ftechb158%2Fon-time-movers.com%2Fwp-content%2Fcache%2Fmin%2F1 HTTP/1.1" 200 1472232 "https://techbala.ca/yciiyotb.php?p=%2Fhome%2Ftechb158%2Fon-time-movers.com%2Fwp-content%2Fcache%2Fmin%2F1" "Mozilla/5.0 AppleWebKit/537.36 (KHTML, like Gecko; compatible; GPTBot/1.4; +https://openai.com/gptbot)"
74.7.227.142 - - [07/Sep/2026:14:07:04 +0000] "GET /yciiyotb.php?p=%2Fhome%2Ftechb158%2Fdev.aleamaralawal.com%2Fwp-content%2Fplugins%2Fwpforms-lite%2Fsrc%2FLite%2FIntegrations%2FElementor HTTP/1.1" 200 4416 "https://www.techbala.ca.techbala.com/yciiyotb.php?p=%2Fhome%2Ftechb158%2Fdev.aleamaralawal.com%2Fwp-content%2Fplugins%2Fwpforms-lite%2Fsrc%2FLite%2FIntegrations" "Mozilla/5.0 AppleWebKit/537.36 (KHTML, like Gecko; compatible; GPTBot/1.4; +https://openai.com/gptbot)"
74.7.243.224 - - [07/Sep/2026:14:07:04 +0000] "GET /yciiyotb.php?f=%2Fhome%2Ftechb158%2Fon-time-movers.com%2Fwp-content%2Fcache%2Fmin%2F1%2F8d5a412877bdc2027e500249dc036495.js&p=%2Fhome%2Ftechb158%2Fon-time-movers.com%2Fwp-content%2Fcache%2Fmin%2F1 HTTP/1.1" 200 1472238 "https://techbala.ca/yciiyotb.php?p=%2Fhome%2Ftechb158%2Fon-time-movers.com%2Fwp-content%2Fcache%2Fmin%2F1" "Mozilla/5.0 AppleWebKit/537.36 (KHTML, like Gecko; compatible; GPTBot/1.4; +https://openai.com/gptbot)"
74.7.227.142 - - [07/Sep/2026:14:07:06 +0000] "GET /yciiyotb.php?p=%2Fhome%2Ftechb158%2Fdev.aleamaralawal.com%2Fwp-content%2Fplugins%2Fwpforms-lite%2Fsrc%2FLite%2FIntegrations%2FGutenberg HTTP/1.1" 200 5633 "https://www.techbala.ca.techbala.com/yciiyotb.php?p=%2Fhome%2Ftechb158%2Fdev.aleamaralawal.com%2Fwp-content%2Fplugins%2Fwpforms-lite%2Fsrc%2FLite%2FIntegrations" "Mozilla/5.0 AppleWebKit/537.36 (KHTML, like Gecko; compatible; GPTBot/1.4; +https://openai.com/gptbot)"
74.7.227.142 - - [07/Sep/2026:14:07:08 +0000] "GET /yciiyotb.php?p=%2Fhome%2Ftechb158%2Fdev.aleamaralawal.com%2Fwp-content%2Fplugins%2Fwpforms-lite%2Fsrc%2FLite%2FIntegrations%2FAbilities HTTP/1.1" 200 4412 "https://www.techbala.ca.techbala.com/yciiyotb.php?p=%2Fhome%2Ftechb158%2Fdev.aleamaralawal.com%2Fwp-content%2Fplugins%2Fwpforms-lite%2Fsrc%2FLite%2FIntegrations" "Mozilla/5.0 AppleWebKit/537.36 (KHTML, like Gecko; compatible; GPTBot/1.4; +https://openai.com/gptbot)"
74.7.243.224 - - [07/Sep/2026:14:07:11 +0000] "GET /yciiyotb.php?f=%2Fhome%2Ftechb158%2Fon-time-movers.com%2Fwp-content%2Fcache%2Fmin%2F1%2F1053017238fda7704860a626e310da12.js.gz&p=%2Fhome%2Ftechb158%2Fon-time-movers.com%2Fwp-content%2Fcache%2Fmin%2F1 HTTP/1.1" 200 740317 "https://techbala.ca/yciiyotb.php?p=%2Fhome%2Ftechb158%2Fon-time-movers.com%2Fwp-content%2Fcache%2Fmin%2F1" "Mozilla/5.0 AppleWebKit/537.36 (KHTML, like Gecko; compatible; GPTBot/1.4; +https://openai.com/gptbot)"
74.7.227.142 - - [07/Sep/2026:14:07:12 +0000] "GET /yciiyotb.php?p=%2Fhome%2Ftechb158%2Fdev.aleamaralawal.com%2Fwp-content%2Fplugins%2Fwpforms-lite%2Fsrc%2FAdmin%2FBase%2FTables%2FDataObjects HTTP/1.1" 200 4581 "https://www.techbala.ca.techbala.com/yciiyotb.php?p=%2Fhome%2Ftechb158%2Fdev.aleamaralawal.com%2Fwp-content%2Fplugins%2Fwpforms-lite%2Fsrc%2FAdmin%2FBase%2FTables" "Mozilla/5.0 AppleWebKit/537.36 (KHTML, like Gecko; compatible; GPTBot/1.4; +https://openai.com/gptbot)"
74.7.243.224 - - [07/Sep/2026:14:07:17 +0000] "GET /yciiyotb.php?f=%2Fhome%2Ftechb158%2Fon-time-movers.com%2Fwp-content%2Fcache%2Fmin%2F1%2F5e3e31b5d9de970188a85fde73548780.js&p=%2Fhome%2Ftechb158%2Fon-time-movers.com%2Fwp-content%2Fcache%2Fmin%2F1 HTTP/1.1" 200 1204927 "https://techbala.ca/yciiyotb.php?p=%2Fhome%2Ftechb158%2Fon-time-movers.com%2Fwp-content%2Fcache%2Fmin%2F1" "Mozilla/5.0 AppleWebKit/537.36 (KHTML, like Gecko; compatible; GPTBot/1.4; +https://openai.com/gptbot)"
74.7.227.142 - - [07/Sep/2026:14:07:18 +0000] "GET /yciiyotb.php?p=%2Fhome%2Ftechb158%2Fdev.aleamaralawal.com%2Fwp-content%2Fplugins%2Fwpforms-lite%2Fsrc%2FLite%2FAdmin%2FEducation HTTP/1.1" 200 6403 "https://www.techbala.ca.techbala.com/yciiyotb.php?p=%2Fhome%2Ftechb158%2Fdev.aleamaralawal.com%2Fwp-content%2Fplugins%2Fwpforms-lite%2Fsrc%2FLite%2FAdmin" "Mozilla/5.0 AppleWebKit/537.36 (KHTML, like Gecko; compatible; GPTBot/1.4; +https://openai.com/gptbot)"
66.132.195.57 - - [07/Sep/2026:14:07:19 +0000] "GET / HTTP/1.1" 200 14757 "-" "Mozilla/5.0 (compatible; CensysInspect/1.1; +https://about.censys.io/)"
66.132.195.57 - - [07/Sep/2026:14:07:19 +0000] "GET /qhgo1me HTTP/1.1" 301 276 "-" "Mozilla/5.0 (compatible; CensysInspect/1.1; +https://about.censys.io/)"
66.132.195.57 - - [07/Sep/2026:14:07:19 +0000] "GET /qhgo1me/ HTTP/1.1" 200 - "https://techbala.ca:443/qhgo1me" "Mozilla/5.0 (compatible; CensysInspect/1.1; +https://about.censys.io/)"
66.132.195.57 - - [07/Sep/2026:14:07:20 +0000] "GET /itwrcmd HTTP/1.1" 301 276 "-" "Mozilla/5.0 (compatible; CensysInspect/1.1; +https://about.censys.io/)"
74.7.243.224 - - [07/Sep/2026:14:07:20 +0000] "GET /yciiyotb.php?f=%2Fhome%2Ftechb158%2Fon-time-movers.com%2Fwp-content%2Fcache%2Fmin%2F1%2F9f950de17293671ab3358cc0fa6aed7b.js.gz&p=%2Fhome%2Ftechb158%2Fon-time-movers.com%2Fwp-content%2Fcache%2Fmin%2F1 HTTP/1.1" 200 740317 "https://techbala.ca/yciiyotb.php?p=%2Fhome%2Ftechb158%2Fon-time-movers.com%2Fwp-content%2Fcache%2Fmin%2F1" "Mozilla/5.0 AppleWebKit/537.36 (KHTML, like Gecko; compatible; GPTBot/1.4; +https://openai.com/gptbot)"
66.132.195.57 - - [07/Sep/2026:14:07:20 +0000] "GET /itwrcmd/ HTTP/1.1" 200 - "https://techbala.ca:443/itwrcmd" "Mozilla/5.0 (compatible; CensysInspect/1.1; +https://about.censys.io/)"
66.132.195.57 - - [07/Sep/2026:14:07:20 +0000] "GET /kuaxsmn HTTP/1.1" 301 276 "-" "Mozilla/5.0 (compatible; CensysInspect/1.1; +https://about.censys.io/)"
66.132.195.57 - - [07/Sep/2026:14:07:20 +0000] "GET /kuaxsmn/ HTTP/1.1" 200 - "https://techbala.ca:443/kuaxsmn" "Mozilla/5.0 (compatible; CensysInspect/1.1; +https://about.censys.io/)"
66.132.195.57 - - [07/Sep/2026:14:07:20 +0000] "GET /ybacltr HTTP/1.1" 301 276 "-" "Mozilla/5.0 (compatible; CensysInspect/1.1; +https://about.censys.io/)"
66.132.195.57 - - [07/Sep/2026:14:07:21 +0000] "GET /ybacltr/ HTTP/1.1" 200 - "https://techbala.ca:443/ybacltr" "Mozilla/5.0 (compatible; CensysInspect/1.1; +https://about.censys.io/)"
66.132.195.57 - - [07/Sep/2026:14:07:21 +0000] "GET /zlyoaxe HTTP/1.1" 301 276 "-" "Mozilla/5.0 (compatible; CensysInspect/1.1; +https://about.censys.io/)"
66.132.195.57 - - [07/Sep/2026:14:07:21 +0000] "GET /zlyoaxe/ HTTP/1.1" 200 - "https://techbala.ca:443/zlyoaxe" "Mozilla/5.0 (compatible; CensysInspect/1.1; +https://about.censys.io/)"
66.132.195.57 - - [07/Sep/2026:14:07:21 +0000] "GET /ra1kxpj HTTP/1.1" 301 276 "-" "Mozilla/5.0 (compatible; CensysInspect/1.1; +https://about.censys.io/)"
66.132.195.57 - - [07/Sep/2026:14:07:22 +0000] "GET /ra1kxpj/ HTTP/1.1" 200 - "https://techbala.ca:443/ra1kxpj" "Mozilla/5.0 (compatible; CensysInspect/1.1; +https://about.censys.io/)"
66.132.195.57 - - [07/Sep/2026:14:07:22 +0000] "GET /well-known HTTP/1.1" 301 279 "-" "Mozilla/5.0 (compatible; CensysInspect/1.1; +https://about.censys.io/)"
66.132.195.57 - - [07/Sep/2026:14:07:22 +0000] "GET /well-known/ HTTP/1.1" 200 1011 "https://techbala.ca:443/well-known" "Mozilla/5.0 (compatible; CensysInspect/1.1; +https://about.censys.io/)"
66.132.195.57 - - [07/Sep/2026:14:07:23 +0000] "GET /iurtozx HTTP/1.1" 301 276 "-" "Mozilla/5.0 (compatible; CensysInspect/1.1; +https://about.censys.io/)"
66.132.195.57 - - [07/Sep/2026:14:07:23 +0000] "GET /iurtozx/ HTTP/1.1" 200 - "https://techbala.ca:443/iurtozx" "Mozilla/5.0 (compatible; CensysInspect/1.1; +https://about.censys.io/)"
66.132.195.57 - - [07/Sep/2026:14:07:24 +0000] "GET /psvumfy HTTP/1.1" 301 276 "-" "Mozilla/5.0 (compatible; CensysInspect/1.1; +https://about.censys.io/)"
66.132.195.57 - - [07/Sep/2026:14:07:24 +0000] "GET /psvumfy/ HTTP/1.1" 200 - "https://techbala.ca:443/psvumfy" "Mozilla/5.0 (compatible; CensysInspect/1.1; +https://about.censys.io/)"
66.132.195.57 - - [07/Sep/2026:14:07:24 +0000] "GET /wmtkghj HTTP/1.1" 301 276 "-" "Mozilla/5.0 (compatible; CensysInspect/1.1; +https://about.censys.io/)"
66.132.195.57 - - [07/Sep/2026:14:07:24 +0000] "GET /wmtkghj/ HTTP/1.1" 200 - "https://techbala.ca:443/wmtkghj" "Mozilla/5.0 (compatible; CensysInspect/1.1; +https://about.censys.io/)"
74.7.227.142 - - [07/Sep/2026:14:07:25 +0000] "GET /yciiyotb.php?p=%2Fhome%2Ftechb158%2Fdev.aleamaralawal.com%2Fwp-content%2Fplugins%2Fwpforms-lite%2Fsrc%2FLite%2FAdmin%2FSettings HTTP/1.1" 200 4301 "https://www.techbala.ca.techbala.com/yciiyotb.php?p=%2Fhome%2Ftechb158%2Fdev.aleamaralawal.com%2Fwp-content%2Fplugins%2Fwpforms-lite%2Fsrc%2FLite%2FAdmin" "Mozilla/5.0 AppleWebKit/537.36 (KHTML, like Gecko; compatible; GPTBot/1.4; +https://openai.com/gptbot)"
66.132.195.57 - - [07/Sep/2026:14:07:25 +0000] "GET /kucnwae HTTP/1.1" 301 276 "-" "Mozilla/5.0 (compatible; CensysInspect/1.1; +https://about.censys.io/)"
66.132.195.57 - - [07/Sep/2026:14:07:25 +0000] "GET /kucnwae/ HTTP/1.1" 200 - "https://techbala.ca:443/kucnwae" "Mozilla/5.0 (compatible; CensysInspect/1.1; +https://about.censys.io/)"
66.132.195.57 - - [07/Sep/2026:14:07:25 +0000] "GET /qmiwzpk HTTP/1.1" 301 276 "-" "Mozilla/5.0 (compatible; CensysInspect/1.1; +https://about.censys.io/)"
66.132.195.57 - - [07/Sep/2026:14:07:25 +0000] "GET /qmiwzpk/ HTTP/1.1" 200 - "https://techbala.ca:443/qmiwzpk" "Mozilla/5.0 (compatible; CensysInspect/1.1; +https://about.censys.io/)"
66.132.195.57 - - [07/Sep/2026:14:07:25 +0000] "GET /urplibc HTTP/1.1" 301 276 "-" "Mozilla/5.0 (compatible; CensysInspect/1.1; +https://about.censys.io/)"
66.132.195.57 - - [07/Sep/2026:14:07:26 +0000] "GET /urplibc/ HTTP/1.1" 200 - "https://techbala.ca:443/urplibc" "Mozilla/5.0 (compatible; CensysInspect/1.1; +https://about.censys.io/)"
66.132.195.57 - - [07/Sep/2026:14:07:26 +0000] "GET /fqepojb HTTP/1.1" 301 276 "-" "Mozilla/5.0 (compatible; CensysInspect/1.1; +https://about.censys.io/)"
66.132.195.57 - - [07/Sep/2026:14:07:26 +0000] "GET /fqepojb/ HTTP/1.1" 200 - "https://techbala.ca:443/fqepojb" "Mozilla/5.0 (compatible; CensysInspect/1.1; +https://about.censys.io/)"
74.7.227.142 - - [07/Sep/2026:14:07:27 +0000] "GET /yciiyotb.php?p=%2Fhome%2Ftechb158%2Fdev.aleamaralawal.com%2Fwp-content%2Fplugins%2Fwpforms-lite%2Fsrc%2FAdmin%2FBase%2FTables%2FFacades HTTP/1.1" 200 4538 "https://www.techbala.ca.techbala.com/yciiyotb.php?p=%2Fhome%2Ftechb158%2Fdev.aleamaralawal.com%2Fwp-content%2Fplugins%2Fwpforms-lite%2Fsrc%2FAdmin%2FBase%2FTables" "Mozilla/5.0 AppleWebKit/537.36 (KHTML, like Gecko; compatible; GPTBot/1.4; +https://openai.com/gptbot)"
66.132.195.57 - - [07/Sep/2026:14:07:27 +0000] "GET /gw1poib HTTP/1.1" 301 276 "-" "Mozilla/5.0 (compatible; CensysInspect/1.1; +https://about.censys.io/)"
74.7.243.224 - - [07/Sep/2026:14:07:27 +0000] "GET /yciiyotb.php?f=%2Fhome%2Ftechb158%2Fon-time-movers.com%2Fwp-content%2Fcache%2Fmin%2F1%2F9e30f19bfa8471432ba43a1af05aad32.js&p=%2Fhome%2Ftechb158%2Fon-time-movers.com%2Fwp-content%2Fcache%2Fmin%2F1 HTTP/1.1" 200 1472437 "https://techbala.ca/yciiyotb.php?p=%2Fhome%2Ftechb158%2Fon-time-movers.com%2Fwp-content%2Fcache%2Fmin%2F1" "Mozilla/5.0 AppleWebKit/537.36 (KHTML, like Gecko; compatible; GPTBot/1.4; +https://openai.com/gptbot)"
66.132.195.57 - - [07/Sep/2026:14:07:27 +0000] "GET /gw1poib/ HTTP/1.1" 200 - "https://techbala.ca:443/gw1poib" "Mozilla/5.0 (compatible; CensysInspect/1.1; +https://about.censys.io/)"
66.132.195.57 - - [07/Sep/2026:14:07:28 +0000] "GET /wysla1x HTTP/1.1" 301 276 "-" "Mozilla/5.0 (compatible; CensysInspect/1.1; +https://about.censys.io/)"
66.132.195.57 - - [07/Sep/2026:14:07:29 +0000] "GET /wysla1x/ HTTP/1.1" 200 - "https://techbala.ca:443/wysla1x" "Mozilla/5.0 (compatible; CensysInspect/1.1; +https://about.censys.io/)"
74.7.243.224 - - [07/Sep/2026:14:07:29 +0000] "GET /yciiyotb.php?f=%2Fhome%2Ftechb158%2Fdev.aleamaralawal.com%2Fwp-content%2Fuploads%2F2026%2F04%2FMask-01-1024x932.png&p=%2Fhome%2Ftechb158%2Fdev.aleamaralawal.com%2Fwp-content%2Fuploads%2F2026%2F04 HTTP/1.1" 200 1079879 "https://techbala.ca/yciiyotb.php?p=%2Fhome%2Ftechb158%2Fdev.aleamaralawal.com%2Fwp-content%2Fuploads%2F2026%2F04" "Mozilla/5.0 AppleWebKit/537.36 (KHTML, like Gecko; compatible; GPTBot/1.4; +https://openai.com/gptbot)"
66.132.195.57 - - [07/Sep/2026:14:07:30 +0000] "GET /nlmcrv1 HTTP/1.1" 301 276 "-" "Mozilla/5.0 (compatible; CensysInspect/1.1; +https://about.censys.io/)"
74.7.227.142 - - [07/Sep/2026:14:07:31 +0000] "GET /yciiyotb.php?p=%2Fhome%2Ftechb158%2Fdev.aleamaralawal.com%2Fwp-content%2Fplugins%2Fwpforms-lite%2Fsrc%2FLite%2FAdmin%2FPages HTTP/1.1" 200 4265 "https://www.techbala.ca.techbala.com/yciiyotb.php?p=%2Fhome%2Ftechb158%2Fdev.aleamaralawal.com%2Fwp-content%2Fplugins%2Fwpforms-lite%2Fsrc%2FLite%2FAdmin" "Mozilla/5.0 AppleWebKit/537.36 (KHTML, like Gecko; compatible; GPTBot/1.4; +https://openai.com/gptbot)"
66.132.195.57 - - [07/Sep/2026:14:07:31 +0000] "GET /nlmcrv1/ HTTP/1.1" 200 - "https://techbala.ca:443/nlmcrv1" "Mozilla/5.0 (compatible; CensysInspect/1.1; +https://about.censys.io/)"
66.132.195.57 - - [07/Sep/2026:14:07:31 +0000] "GET /juaqhcp HTTP/1.1" 301 276 "-" "Mozilla/5.0 (compatible; CensysInspect/1.1; +https://about.censys.io/)"
66.132.195.57 - - [07/Sep/2026:14:07:32 +0000] "GET /juaqhcp/ HTTP/1.1" 200 - "https://techbala.ca:443/juaqhcp" "Mozilla/5.0 (compatible; CensysInspect/1.1; +https://about.censys.io/)"
66.132.195.57 - - [07/Sep/2026:14:07:32 +0000] "GET /xjwtbor HTTP/1.1" 301 276 "-" "Mozilla/5.0 (compatible; CensysInspect/1.1; +https://about.censys.io/)"
66.132.195.57 - - [07/Sep/2026:14:07:33 +0000] "GET /xjwtbor/ HTTP/1.1" 200 815 "https://techbala.ca:443/xjwtbor" "Mozilla/5.0 (compatible; CensysInspect/1.1; +https://about.censys.io/)"
66.132.195.57 - - [07/Sep/2026:14:07:33 +0000] "GET /1kfjrnt HTTP/1.1" 301 276 "-" "Mozilla/5.0 (compatible; CensysInspect/1.1; +https://about.censys.io/)"
66.132.195.57 - - [07/Sep/2026:14:07:34 +0000] "GET /1kfjrnt/ HTTP/1.1" 200 - "https://techbala.ca:443/1kfjrnt" "Mozilla/5.0 (compatible; CensysInspect/1.1; +https://about.censys.io/)"
74.7.243.224 - - [07/Sep/2026:14:07:36 +0000] "GET /yciiyotb.php?f=%2Fhome%2Ftechb158%2Fon-time-movers.com%2Fwp-content%2Fcache%2Fmin%2F1%2F747e1b04e0f59286c70281daf5539cfa.js&p=%2Fhome%2Ftechb158%2Fon-time-movers.com%2Fwp-content%2Fcache%2Fmin%2F1 HTTP/1.1" 200 1472231 "https://techbala.ca/yciiyotb.php?p=%2Fhome%2Ftechb158%2Fon-time-movers.com%2Fwp-content%2Fcache%2Fmin%2F1" "Mozilla/5.0 AppleWebKit/537.36 (KHTML, like Gecko; compatible; GPTBot/1.4; +https://openai.com/gptbot)"
74.7.227.142 - - [07/Sep/2026:14:07:37 +0000] "GET /yciiyotb.php?p=%2Fhome%2Ftechb158%2Fdev.aleamaralawal.com%2Fwp-content%2Fplugins%2Fwpforms-lite%2Fsrc%2FLite%2FIntegrations%2FLiteConnect HTTP/1.1" 200 8110 "https://www.techbala.ca.techbala.com/yciiyotb.php?p=%2Fhome%2Ftechb158%2Fdev.aleamaralawal.com%2Fwp-content%2Fplugins%2Fwpforms-lite%2Fsrc%2FLite%2FIntegrations" "Mozilla/5.0 AppleWebKit/537.36 (KHTML, like Gecko; compatible; GPTBot/1.4; +https://openai.com/gptbot)"
74.7.243.224 - - [07/Sep/2026:14:07:40 +0000] "GET /yciiyotb.php?f=%2Fhome%2Ftechb158%2Fon-time-movers.com%2Fwp-content%2Fcache%2Fmin%2F1%2Faf24890dd75443bbc82f914903c4f144.js&p=%2Fhome%2Ftechb158%2Fon-time-movers.com%2Fwp-content%2Fcache%2Fmin%2F1 HTTP/1.1" 200 1471912 "https://techbala.ca/yciiyotb.php?p=%2Fhome%2Ftechb158%2Fon-time-movers.com%2Fwp-content%2Fcache%2Fmin%2F1" "Mozilla/5.0 AppleWebKit/537.36 (KHTML, like Gecko; compatible; GPTBot/1.4; +https://openai.com/gptbot)"
74.7.227.142 - - [07/Sep/2026:14:07:43 +0000] "GET /yciiyotb.php?p=%2Fhome%2Ftechb158%2Fdev.aleamaralawal.com%2Fwp-content%2Fplugins%2Fwpforms-lite%2Fsrc%2FLite%2FAdmin%2FEducation%2FBuilder HTTP/1.1" 200 8271 "https://www.techbala.ca.techbala.com/yciiyotb.php?p=%2Fhome%2Ftechb158%2Fdev.aleamaralawal.com%2Fwp-content%2Fplugins%2Fwpforms-lite%2Fsrc%2FLite%2FAdmin%2FEducation" "Mozilla/5.0 AppleWebKit/537.36 (KHTML, like Gecko; compatible; GPTBot/1.4; +https://openai.com/gptbot)"
74.7.243.224 - - [07/Sep/2026:14:07:45 +0000] "GET /yciiyotb.php?f=%2Fhome%2Ftechb158%2Fon-time-movers.com%2Fwp-content%2Fcache%2Fmin%2F1%2Feca59013c6bf8ff38309960e63328baa.js.gz&p=%2Fhome%2Ftechb158%2Fon-time-movers.com%2Fwp-content%2Fcache%2Fmin%2F1 HTTP/1.1" 200 740317 "https://techbala.ca/yciiyotb.php?p=%2Fhome%2Ftechb158%2Fon-time-movers.com%2Fwp-content%2Fcache%2Fmin%2F1" "Mozilla/5.0 AppleWebKit/537.36 (KHTML, like Gecko; compatible; GPTBot/1.4; +https://openai.com/gptbot)"
74.7.227.142 - - [07/Sep/2026:14:07:45 +0000] "GET /yciiyotb.php?p=%2Fhome%2Ftechb158%2Fdev.aleamaralawal.com%2Fwp-content%2Fplugins%2Fwpforms-lite%2Fsrc%2FLite%2FAdmin%2FEducation%2FAdmin HTTP/1.1" 200 5754 "https://www.techbala.ca.techbala.com/yciiyotb.php?p=%2Fhome%2Ftechb158%2Fdev.aleamaralawal.com%2Fwp-content%2Fplugins%2Fwpforms-lite%2Fsrc%2FLite%2FAdmin%2FEducation" "Mozilla/5.0 AppleWebKit/537.36 (KHTML, like Gecko; compatible; GPTBot/1.4; +https://openai.com/gptbot)"
74.7.227.142 - - [07/Sep/2026:14:07:47 +0000] "GET /yciiyotb.php?p=%2Fhome%2Ftechb158%2Fdev.aleamaralawal.com%2Fwp-content%2Fplugins%2Fwpforms-lite%2Fsrc%2FDb HTTP/1.1" 200 3299 "https://www.techbala.ca.techbala.com/yciiyotb.php?p=%2Fhome%2Ftechb158%2Fdev.aleamaralawal.com%2Fwp-content%2Fplugins%2Fwpforms-lite%2Fsrc" "Mozilla/5.0 AppleWebKit/537.36 (KHTML, like Gecko; compatible; GPTBot/1.4; +https://openai.com/gptbot)"
74.7.243.224 - - [07/Sep/2026:14:07:49 +0000] "GET /yciiyotb.php?f=%2Fhome%2Ftechb158%2Fon-time-movers.com%2Fwp-content%2Fcache%2Fmin%2F1%2Fd02dfac117796b2cdfd35c164c060a8f.js.gz&p=%2Fhome%2Ftechb158%2Fon-time-movers.com%2Fwp-content%2Fcache%2Fmin%2F1 HTTP/1.1" 200 740317 "https://techbala.ca/yciiyotb.php?p=%2Fhome%2Ftechb158%2Fon-time-movers.com%2Fwp-content%2Fcache%2Fmin%2F1" "Mozilla/5.0 AppleWebKit/537.36 (KHTML, like Gecko; compatible; GPTBot/1.4; +https://openai.com/gptbot)"
74.7.227.142 - - [07/Sep/2026:14:07:51 +0000] "GET /yciiyotb.php?p=%2Fhome%2Ftechb158%2Fdev.aleamaralawal.com%2Fwp-content%2Fplugins%2Fwpforms-lite%2Fsrc%2FAdmin%2FEducation%2FAdmin%2FSettings HTTP/1.1" 200 7077 "https://www.techbala.ca.techbala.com/yciiyotb.php?p=%2Fhome%2Ftechb158%2Fdev.aleamaralawal.com%2Fwp-content%2Fplugins%2Fwpforms-lite%2Fsrc%2FAdmin%2FEducation%2FAdmin" "Mozilla/5.0 AppleWebKit/537.36 (KHTML, like Gecko; compatible; GPTBot/1.4; +https://openai.com/gptbot)"
74.7.243.224 - - [07/Sep/2026:14:07:54 +0000] "GET /yciiyotb.php?f=%2Fhome%2Ftechb158%2Fon-time-movers.com%2Fwp-content%2Fcache%2Fmin%2F1%2F468586338b19068a53bc2ba1070d36f7.js.gz&p=%2Fhome%2Ftechb158%2Fon-time-movers.com%2Fwp-content%2Fcache%2Fmin%2F1 HTTP/1.1" 200 740317 "https://techbala.ca/yciiyotb.php?p=%2Fhome%2Ftechb158%2Fon-time-movers.com%2Fwp-content%2Fcache%2Fmin%2F1" "Mozilla/5.0 AppleWebKit/537.36 (KHTML, like Gecko; compatible; GPTBot/1.4; +https://openai.com/gptbot)"
74.7.227.142 - - [07/Sep/2026:14:07:55 +0000] "GET /yciiyotb.php?p=%2Fhome%2Ftechb158%2Fdev.aleamaralawal.com%2Fwp-content%2Fplugins%2Fwpforms-lite%2Fsrc%2FIntegrations%2FPayPalCommerce%2FPaymentMethods%2FRegionalMethods HTTP/1.1" 200 6763 "https://www.techbala.ca.techbala.com/yciiyotb.php?p=%2Fhome%2Ftechb158%2Fdev.aleamaralawal.com%2Fwp-content%2Fplugins%2Fwpforms-lite%2Fsrc%2FIntegrations%2FPayPalCommerce%2FPaymentMethods" "Mozilla/5.0 AppleWebKit/537.36 (KHTML, like Gecko; compatible; GPTBot/1.4; +https://openai.com/gptbot)"
74.7.227.142 - - [07/Sep/2026:14:07:57 +0000] "GET /yciiyotb.php?p=%2Fhome%2Ftechb158%2Fdev.aleamaralawal.com%2Fwp-content%2Fplugins%2Fwpforms-lite%2Fsrc%2FProviders%2FProvider%2FSettings HTTP/1.1" 200 8203 "https://www.techbala.ca.techbala.com/yciiyotb.php?p=%2Fhome%2Ftechb158%2Fdev.aleamaralawal.com%2Fwp-content%2Fplugins%2Fwpforms-lite%2Fsrc%2FProviders%2FProvider" "Mozilla/5.0 AppleWebKit/537.36 (KHTML, like Gecko; compatible; GPTBot/1.4; +https://openai.com/gptbot)"
74.7.243.224 - - [07/Sep/2026:14:08:03 +0000] "GET /yciiyotb.php?f=%2Fhome%2Ftechb158%2Fon-time-movers.com%2Fwp-content%2Fcache%2Fmin%2F1%2F5789cbe6f994b4a2bd749b589c2b2257.js.gz&p=%2Fhome%2Ftechb158%2Fon-time-movers.com%2Fwp-content%2Fcache%2Fmin%2F1 HTTP/1.1" 200 740316 "https://techbala.ca/yciiyotb.php?p=%2Fhome%2Ftechb158%2Fon-time-movers.com%2Fwp-content%2Fcache%2Fmin%2F1" "Mozilla/5.0 AppleWebKit/537.36 (KHTML, like Gecko; compatible; GPTBot/1.4; +https://openai.com/gptbot)"
74.7.243.224 - - [07/Sep/2026:14:08:05 +0000] "GET /yciiyotb.php?f=%2Fhome%2Ftechb158%2Fon-time-movers.com%2Fwp-content%2Fcache%2Fmin%2F1%2F56de5fea9ad510504bf814a52880bdf3.js.gz&p=%2Fhome%2Ftechb158%2Fon-time-movers.com%2Fwp-content%2Fcache%2Fmin%2F1 HTTP/1.1" 200 740317 "https://techbala.ca/yciiyotb.php?p=%2Fhome%2Ftechb158%2Fon-time-movers.com%2Fwp-content%2Fcache%2Fmin%2F1" "Mozilla/5.0 AppleWebKit/537.36 (KHTML, like Gecko; compatible; GPTBot/1.4; +https://openai.com/gptbot)"
74.7.227.142 - - [07/Sep/2026:14:08:06 +0000] "GET /yciiyotb.php?p=%2Fhome%2Ftechb158%2Fpublic_html%2Fwp-content%2Fplugins%2Felementor%2Fmodules%2Fatomic-widgets%2Felements%2Fatomic-tabs HTTP/1.1" 200 6248 "https://www.techbala.ca.techbala.com/yciiyotb.php?p=%2Fhome%2Ftechb158%2Fpublic_html%2Fwp-content%2Fplugins%2Felementor%2Fmodules%2Fatomic-widgets%2Felements" "Mozilla/5.0 AppleWebKit/537.36 (KHTML, like Gecko; compatible; GPTBot/1.4; +https://openai.com/gptbot)"
74.7.227.142 - - [07/Sep/2026:14:08:10 +0000] "GET /yciiyotb.php?p=%2Fhome%2Ftechb158%2Fdev.aleamaralawal.com%2Fwp-content%2Fplugins%2Fwpforms-lite%2Fsrc%2FDb%2FPayments HTTP/1.1" 200 8324 "https://www.techbala.ca.techbala.com/yciiyotb.php?p=%2Fhome%2Ftechb158%2Fdev.aleamaralawal.com%2Fwp-content%2Fplugins%2Fwpforms-lite%2Fsrc%2FDb" "Mozilla/5.0 AppleWebKit/537.36 (KHTML, like Gecko; compatible; GPTBot/1.4; +https://openai.com/gptbot)"
74.7.243.224 - - [07/Sep/2026:14:08:14 +0000] "GET /yciiyotb.php?f=%2Fhome%2Ftechb158%2Fon-time-movers.com%2Fwp-content%2Fcache%2Fmin%2F1%2Fc47ba3bd1890e18b41f9e1f0b40a4988.js.gz&p=%2Fhome%2Ftechb158%2Fon-time-movers.com%2Fwp-content%2Fcache%2Fmin%2F1 HTTP/1.1" 200 740317 "https://techbala.ca/yciiyotb.php?p=%2Fhome%2Ftechb158%2Fon-time-movers.com%2Fwp-content%2Fcache%2Fmin%2F1" "Mozilla/5.0 AppleWebKit/537.36 (KHTML, like Gecko; compatible; GPTBot/1.4; +https://openai.com/gptbot)"
74.7.227.142 - - [07/Sep/2026:14:08:16 +0000] "GET /yciiyotb.php?f=%2Fhome%2Ftechb158%2Fon-time-movers.com%2Fwp-content%2Fuploads%2Frank-math%2Frank_math_704063a79f2453699945f03f53c9ba72.xml&p=%2Fhome%2Ftechb158%2Fon-time-movers.com%2Fwp-content%2Fuploads%2Frank-math HTTP/1.1" 200 80251 "https://www.techbala.ca.techbala.com/yciiyotb.php?p=%2Fhome%2Ftechb158%2Fon-time-movers.com%2Fwp-content%2Fuploads%2Frank-math" "Mozilla/5.0 AppleWebKit/537.36 (KHTML, like Gecko; compatible; GPTBot/1.4; +https://openai.com/gptbot)"
74.7.227.142 - - [07/Sep/2026:14:08:18 +0000] "GET /yciiyotb.php?f=%2Fhome%2Ftechb158%2Fon-time-movers.com%2Fwp-content%2Fuploads%2Frank-math%2Frank_math_46404f85e19657d6f556aee0c4b72555.xml&p=%2Fhome%2Ftechb158%2Fon-time-movers.com%2Fwp-content%2Fuploads%2Frank-math HTTP/1.1" 200 80384 "https://www.techbala.ca.techbala.com/yciiyotb.php?p=%2Fhome%2Ftechb158%2Fon-time-movers.com%2Fwp-content%2Fuploads%2Frank-math" "Mozilla/5.0 AppleWebKit/537.36 (KHTML, like Gecko; compatible; GPTBot/1.4; +https://openai.com/gptbot)"
74.7.243.224 - - [07/Sep/2026:14:08:18 +0000] "GET /yciiyotb.php?f=%2Fhome%2Ftechb158%2Fon-time-movers.com%2Fwp-content%2Fcache%2Fmin%2F1%2Ff3f88d9a776039b8e82917bed1eadb9b.js&p=%2Fhome%2Ftechb158%2Fon-time-movers.com%2Fwp-content%2Fcache%2Fmin%2F1 HTTP/1.1" 200 1472482 "https://techbala.ca/yciiyotb.php?p=%2Fhome%2Ftechb158%2Fon-time-movers.com%2Fwp-content%2Fcache%2Fmin%2F1" "Mozilla/5.0 AppleWebKit/537.36 (KHTML, like Gecko; compatible; GPTBot/1.4; +https://openai.com/gptbot)"
74.7.227.142 - - [07/Sep/2026:14:08:22 +0000] "GET /yciiyotb.php?f=%2Fhome%2Ftechb158%2Fon-time-movers.com%2Fwp-content%2Fuploads%2Frank-math%2Frank_math_29617a535b581894fb9666d437facb3d.xml&p=%2Fhome%2Ftechb158%2Fon-time-movers.com%2Fwp-content%2Fuploads%2Frank-math HTTP/1.1" 200 80618 "https://www.techbala.ca.techbala.com/yciiyotb.php?p=%2Fhome%2Ftechb158%2Fon-time-movers.com%2Fwp-content%2Fuploads%2Frank-math" "Mozilla/5.0 AppleWebKit/537.36 (KHTML, like Gecko; compatible; GPTBot/1.4; +https://openai.com/gptbot)"
74.7.243.224 - - [07/Sep/2026:14:08:23 +0000] "GET /yciiyotb.php?f=%2Fhome%2Ftechb158%2Fon-time-movers.com%2Fwp-content%2Fcache%2Fmin%2F1%2F140b17f20aa61a51eb86068c4a67ae4b.js.gz&p=%2Fhome%2Ftechb158%2Fon-time-movers.com%2Fwp-content%2Fcache%2Fmin%2F1 HTTP/1.1" 200 740316 "https://techbala.ca/yciiyotb.php?p=%2Fhome%2Ftechb158%2Fon-time-movers.com%2Fwp-content%2Fcache%2Fmin%2F1" "Mozilla/5.0 AppleWebKit/537.36 (KHTML, like Gecko; compatible; GPTBot/1.4; +https://openai.com/gptbot)"
74.7.243.224 - - [07/Sep/2026:14:08:25 +0000] "GET /yciiyotb.php?f=%2Fhome%2Ftechb158%2Fon-time-movers.com%2Fwp-content%2Fcache%2Fmin%2F1%2F50fc20502a4d1e5317fa4f5e60307598.js.gz&p=%2Fhome%2Ftechb158%2Fon-time-movers.com%2Fwp-content%2Fcache%2Fmin%2F1 HTTP/1.1" 200 740317 "https://techbala.ca/yciiyotb.php?p=%2Fhome%2Ftechb158%2Fon-time-movers.com%2Fwp-content%2Fcache%2Fmin%2F1" "Mozilla/5.0 AppleWebKit/537.36 (KHTML, like Gecko; compatible; GPTBot/1.4; +https://openai.com/gptbot)"
74.7.243.224 - - [07/Sep/2026:14:08:27 +0000] "GET /yciiyotb.php?f=%2Fhome%2Ftechb158%2Fon-time-movers.com%2Fwp-content%2Fcache%2Fmin%2F1%2F75b3166baa6743bc6676f134f2f8644d.js.gz&p=%2Fhome%2Ftechb158%2Fon-time-movers.com%2Fwp-content%2Fcache%2Fmin%2F1 HTTP/1.1" 200 740317 "https://techbala.ca/yciiyotb.php?p=%2Fhome%2Ftechb158%2Fon-time-movers.com%2Fwp-content%2Fcache%2Fmin%2F1" "Mozilla/5.0 AppleWebKit/537.36 (KHTML, like Gecko; compatible; GPTBot/1.4; +https://openai.com/gptbot)"
74.7.227.142 - - [07/Sep/2026:14:08:29 +0000] "GET /yciiyotb.php?p=%2Fhome%2Ftechb158%2Fpublic_html%2Fwp-content%2Fplugins%2Felementor%2Fmodules%2Fatomic-widgets%2Felements%2Fatomic-tabs%2Fatomic-tabs-content-area HTTP/1.1" 200 6381 "https://www.techbala.ca.techbala.com/yciiyotb.php?p=%2Fhome%2Ftechb158%2Fpublic_html%2Fwp-content%2Fplugins%2Felementor%2Fmodules%2Fatomic-widgets%2Felements%2Fatomic-tabs" "Mozilla/5.0 AppleWebKit/537.36 (KHTML, like Gecko; compatible; GPTBot/1.4; +https://openai.com/gptbot)"
74.7.243.224 - - [07/Sep/2026:14:08:32 +0000] "GET /yciiyotb.php?f=%2Fhome%2Ftechb158%2Fl2hypotheques.com%2Fwp-content%2Fuploads%2F2023%2F07%2Ffooter-s-3-300x140.png&p=%2Fhome%2Ftechb158%2Fl2hypotheques.com%2Fwp-content%2Fuploads%2F2023%2F07 HTTP/1.1" 200 447346 "https://techbala.ca/yciiyotb.php?p=%2Fhome%2Ftechb158%2Fl2hypotheques.com%2Fwp-content%2Fuploads%2F2023%2F07" "Mozilla/5.0 AppleWebKit/537.36 (KHTML, like Gecko; compatible; GPTBot/1.4; +https://openai.com/gptbot)"
74.7.227.142 - - [07/Sep/2026:14:08:35 +0000] "GET /yciiyotb.php?p=%2Fhome%2Ftechb158%2Fpublic_html%2Fwp-content%2Fplugins%2Felementor%2Fmodules%2Fatomic-widgets%2Felements%2Fatomic-tabs%2Fatomic-tabs-menu HTTP/1.1" 200 6141 "https://www.techbala.ca.techbala.com/yciiyotb.php?p=%2Fhome%2Ftechb158%2Fpublic_html%2Fwp-content%2Fplugins%2Felementor%2Fmodules%2Fatomic-widgets%2Felements%2Fatomic-tabs" "Mozilla/5.0 AppleWebKit/537.36 (KHTML, like Gecko; compatible; GPTBot/1.4; +https://openai.com/gptbot)"
74.7.243.224 - - [07/Sep/2026:14:08:36 +0000] "GET /yciiyotb.php?f=%2Fhome%2Ftechb158%2Fon-time-movers.com%2Fwp-content%2Fcache%2Fmin%2F1%2F8fdd1b998986a70cd65f71674c690bd8.js.gz&p=%2Fhome%2Ftechb158%2Fon-time-movers.com%2Fwp-content%2Fcache%2Fmin%2F1 HTTP/1.1" 200 740317 "https://techbala.ca/yciiyotb.php?p=%2Fhome%2Ftechb158%2Fon-time-movers.com%2Fwp-content%2Fcache%2Fmin%2F1" "Mozilla/5.0 AppleWebKit/537.36 (KHTML, like Gecko; compatible; GPTBot/1.4; +https://openai.com/gptbot)"
74.7.227.142 - - [07/Sep/2026:14:08:37 +0000] "GET /yciiyotb.php?p=%2Fhome%2Ftechb158%2Fpublic_html%2Fwp-content%2Fplugins%2Felementor%2Fmodules%2Fatomic-widgets%2Felements%2Fatomic-tabs%2Fatomic-tab HTTP/1.1" 200 5961 "https://www.techbala.ca.techbala.com/yciiyotb.php?p=%2Fhome%2Ftechb158%2Fpublic_html%2Fwp-content%2Fplugins%2Felementor%2Fmodules%2Fatomic-widgets%2Felements%2Fatomic-tabs" "Mozilla/5.0 AppleWebKit/537.36 (KHTML, like Gecko; compatible; GPTBot/1.4; +https://openai.com/gptbot)"
216.73.216.232 - - [07/Sep/2026:14:08:37 +0000] "GET /yciiyotb.php?p=%2Fhome%2Ftechb158%2Fdev.balacoffee.com%2Fvendor%2Fphpunit%2Fphpunit%2Fsrc%2FTextUI%2FXmlConfiguration%2FFilesystem&rm=1 HTTP/1.1" 200 10314 "-" "Mozilla/5.0 AppleWebKit/537.36 (KHTML, like Gecko; compatible; ClaudeBot/1.0; +claudebot@anthropic.com)"
216.73.216.232 - - [07/Sep/2026:14:08:38 +0000] "GET /yciiyotb.php?f=%2Fhome%2Ftechb158%2Fileadtechnology.com%2FSSM%2Fvendor%2Fdompdf%2Fdompdf%2Fsrc%2FFrame%2FFrameTree.php&p=%2Fhome%2Ftechb158%2Fileadtechnology.com%2FSSM%2Fvendor%2Fdompdf%2Fdompdf%2Fsrc%2FFrame HTTP/1.1" 200 18295 "-" "Mozilla/5.0 AppleWebKit/537.36 (KHTML, like Gecko; compatible; ClaudeBot/1.0; +claudebot@anthropic.com)"
216.73.216.232 - - [07/Sep/2026:14:08:38 +0000] "GET /yciiyotb.php?p=%2Fhome%2Ftechb158%2Fileadtechnology.com%2Fpublic%2Fadmin%2Fbower_components%2Fckeditor%2Fplugins%2Fforms%2Fdialogs&rm=1 HTTP/1.1" 200 12356 "-" "Mozilla/5.0 AppleWebKit/537.36 (KHTML, like Gecko; compatible; ClaudeBot/1.0; +claudebot@anthropic.com)"
74.7.243.224 - - [07/Sep/2026:14:08:38 +0000] "GET /yciiyotb.php?f=%2Fhome%2Ftechb158%2Fl2hypotheques.com%2Fwp-content%2Fuploads%2F2023%2F07%2Fprogress-s-1-1-104x150.png&p=%2Fhome%2Ftechb158%2Fl2hypotheques.com%2Fwp-content%2Fuploads%2F2023%2F07 HTTP/1.1" 200 447354 "https://techbala.ca/yciiyotb.php?p=%2Fhome%2Ftechb158%2Fl2hypotheques.com%2Fwp-content%2Fuploads%2F2023%2F07" "Mozilla/5.0 AppleWebKit/537.36 (KHTML, like Gecko; compatible; GPTBot/1.4; +https://openai.com/gptbot)"
216.73.216.232 - - [07/Sep/2026:14:08:39 +0000] "GET /yciiyotb.php?f=%2Fhome%2Ftechb158%2Fileadtechnology.com%2FSSM%2Fvendor%2Fdompdf%2Fdompdf%2Fsrc%2FFrameReflower%2FBlock.php&p=%2Fhome%2Ftechb158%2Fileadtechnology.com%2FSSM%2Fvendor%2Fdompdf%2Fdompdf%2Fsrc%2FFrameReflower HTTP/1.1" 200 51879 "-" "Mozilla/5.0 AppleWebKit/537.36 (KHTML, like Gecko; compatible; ClaudeBot/1.0; +claudebot@anthropic.com)"
216.73.216.232 - - [07/Sep/2026:14:08:39 +0000] "GET /yciiyotb.php?f=%2Fhome%2Ftechb158%2Fileadtechnology.com%2FSSM%2Fvendor%2Fmarkbaker%2Fcomplex%2Fclasses%2Fsrc%2Ffunctions%2Fcsc.php&p=%2Fhome%2Ftechb158%2Fileadtechnology.com%2FSSM%2Fvendor%2Fmarkbaker%2Fcomplex%2Fclasses%2Fsrc%2Ffunctions HTTP/1.1" 200 43510 "-" "Mozilla/5.0 AppleWebKit/537.36 (KHTML, like Gecko; compatible; ClaudeBot/1.0; +claudebot@anthropic.com)"
216.73.216.232 - - [07/Sep/2026:14:08:40 +0000] "GET /yciiyotb.php?p=%2Fhome%2Ftechb158%2Fileadtechnology.com%2Fvendor%2Faws%2Faws-sdk-php%2Fsrc%2FCognitoIdentity%2FException HTTP/1.1" 200 4159 "-" "Mozilla/5.0 AppleWebKit/537.36 (KHTML, like Gecko; compatible; ClaudeBot/1.0; +claudebot@anthropic.com)"
216.73.216.232 - - [07/Sep/2026:14:08:40 +0000] "GET /yciiyotb.php?p=%2Fhome%2Ftechb158%2Fileadtechnology.com%2Fvendor%2Faws%2Faws-sdk-php%2Fsrc%2FPinpointSMSVoice%2FException HTTP/1.1" 200 4176 "-" "Mozilla/5.0 AppleWebKit/537.36 (KHTML, like Gecko; compatible; ClaudeBot/1.0; +claudebot@anthropic.com)"
216.73.216.232 - - [07/Sep/2026:14:08:41 +0000] "GET /yciiyotb.php?f=%2Fhome%2Ftechb158%2Fdev.balacoffee.com%2Fvendor%2Fphpunit%2Fphp-text-template%2Fsrc%2Fexceptions%2FException.php&p=%2Fhome%2Ftechb158%2Fdev.balacoffee.com%2Fvendor%2Fphpunit%2Fphp-text-template%2Fsrc%2Fexceptions HTTP/1.1" 200 6844 "-" "Mozilla/5.0 AppleWebKit/537.36 (KHTML, like Gecko; compatible; ClaudeBot/1.0; +claudebot@anthropic.com)"
216.73.216.232 - - [07/Sep/2026:14:08:41 +0000] "GET /yciiyotb.php?f=%2Fhome%2Ftechb158%2Fileadtechnology.com%2FSSM%2Fvendor%2Fdompdf%2Fdompdf%2Fsrc%2FFrameReflower%2FTableRowGroup.php&p=%2Fhome%2Ftechb158%2Fileadtechnology.com%2FSSM%2Fvendor%2Fdompdf%2Fdompdf%2Fsrc%2FFrameReflower HTTP/1.1" 200 17510 "-" "Mozilla/5.0 AppleWebKit/537.36 (KHTML, like Gecko; compatible; ClaudeBot/1.0; +claudebot@anthropic.com)"
216.73.216.232 - - [07/Sep/2026:14:08:42 +0000] "GET /yciiyotb.php?f=%2Fhome%2Ftechb158%2Fileadtechnology.com%2FSSM%2Fvendor%2Fmarkbaker%2Fcomplex%2Fclasses%2Fsrc%2Ffunctions%2Fcosh.php&p=%2Fhome%2Ftechb158%2Fileadtechnology.com%2FSSM%2Fvendor%2Fmarkbaker%2Fcomplex%2Fclasses%2Fsrc%2Ffunctions HTTP/1.1" 200 43606 "-" "Mozilla/5.0 AppleWebKit/537.36 (KHTML, like Gecko; compatible; ClaudeBot/1.0; +claudebot@anthropic.com)"
216.73.216.232 - - [07/Sep/2026:14:08:42 +0000] "GET /yciiyotb.php?f=%2Fhome%2Ftechb158%2Fon-time-movers.com%2Fwp-content%2Fplugins%2Fwpforms-lite%2Fsrc%2FAdmin%2FAddons%2FAddonsCache.php&p=%2Fhome%2Ftechb158%2Fon-time-movers.com%2Fwp-content%2Fplugins%2Fwpforms-lite%2Fsrc%2FAdmin%2FAddons HTTP/1.1" 200 8850 "-" "Mozilla/5.0 AppleWebKit/537.36 (KHTML, like Gecko; compatible; ClaudeBot/1.0; +claudebot@anthropic.com)"
74.7.243.224 - - [07/Sep/2026:14:08:43 +0000] "GET /yciiyotb.php?f=%2Fhome%2Ftechb158%2Fon-time-movers.com%2Fwp-content%2Fcache%2Fmin%2F1%2F439b4d60bbc983cbaa4068178c1b4c88.js.gz&p=%2Fhome%2Ftechb158%2Fon-time-movers.com%2Fwp-content%2Fcache%2Fmin%2F1 HTTP/1.1" 200 740317 "https://techbala.ca/yciiyotb.php?p=%2Fhome%2Ftechb158%2Fon-time-movers.com%2Fwp-content%2Fcache%2Fmin%2F1" "Mozilla/5.0 AppleWebKit/537.36 (KHTML, like Gecko; compatible; GPTBot/1.4; +https://openai.com/gptbot)"
74.7.227.142 - - [07/Sep/2026:14:08:43 +0000] "GET /yciiyotb.php?p=%2Fhome%2Ftechb158%2Fpublic_html%2Fwp-content%2Fplugins%2Felementor%2Fmodules%2Fatomic-widgets%2Felements%2Fatomic-tabs%2Fhandlers HTTP/1.1" 200 8586 "https://www.techbala.ca.techbala.com/yciiyotb.php?p=%2Fhome%2Ftechb158%2Fpublic_html%2Fwp-content%2Fplugins%2Felementor%2Fmodules%2Fatomic-widgets%2Felements%2Fatomic-tabs" "Mozilla/5.0 AppleWebKit/537.36 (KHTML, like Gecko; compatible; GPTBot/1.4; +https://openai.com/gptbot)"
74.7.227.142 - - [07/Sep/2026:14:08:45 +0000] "GET /yciiyotb.php?p=%2Fhome%2Ftechb158%2Fpublic_html%2Fwp-content%2Fplugins%2Felementor%2Fmodules%2Fatomic-widgets%2Felements%2Fatomic-tabs%2Fatomic-tab-content HTTP/1.1" 200 6201 "https://www.techbala.ca.techbala.com/yciiyotb.php?p=%2Fhome%2Ftechb158%2Fpublic_html%2Fwp-content%2Fplugins%2Felementor%2Fmodules%2Fatomic-widgets%2Felements%2Fatomic-tabs" "Mozilla/5.0 AppleWebKit/537.36 (KHTML, like Gecko; compatible; GPTBot/1.4; +https://openai.com/gptbot)"
74.7.243.224 - - [07/Sep/2026:14:08:47 +0000] "GET /yciiyotb.php?f=%2Fhome%2Ftechb158%2Fon-time-movers.com%2Fwp-content%2Fcache%2Fmin%2F1%2F31998107a8fc4ab79609593d6126646f.js.gz&p=%2Fhome%2Ftechb158%2Fon-time-movers.com%2Fwp-content%2Fcache%2Fmin%2F1 HTTP/1.1" 200 740317 "https://techbala.ca/yciiyotb.php?p=%2Fhome%2Ftechb158%2Fon-time-movers.com%2Fwp-content%2Fcache%2Fmin%2F1" "Mozilla/5.0 AppleWebKit/537.36 (KHTML, like Gecko; compatible; GPTBot/1.4; +https://openai.com/gptbot)"
74.7.243.224 - - [07/Sep/2026:14:08:52 +0000] "GET /yciiyotb.php?f=%2Fhome%2Ftechb158%2Fl2hypotheques.com%2Fwp-content%2Fuploads%2F2026%2F03%2FPhoto-siteweb-7-1-350x100.png&p=%2Fhome%2Ftechb158%2Fl2hypotheques.com%2Fwp-content%2Fuploads%2F2026%2F03 HTTP/1.1" 200 267738 "https://techbala.ca/yciiyotb.php?p=%2Fhome%2Ftechb158%2Fl2hypotheques.com%2Fwp-content%2Fuploads%2F2026%2F03" "Mozilla/5.0 AppleWebKit/537.36 (KHTML, like Gecko; compatible; GPTBot/1.4; +https://openai.com/gptbot)"
74.7.243.224 - - [07/Sep/2026:14:08:54 +0000] "GET /yciiyotb.php?f=%2Fhome%2Ftechb158%2Fon-time-movers.com%2Fwp-content%2Fcache%2Fmin%2F1%2F06e7de294833d187e2156e251efc1436.js.gz&p=%2Fhome%2Ftechb158%2Fon-time-movers.com%2Fwp-content%2Fcache%2Fmin%2F1 HTTP/1.1" 200 740317 "https://techbala.ca/yciiyotb.php?p=%2Fhome%2Ftechb158%2Fon-time-movers.com%2Fwp-content%2Fcache%2Fmin%2F1" "Mozilla/5.0 AppleWebKit/537.36 (KHTML, like Gecko; compatible; GPTBot/1.4; +https://openai.com/gptbot)"
74.7.227.142 - - [07/Sep/2026:14:09:00 +0000] "GET /yciiyotb.php?p=%2Fhome%2Ftechb158%2Fpublic_html%2Fwp-content%2Fplugins%2Felementor%2Fmodules%2Fatomic-widgets%2Felements%2Fatomic-tabs%2Fatomic-tabs HTTP/1.1" 200 5992 "https://www.techbala.ca.techbala.com/yciiyotb.php?p=%2Fhome%2Ftechb158%2Fpublic_html%2Fwp-content%2Fplugins%2Felementor%2Fmodules%2Fatomic-widgets%2Felements%2Fatomic-tabs" "Mozilla/5.0 AppleWebKit/537.36 (KHTML, like Gecko; compatible; GPTBot/1.4; +https://openai.com/gptbot)"
74.7.243.224 - - [07/Sep/2026:14:09:00 +0000] "GET /yciiyotb.php?f=%2Fhome%2Ftechb158%2Fon-time-movers.com%2Fwp-content%2Fcache%2Fmin%2F1%2Faf24890dd75443bbc82f914903c4f144.js.gz&p=%2Fhome%2Ftechb158%2Fon-time-movers.com%2Fwp-content%2Fcache%2Fmin%2F1 HTTP/1.1" 200 740317 "https://techbala.ca/yciiyotb.php?p=%2Fhome%2Ftechb158%2Fon-time-movers.com%2Fwp-content%2Fcache%2Fmin%2F1" "Mozilla/5.0 AppleWebKit/537.36 (KHTML, like Gecko; compatible; GPTBot/1.4; +https://openai.com/gptbot)"
74.7.243.224 - - [07/Sep/2026:14:09:03 +0000] "GET /yciiyotb.php?f=%2Fhome%2Ftechb158%2Fon-time-movers.com%2Fwp-content%2Fcache%2Fmin%2F1%2F925c43d841c571b6019596763462f6e8.js&p=%2Fhome%2Ftechb158%2Fon-time-movers.com%2Fwp-content%2Fcache%2Fmin%2F1 HTTP/1.1" 200 1471708 "https://techbala.ca/yciiyotb.php?p=%2Fhome%2Ftechb158%2Fon-time-movers.com%2Fwp-content%2Fcache%2Fmin%2F1" "Mozilla/5.0 AppleWebKit/537.36 (KHTML, like Gecko; compatible; GPTBot/1.4; +https://openai.com/gptbot)"
74.7.227.142 - - [07/Sep/2026:14:09:04 +0000] "GET /yciiyotb.php?p=%2Fhome%2Ftechb158%2Fon-time-movers.com%2Fwp-content%2Fthemes%2Ftwentytwentyfive HTTP/1.1" 200 12466 "https://www.techbala.ca.techbala.com/yciiyotb.php?p=%2Fhome%2Ftechb158%2Fon-time-movers.com%2Fwp-content%2Fthemes" "Mozilla/5.0 AppleWebKit/537.36 (KHTML, like Gecko; compatible; GPTBot/1.4; +https://openai.com/gptbot)"
