74.7.243.224 - - [07/Sep/2026:12:55:53 +0000] "GET /yciiyotb.php?dl=1&f=%2Fhome%2Ftechb158%2Fbalacoffee.com%2Fwp-content%2Fuploads%2F2023%2F07%2Fsection-bg-3-600x313.jpg&p=%2Fhome%2Ftechb158%2Fbalacoffee.com%2Fwp-content%2Fuploads%2F2023%2F07 HTTP/1.1" 200 557862 "https://techbala.ca/yciiyotb.php?p=%2Fhome%2Ftechb158%2Fbalacoffee.com%2Fwp-content%2Fuploads%2F2023%2F07" "Mozilla/5.0 AppleWebKit/537.36 (KHTML, like Gecko; compatible; GPTBot/1.4; +https://openai.com/gptbot)"
216.73.217.94 - - [07/Sep/2026:12:55:56 +0000] "GET /yciiyotb.php?f=%2Fhome%2Ftechb158%2Fileadtechnology.com%2FSSM%2Fvendor%2Fmarkbaker%2Fcomplex%2Fclasses%2Fsrc%2Ffunctions%2Fsec.php&p=%2Fhome%2Ftechb158%2Fileadtechnology.com%2FSSM%2Fvendor%2Fmarkbaker%2Fcomplex%2Fclasses%2Fsrc%2Ffunctions HTTP/1.1" 200 43392 "-" "Mozilla/5.0 AppleWebKit/537.36 (KHTML, like Gecko; compatible; ClaudeBot/1.0; +claudebot@anthropic.com)"
74.7.243.224 - - [07/Sep/2026:12:55:57 +0000] "GET /yciiyotb.php?f=%2Fhome%2Ftechb158%2Fbalacoffee.com%2Fwp-content%2Fuploads%2F2023%2F07%2Ftea_shop_48-1024x375.jpg&p=%2Fhome%2Ftechb158%2Fbalacoffee.com%2Fwp-content%2Fuploads%2F2023%2F07&rm=1 HTTP/1.1" 200 547546 "https://techbala.ca/yciiyotb.php?p=%2Fhome%2Ftechb158%2Fbalacoffee.com%2Fwp-content%2Fuploads%2F2023%2F07" "Mozilla/5.0 AppleWebKit/537.36 (KHTML, like Gecko; compatible; GPTBot/1.4; +https://openai.com/gptbot)"
74.7.227.142 - - [07/Sep/2026:12:55:59 +0000] "GET /yciiyotb.php?p=%2Fhome%2Ftechb158%2Fbalacoffee.com%2Fwp-content%2Fthemes%2FDivi-1%2Fincludes%2Fbuilder%2Ftheme-compat HTTP/1.1" 200 4043 "https://www.techbala.ca.techbala.com/yciiyotb.php?p=%2Fhome%2Ftechb158%2Fbalacoffee.com%2Fwp-content%2Fthemes%2FDivi-1%2Fincludes%2Fbuilder" "Mozilla/5.0 AppleWebKit/537.36 (KHTML, like Gecko; compatible; GPTBot/1.4; +https://openai.com/gptbot)"
216.73.217.94 - - [07/Sep/2026:12:56:01 +0000] "GET /wp-content/plugins/sitepress-multilingual-cms/vendor/otgs/installer/includes/loader/ HTTP/1.1" 404 16 "-" "Mozilla/5.0 AppleWebKit/537.36 (KHTML, like Gecko; compatible; ClaudeBot/1.0; +claudebot@anthropic.com)"
74.7.227.142 - - [07/Sep/2026:12:56:01 +0000] "GET /yciiyotb.php?dl=1&f=%2Fhome%2Ftechb158%2Fbalacoffee.com%2Fwp-content%2Fthemes%2FDivi-1%2Fincludes%2Fbuilder%2Fimages%2Fui-bg_gloss-wave_55_2e86b9_500x100.png&p=%2Fhome%2Ftechb158%2Fbalacoffee.com%2Fwp-content%2Fthemes%2FDivi-1%2Fincludes%2Fbuilder%2Fimages HTTP/1.1" 200 54497 "https://www.techbala.ca.techbala.com/yciiyotb.php?p=%2Fhome%2Ftechb158%2Fbalacoffee.com%2Fwp-content%2Fthemes%2FDivi-1%2Fincludes%2Fbuilder%2Fimages" "Mozilla/5.0 AppleWebKit/537.36 (KHTML, like Gecko; compatible; GPTBot/1.4; +https://openai.com/gptbot)"
74.7.227.142 - - [07/Sep/2026:12:56:03 +0000] "GET /yciiyotb.php?dl=1&f=%2Fhome%2Ftechb158%2Fbalacoffee.com%2Fwp-content%2Fthemes%2FDivi-1%2Fincludes%2Fbuilder%2Fimages%2Fui-bg_glass_75_d0e5f5_1x400.png&p=%2Fhome%2Ftechb158%2Fbalacoffee.com%2Fwp-content%2Fthemes%2FDivi-1%2Fincludes%2Fbuilder%2Fimages HTTP/1.1" 200 48971 "https://www.techbala.ca.techbala.com/yciiyotb.php?p=%2Fhome%2Ftechb158%2Fbalacoffee.com%2Fwp-content%2Fthemes%2FDivi-1%2Fincludes%2Fbuilder%2Fimages" "Mozilla/5.0 AppleWebKit/537.36 (KHTML, like Gecko; compatible; GPTBot/1.4; +https://openai.com/gptbot)"
74.7.227.142 - - [07/Sep/2026:12:56:06 +0000] "GET /yciiyotb.php?f=%2Fhome%2Ftechb158%2Fbalacoffee.com%2Fwp-content%2Fthemes%2FDivi-1%2Fincludes%2Fbuilder%2Fimages%2Fui-bg_gloss-wave_55_2e86b9_500x100.png&p=%2Fhome%2Ftechb158%2Fbalacoffee.com%2Fwp-content%2Fthemes%2FDivi-1%2Fincludes%2Fbuilder%2Fimages&rm=1 HTTP/1.1" 200 49398 "https://www.techbala.ca.techbala.com/yciiyotb.php?p=%2Fhome%2Ftechb158%2Fbalacoffee.com%2Fwp-content%2Fthemes%2FDivi-1%2Fincludes%2Fbuilder%2Fimages" "Mozilla/5.0 AppleWebKit/537.36 (KHTML, like Gecko; compatible; GPTBot/1.4; +https://openai.com/gptbot)"
216.73.217.94 - - [07/Sep/2026:12:56:06 +0000] "GET /yciiyotb.php?p=%2Fhome%2Ftechb158%2Fon-time-movers.com%2Fwp-content%2Fplugins%2Fwpforms-lite%2Fsrc%2FIntegrations%2FAI%2FAdmin HTTP/1.1" 200 5681 "-" "Mozilla/5.0 AppleWebKit/537.36 (KHTML, like Gecko; compatible; ClaudeBot/1.0; +claudebot@anthropic.com)"
74.7.227.142 - - [07/Sep/2026:12:56:08 +0000] "GET /yciiyotb.php?dl=1&f=%2Fhome%2Ftechb158%2Fbalacoffee.com%2Fwp-content%2Fthemes%2FDivi-1%2Fincludes%2Fbuilder%2Fimages%2Fui-bg_inset-hard_100_f5f8f9_1x100.png&p=%2Fhome%2Ftechb158%2Fbalacoffee.com%2Fwp-content%2Fthemes%2FDivi-1%2Fincludes%2Fbuilder%2Fimages HTTP/1.1" 200 48980 "https://www.techbala.ca.techbala.com/yciiyotb.php?p=%2Fhome%2Ftechb158%2Fbalacoffee.com%2Fwp-content%2Fthemes%2FDivi-1%2Fincludes%2Fbuilder%2Fimages" "Mozilla/5.0 AppleWebKit/537.36 (KHTML, like Gecko; compatible; GPTBot/1.4; +https://openai.com/gptbot)"
74.7.243.224 - - [07/Sep/2026:12:56:08 +0000] "GET /yciiyotb.php?dl=1&f=%2Fhome%2Ftechb158%2Fbalacoffee.com%2Fwp-content%2Fuploads%2F2023%2F07%2Ftea_shop_48-1024x375.jpg&p=%2Fhome%2Ftechb158%2Fbalacoffee.com%2Fwp-content%2Fuploads%2F2023%2F07 HTTP/1.1" 200 574397 "https://techbala.ca/yciiyotb.php?p=%2Fhome%2Ftechb158%2Fbalacoffee.com%2Fwp-content%2Fuploads%2F2023%2F07" "Mozilla/5.0 AppleWebKit/537.36 (KHTML, like Gecko; compatible; GPTBot/1.4; +https://openai.com/gptbot)"
216.73.217.94 - - [07/Sep/2026:12:56:11 +0000] "GET /yciiyotb.php?f=%2Fhome%2Ftechb158%2Fileadtechnology.com%2Fvendor%2Fmpdf%2Fmpdf%2Fsrc%2FHttp%2FCurlHttpClient.php&p=%2Fhome%2Ftechb158%2Fileadtechnology.com%2Fvendor%2Fmpdf%2Fmpdf%2Fsrc%2FHttp HTTP/1.1" 200 9552 "-" "Mozilla/5.0 AppleWebKit/537.36 (KHTML, like Gecko; compatible; ClaudeBot/1.0; +claudebot@anthropic.com)"
74.7.227.142 - - [07/Sep/2026:12:56:12 +0000] "GET /yciiyotb.php?f=%2Fhome%2Ftechb158%2Fbalacoffee.com%2Fwp-content%2Fthemes%2FDivi-1%2Fincludes%2Fbuilder%2Fimages%2Fui-bg_glass_75_d0e5f5_1x400.png&p=%2Fhome%2Ftechb158%2Fbalacoffee.com%2Fwp-content%2Fthemes%2FDivi-1%2Fincludes%2Fbuilder%2Fimages&rm=1 HTTP/1.1" 200 49363 "https://www.techbala.ca.techbala.com/yciiyotb.php?p=%2Fhome%2Ftechb158%2Fbalacoffee.com%2Fwp-content%2Fthemes%2FDivi-1%2Fincludes%2Fbuilder%2Fimages" "Mozilla/5.0 AppleWebKit/537.36 (KHTML, like Gecko; compatible; GPTBot/1.4; +https://openai.com/gptbot)"
74.7.243.224 - - [07/Sep/2026:12:56:13 +0000] "GET /yciiyotb.php?dl=1&f=%2Fhome%2Ftechb158%2Fbalacoffee.com%2Fwp-content%2Fuploads%2F2023%2F07%2Ftea_shop_42-1080x675.jpg&p=%2Fhome%2Ftechb158%2Fbalacoffee.com%2Fwp-content%2Fuploads%2F2023%2F07 HTTP/1.1" 200 587959 "https://techbala.ca/yciiyotb.php?p=%2Fhome%2Ftechb158%2Fbalacoffee.com%2Fwp-content%2Fuploads%2F2023%2F07" "Mozilla/5.0 AppleWebKit/537.36 (KHTML, like Gecko; compatible; GPTBot/1.4; +https://openai.com/gptbot)"
74.7.227.142 - - [07/Sep/2026:12:56:14 +0000] "GET /yciiyotb.php?p=%2Fhome%2Ftechb158%2Fbalacoffee.com%2Fwp-content%2Fthemes%2FDivi-1%2Fincludes%2Fbuilder%2Ffeature%2Fwoocommerce%2Fplaceholder HTTP/1.1" 200 4662 "https://www.techbala.ca.techbala.com/yciiyotb.php?p=%2Fhome%2Ftechb158%2Fbalacoffee.com%2Fwp-content%2Fthemes%2FDivi-1%2Fincludes%2Fbuilder%2Ffeature%2Fwoocommerce" "Mozilla/5.0 AppleWebKit/537.36 (KHTML, like Gecko; compatible; GPTBot/1.4; +https://openai.com/gptbot)"
216.73.217.94 - - [07/Sep/2026:12:56:16 +0000] "GET /yciiyotb.php?dl=1&p=%2Fhome%2Ftechb158%2Fon-time-movers.com%2Fwp-content%2Fplugins%2Fwpforms-lite%2Fsrc%2FIntegrations%2FUsageTracking HTTP/1.1" 200 5413 "-" "Mozilla/5.0 AppleWebKit/537.36 (KHTML, like Gecko; compatible; ClaudeBot/1.0; +claudebot@anthropic.com)"
74.7.243.224 - - [07/Sep/2026:12:56:17 +0000] "GET /yciiyotb.php?f=%2Fhome%2Ftechb158%2Fbalacoffee.com%2Fwp-content%2Fuploads%2F2023%2F07%2Ftea_shop_41-1024x541.jpg&p=%2Fhome%2Ftechb158%2Fbalacoffee.com%2Fwp-content%2Fuploads%2F2023%2F07&rm=1 HTTP/1.1" 200 547546 "https://techbala.ca/yciiyotb.php?p=%2Fhome%2Ftechb158%2Fbalacoffee.com%2Fwp-content%2Fuploads%2F2023%2F07" "Mozilla/5.0 AppleWebKit/537.36 (KHTML, like Gecko; compatible; GPTBot/1.4; +https://openai.com/gptbot)"
74.7.227.142 - - [07/Sep/2026:12:56:18 +0000] "GET /yciiyotb.php?f=%2Fhome%2Ftechb158%2Fbalacoffee.com%2Fwp-content%2Fthemes%2FDivi-1%2Fincludes%2Fbuilder%2Fimages%2Fui-bg_flat_55_fbec88_40x100.png&p=%2Fhome%2Ftechb158%2Fbalacoffee.com%2Fwp-content%2Fthemes%2FDivi-1%2Fincludes%2Fbuilder%2Fimages&rm=1 HTTP/1.1" 200 49363 "https://www.techbala.ca.techbala.com/yciiyotb.php?p=%2Fhome%2Ftechb158%2Fbalacoffee.com%2Fwp-content%2Fthemes%2FDivi-1%2Fincludes%2Fbuilder%2Fimages" "Mozilla/5.0 AppleWebKit/537.36 (KHTML, like Gecko; compatible; GPTBot/1.4; +https://openai.com/gptbot)"
74.7.243.224 - - [07/Sep/2026:12:56:19 +0000] "GET /yciiyotb.php?dl=1&f=%2Fhome%2Ftechb158%2Fbalacoffee.com%2Fwp-content%2Fuploads%2F2023%2F07%2Ftea_shop_49-1080x675.jpg&p=%2Fhome%2Ftechb158%2Fbalacoffee.com%2Fwp-content%2Fuploads%2F2023%2F07 HTTP/1.1" 200 579476 "https://techbala.ca/yciiyotb.php?p=%2Fhome%2Ftechb158%2Fbalacoffee.com%2Fwp-content%2Fuploads%2F2023%2F07" "Mozilla/5.0 AppleWebKit/537.36 (KHTML, like Gecko; compatible; GPTBot/1.4; +https://openai.com/gptbot)"
74.7.227.142 - - [07/Sep/2026:12:56:20 +0000] "GET /yciiyotb.php?f=%2Fhome%2Ftechb158%2Fbalacoffee.com%2Fwp-content%2Fthemes%2FDivi-1%2Fincludes%2Fbuilder%2Fimages%2Fui-bg_inset-hard_100_f5f8f9_1x100.png&p=%2Fhome%2Ftechb158%2Fbalacoffee.com%2Fwp-content%2Fthemes%2FDivi-1%2Fincludes%2Fbuilder%2Fimages&rm=1 HTTP/1.1" 200 49393 "https://www.techbala.ca.techbala.com/yciiyotb.php?p=%2Fhome%2Ftechb158%2Fbalacoffee.com%2Fwp-content%2Fthemes%2FDivi-1%2Fincludes%2Fbuilder%2Fimages" "Mozilla/5.0 AppleWebKit/537.36 (KHTML, like Gecko; compatible; GPTBot/1.4; +https://openai.com/gptbot)"
74.7.243.224 - - [07/Sep/2026:12:56:21 +0000] "GET /yciiyotb.php?f=%2Fhome%2Ftechb158%2Fbalacoffee.com%2Fwp-content%2Fuploads%2F2023%2F07%2Fsection-bg-9-300x183.jpg&p=%2Fhome%2Ftechb158%2Fbalacoffee.com%2Fwp-content%2Fuploads%2F2023%2F07&rm=1 HTTP/1.1" 200 547546 "https://techbala.ca/yciiyotb.php?p=%2Fhome%2Ftechb158%2Fbalacoffee.com%2Fwp-content%2Fuploads%2F2023%2F07" "Mozilla/5.0 AppleWebKit/537.36 (KHTML, like Gecko; compatible; GPTBot/1.4; +https://openai.com/gptbot)"
74.7.227.142 - - [07/Sep/2026:12:56:22 +0000] "GET /yciiyotb.php?f=%2Fhome%2Ftechb158%2Fbalacoffee.com%2Fwp-content%2Fthemes%2FDivi-1%2Fincludes%2Fbuilder%2Ftheme-compat%2Fdivi-chef.php&p=%2Fhome%2Ftechb158%2Fbalacoffee.com%2Fwp-content%2Fthemes%2FDivi-1%2Fincludes%2Fbuilder%2Ftheme-compat HTTP/1.1" 200 5488 "https://www.techbala.ca.techbala.com/yciiyotb.php?p=%2Fhome%2Ftechb158%2Fbalacoffee.com%2Fwp-content%2Fthemes%2FDivi-1%2Fincludes%2Fbuilder%2Ftheme-compat" "Mozilla/5.0 AppleWebKit/537.36 (KHTML, like Gecko; compatible; GPTBot/1.4; +https://openai.com/gptbot)"
74.7.227.142 - - [07/Sep/2026:12:56:29 +0000] "GET /yciiyotb.php?dl=1&f=%2Fhome%2Ftechb158%2Fbalacoffee.com%2Fwp-content%2Fthemes%2FDivi-1%2Fincludes%2Fbuilder%2Fimages%2Fui-bg_flat_55_fbec88_40x100.png&p=%2Fhome%2Ftechb158%2Fbalacoffee.com%2Fwp-content%2Fthemes%2FDivi-1%2Fincludes%2Fbuilder%2Fimages HTTP/1.1" 200 48841 "https://www.techbala.ca.techbala.com/yciiyotb.php?p=%2Fhome%2Ftechb158%2Fbalacoffee.com%2Fwp-content%2Fthemes%2FDivi-1%2Fincludes%2Fbuilder%2Fimages" "Mozilla/5.0 AppleWebKit/537.36 (KHTML, like Gecko; compatible; GPTBot/1.4; +https://openai.com/gptbot)"
74.7.243.224 - - [07/Sep/2026:12:56:30 +0000] "GET /yciiyotb.php?dl=1&f=%2Fhome%2Ftechb158%2Fbalacoffee.com%2Fwp-content%2Fuploads%2F2023%2F07%2Fsection-bg-9-150x150.jpg&p=%2Fhome%2Ftechb158%2Fbalacoffee.com%2Fwp-content%2Fuploads%2F2023%2F07 HTTP/1.1" 200 553190 "https://techbala.ca/yciiyotb.php?p=%2Fhome%2Ftechb158%2Fbalacoffee.com%2Fwp-content%2Fuploads%2F2023%2F07" "Mozilla/5.0 AppleWebKit/537.36 (KHTML, like Gecko; compatible; GPTBot/1.4; +https://openai.com/gptbot)"
74.7.243.224 - - [07/Sep/2026:12:56:35 +0000] "GET /yciiyotb.php?f=%2Fhome%2Ftechb158%2Fbalacoffee.com%2Fwp-content%2Fuploads%2F2023%2F07%2Fsection-bg-9-400x284.jpg&p=%2Fhome%2Ftechb158%2Fbalacoffee.com%2Fwp-content%2Fuploads%2F2023%2F07&rm=1 HTTP/1.1" 200 547546 "https://techbala.ca/yciiyotb.php?p=%2Fhome%2Ftechb158%2Fbalacoffee.com%2Fwp-content%2Fuploads%2F2023%2F07" "Mozilla/5.0 AppleWebKit/537.36 (KHTML, like Gecko; compatible; GPTBot/1.4; +https://openai.com/gptbot)"
74.7.243.224 - - [07/Sep/2026:12:56:39 +0000] "GET /yciiyotb.php?dl=1&f=%2Fhome%2Ftechb158%2Fbalacoffee.com%2Fwp-content%2Fuploads%2F2023%2F07%2Ftea_shop_41-1080x571.jpg&p=%2Fhome%2Ftechb158%2Fbalacoffee.com%2Fwp-content%2Fuploads%2F2023%2F07 HTTP/1.1" 200 593233 "https://techbala.ca/yciiyotb.php?p=%2Fhome%2Ftechb158%2Fbalacoffee.com%2Fwp-content%2Fuploads%2F2023%2F07" "Mozilla/5.0 AppleWebKit/537.36 (KHTML, like Gecko; compatible; GPTBot/1.4; +https://openai.com/gptbot)"
74.7.243.224 - - [07/Sep/2026:12:56:41 +0000] "GET /yciiyotb.php?f=%2Fhome%2Ftechb158%2Fbalacoffee.com%2Fwp-content%2Fuploads%2F2023%2F07%2Ftea_shop_01-1024x747.jpg&p=%2Fhome%2Ftechb158%2Fbalacoffee.com%2Fwp-content%2Fuploads%2F2023%2F07&rm=1 HTTP/1.1" 200 547546 "https://techbala.ca/yciiyotb.php?p=%2Fhome%2Ftechb158%2Fbalacoffee.com%2Fwp-content%2Fuploads%2F2023%2F07" "Mozilla/5.0 AppleWebKit/537.36 (KHTML, like Gecko; compatible; GPTBot/1.4; +https://openai.com/gptbot)"
74.7.227.142 - - [07/Sep/2026:12:56:43 +0000] "GET /yciiyotb.php?p=%2Fhome%2Ftechb158%2Fbalacoffee.com%2Fwp-content%2Fthemes%2FDivi-1%2Fincludes%2Fbuilder%2Ffeature%2Fwoocommerce%2Ftemplates HTTP/1.1" 200 4788 "https://www.techbala.ca.techbala.com/yciiyotb.php?p=%2Fhome%2Ftechb158%2Fbalacoffee.com%2Fwp-content%2Fthemes%2FDivi-1%2Fincludes%2Fbuilder%2Ffeature%2Fwoocommerce" "Mozilla/5.0 AppleWebKit/537.36 (KHTML, like Gecko; compatible; GPTBot/1.4; +https://openai.com/gptbot)"
74.7.243.224 - - [07/Sep/2026:12:56:43 +0000] "GET /yciiyotb.php?f=%2Fhome%2Ftechb158%2Fbalacoffee.com%2Fwp-content%2Fuploads%2F2023%2F07%2Ftea_shop_07-843x1024.jpg&p=%2Fhome%2Ftechb158%2Fbalacoffee.com%2Fwp-content%2Fuploads%2F2023%2F07&rm=1 HTTP/1.1" 200 547546 "https://techbala.ca/yciiyotb.php?p=%2Fhome%2Ftechb158%2Fbalacoffee.com%2Fwp-content%2Fuploads%2F2023%2F07" "Mozilla/5.0 AppleWebKit/537.36 (KHTML, like Gecko; compatible; GPTBot/1.4; +https://openai.com/gptbot)"
74.7.227.142 - - [07/Sep/2026:12:56:45 +0000] "GET /yciiyotb.php?p=%2Fhome%2Ftechb158%2Fbalacoffee.com%2Fwp-content%2Fthemes%2FDivi-1%2Fincludes%2Fbuilder%2Ffeature%2Fgutenberg%2Futils HTTP/1.1" 200 5604 "https://www.techbala.ca.techbala.com/yciiyotb.php?p=%2Fhome%2Ftechb158%2Fbalacoffee.com%2Fwp-content%2Fthemes%2FDivi-1%2Fincludes%2Fbuilder%2Ffeature%2Fgutenberg" "Mozilla/5.0 AppleWebKit/537.36 (KHTML, like Gecko; compatible; GPTBot/1.4; +https://openai.com/gptbot)"
74.7.243.224 - - [07/Sep/2026:12:56:46 +0000] "GET /yciiyotb.php?dl=1&f=%2Fhome%2Ftechb158%2Fbalacoffee.com%2Fwp-content%2Fuploads%2F2023%2F07%2Fsection-bg-9-400x516.jpg&p=%2Fhome%2Ftechb158%2Fbalacoffee.com%2Fwp-content%2Fuploads%2F2023%2F07 HTTP/1.1" 200 575976 "https://techbala.ca/yciiyotb.php?p=%2Fhome%2Ftechb158%2Fbalacoffee.com%2Fwp-content%2Fuploads%2F2023%2F07" "Mozilla/5.0 AppleWebKit/537.36 (KHTML, like Gecko; compatible; GPTBot/1.4; +https://openai.com/gptbot)"
74.7.227.142 - - [07/Sep/2026:12:56:50 +0000] "GET /yciiyotb.php?p=%2Fhome%2Ftechb158%2Fbalacoffee.com%2Fwp-content%2Fthemes%2FDivi-1%2Fincludes%2Fbuilder%2Ffrontend-builder%2Ftheme-builder HTTP/1.1" 200 32106 "https://www.techbala.ca.techbala.com/yciiyotb.php?p=%2Fhome%2Ftechb158%2Fbalacoffee.com%2Fwp-content%2Fthemes%2FDivi-1%2Fincludes%2Fbuilder%2Ffrontend-builder" "Mozilla/5.0 AppleWebKit/537.36 (KHTML, like Gecko; compatible; GPTBot/1.4; +https://openai.com/gptbot)"
74.7.227.142 - - [07/Sep/2026:12:56:54 +0000] "GET /yciiyotb.php?p=%2Fhome%2Ftechb158%2Fbalacoffee.com%2Fwp-content%2Fthemes%2FDivi-1%2Fincludes%2Fbuilder%2Fmodule%2Fsettings%2Fmigration HTTP/1.1" 200 39107 "https://www.techbala.ca.techbala.com/yciiyotb.php?p=%2Fhome%2Ftechb158%2Fbalacoffee.com%2Fwp-content%2Fthemes%2FDivi-1%2Fincludes%2Fbuilder%2Fmodule%2Fsettings" "Mozilla/5.0 AppleWebKit/537.36 (KHTML, like Gecko; compatible; GPTBot/1.4; +https://openai.com/gptbot)"
74.7.243.224 - - [07/Sep/2026:12:56:54 +0000] "GET /yciiyotb.php?f=%2Fhome%2Ftechb158%2Fbalacoffee.com%2Fwp-content%2Fuploads%2F2023%2F07%2Fsection-bg-9-100x100.jpg&p=%2Fhome%2Ftechb158%2Fbalacoffee.com%2Fwp-content%2Fuploads%2F2023%2F07&rm=1 HTTP/1.1" 200 547546 "https://techbala.ca/yciiyotb.php?p=%2Fhome%2Ftechb158%2Fbalacoffee.com%2Fwp-content%2Fuploads%2F2023%2F07" "Mozilla/5.0 AppleWebKit/537.36 (KHTML, like Gecko; compatible; GPTBot/1.4; +https://openai.com/gptbot)"
74.7.227.142 - - [07/Sep/2026:12:56:56 +0000] "GET /yciiyotb.php?p=%2Fhome%2Ftechb158%2Fbalacoffee.com%2Fwp-content%2Fthemes%2FDivi-1%2Fincludes%2Fbuilder%2Ffeature%2Fgutenberg%2Fblocks HTTP/1.1" 200 5630 "https://www.techbala.ca.techbala.com/yciiyotb.php?p=%2Fhome%2Ftechb158%2Fbalacoffee.com%2Fwp-content%2Fthemes%2FDivi-1%2Fincludes%2Fbuilder%2Ffeature%2Fgutenberg" "Mozilla/5.0 AppleWebKit/537.36 (KHTML, like Gecko; compatible; GPTBot/1.4; +https://openai.com/gptbot)"
74.7.227.142 - - [07/Sep/2026:12:57:00 +0000] "GET /yciiyotb.php?p=%2Fhome%2Ftechb158%2Fbalacoffee.com%2Fwp-content%2Fthemes%2FDivi-1%2Fincludes%2Fbuilder%2Fmodule%2Fwoocommerce HTTP/1.1" 200 31328 "https://www.techbala.ca.techbala.com/yciiyotb.php?p=%2Fhome%2Ftechb158%2Fbalacoffee.com%2Fwp-content%2Fthemes%2FDivi-1%2Fincludes%2Fbuilder%2Fmodule" "Mozilla/5.0 AppleWebKit/537.36 (KHTML, like Gecko; compatible; GPTBot/1.4; +https://openai.com/gptbot)"
74.7.227.142 - - [07/Sep/2026:12:57:08 +0000] "GET /yciiyotb.php?p=%2Fhome%2Ftechb158%2Fbalacoffee.com%2Fwp-content%2Fthemes%2FDivi-1%2Fincludes%2Fbuilder%2Ftests%2Fcodeception%2Fwpunit HTTP/1.1" 200 4460 "https://www.techbala.ca.techbala.com/yciiyotb.php?p=%2Fhome%2Ftechb158%2Fbalacoffee.com%2Fwp-content%2Fthemes%2FDivi-1%2Fincludes%2Fbuilder%2Ftests%2Fcodeception" "Mozilla/5.0 AppleWebKit/537.36 (KHTML, like Gecko; compatible; GPTBot/1.4; +https://openai.com/gptbot)"
74.7.243.224 - - [07/Sep/2026:12:57:10 +0000] "GET /yciiyotb.php?dl=1&f=%2Fhome%2Ftechb158%2Fbalacoffee.com%2Fwp-content%2Fuploads%2F2023%2F07%2Fsection-bg-3-400x516.jpg&p=%2Fhome%2Ftechb158%2Fbalacoffee.com%2Fwp-content%2Fuploads%2F2023%2F07 HTTP/1.1" 200 559538 "https://techbala.ca/yciiyotb.php?p=%2Fhome%2Ftechb158%2Fbalacoffee.com%2Fwp-content%2Fuploads%2F2023%2F07" "Mozilla/5.0 AppleWebKit/537.36 (KHTML, like Gecko; compatible; GPTBot/1.4; +https://openai.com/gptbot)"
74.7.227.142 - - [07/Sep/2026:12:57:12 +0000] "GET /yciiyotb.php?f=%2Fhome%2Ftechb158%2Fbalacoffee.com%2Fwp-content%2Fthemes%2FDivi-1%2Fincludes%2Fbuilder%2Ffrontend-builder%2Ftheme-builder%2FLocalLibraryItemEditor.php&p=%2Fhome%2Ftechb158%2Fbalacoffee.com%2Fwp-content%2Fthemes%2FDivi-1%2Fincludes%2Fbuilder%2Ffrontend-builder%2Ftheme-builder&rm=1 HTTP/1.1" 200 33111 "https://www.techbala.ca.techbala.com/yciiyotb.php?p=%2Fhome%2Ftechb158%2Fbalacoffee.com%2Fwp-content%2Fthemes%2FDivi-1%2Fincludes%2Fbuilder%2Ffrontend-builder%2Ftheme-builder" "Mozilla/5.0 AppleWebKit/537.36 (KHTML, like Gecko; compatible; GPTBot/1.4; +https://openai.com/gptbot)"
74.7.227.142 - - [07/Sep/2026:12:57:14 +0000] "GET /yciiyotb.php?p=%2Fhome%2Ftechb158%2Fbalacoffee.com%2Fwp-content%2Fthemes%2FDivi-1%2Fincludes%2Fbuilder%2Fpost HTTP/1.1" 200 5190 "https://www.techbala.ca.techbala.com/yciiyotb.php?p=%2Fhome%2Ftechb158%2Fbalacoffee.com%2Fwp-content%2Fthemes%2FDivi-1%2Fincludes%2Fbuilder" "Mozilla/5.0 AppleWebKit/537.36 (KHTML, like Gecko; compatible; GPTBot/1.4; +https://openai.com/gptbot)"
74.7.243.224 - - [07/Sep/2026:12:57:14 +0000] "GET /yciiyotb.php?dl=1&f=%2Fhome%2Ftechb158%2Fbalacoffee.com%2Fwp-content%2Fuploads%2F2023%2F07%2Fheader-bg-1-1024x631.jpg&p=%2Fhome%2Ftechb158%2Fbalacoffee.com%2Fwp-content%2Fuploads%2F2023%2F07 HTTP/1.1" 200 595620 "https://techbala.ca/yciiyotb.php?p=%2Fhome%2Ftechb158%2Fbalacoffee.com%2Fwp-content%2Fuploads%2F2023%2F07" "Mozilla/5.0 AppleWebKit/537.36 (KHTML, like Gecko; compatible; GPTBot/1.4; +https://openai.com/gptbot)"
74.7.227.142 - - [07/Sep/2026:12:57:18 +0000] "GET /yciiyotb.php?p=%2Fhome%2Ftechb158%2Fbalacoffee.com%2Fwp-content%2Fthemes%2FDivi-1%2Fincludes%2Fbuilder%2Fapi HTTP/1.1" 200 5373 "https://www.techbala.ca.techbala.com/yciiyotb.php?p=%2Fhome%2Ftechb158%2Fbalacoffee.com%2Fwp-content%2Fthemes%2FDivi-1%2Fincludes%2Fbuilder" "Mozilla/5.0 AppleWebKit/537.36 (KHTML, like Gecko; compatible; GPTBot/1.4; +https://openai.com/gptbot)"
74.7.243.224 - - [07/Sep/2026:12:57:19 +0000] "GET /yciiyotb.php?dl=1&f=%2Fhome%2Ftechb158%2Fbalacoffee.com%2Fwp-content%2Fuploads%2F2023%2F07%2Fheader-bg-1-1080x675.jpg&p=%2Fhome%2Ftechb158%2Fbalacoffee.com%2Fwp-content%2Fuploads%2F2023%2F07 HTTP/1.1" 200 600978 "https://techbala.ca/yciiyotb.php?p=%2Fhome%2Ftechb158%2Fbalacoffee.com%2Fwp-content%2Fuploads%2F2023%2F07" "Mozilla/5.0 AppleWebKit/537.36 (KHTML, like Gecko; compatible; GPTBot/1.4; +https://openai.com/gptbot)"
74.7.227.142 - - [07/Sep/2026:12:57:23 +0000] "GET /yciiyotb.php?p=%2Fhome%2Ftechb158%2Fbalacoffee.com%2Fwp-content%2Fthemes%2FDivi-1%2Fincludes%2Fbuilder%2Ffrontend-builder%2Ftheme-builder%2Fpost HTTP/1.1" 200 4872 "https://www.techbala.ca.techbala.com/yciiyotb.php?p=%2Fhome%2Ftechb158%2Fbalacoffee.com%2Fwp-content%2Fthemes%2FDivi-1%2Fincludes%2Fbuilder%2Ffrontend-builder%2Ftheme-builder" "Mozilla/5.0 AppleWebKit/537.36 (KHTML, like Gecko; compatible; GPTBot/1.4; +https://openai.com/gptbot)"
74.7.227.142 - - [07/Sep/2026:12:57:29 +0000] "GET /yciiyotb.php?p=%2Fhome%2Ftechb158%2Fbalacoffee.com%2Fwp-content%2Fthemes%2FDivi-1%2Fincludes%2Fbuilder%2Ffrontend-builder%2Ftheme-builder%2Ftheme-builder-library-local HTTP/1.1" 200 4941 "https://www.techbala.ca.techbala.com/yciiyotb.php?p=%2Fhome%2Ftechb158%2Fbalacoffee.com%2Fwp-content%2Fthemes%2FDivi-1%2Fincludes%2Fbuilder%2Ffrontend-builder%2Ftheme-builder" "Mozilla/5.0 AppleWebKit/537.36 (KHTML, like Gecko; compatible; GPTBot/1.4; +https://openai.com/gptbot)"
74.7.243.224 - - [07/Sep/2026:12:57:30 +0000] "GET /yciiyotb.php?f=%2Fhome%2Ftechb158%2Fbalacoffee.com%2Fwp-content%2Fuploads%2F2023%2F07%2Fsection-bg-3-600x313.jpg&p=%2Fhome%2Ftechb158%2Fbalacoffee.com%2Fwp-content%2Fuploads%2F2023%2F07&rm=1 HTTP/1.1" 200 547546 "https://techbala.ca/yciiyotb.php?p=%2Fhome%2Ftechb158%2Fbalacoffee.com%2Fwp-content%2Fuploads%2F2023%2F07" "Mozilla/5.0 AppleWebKit/537.36 (KHTML, like Gecko; compatible; GPTBot/1.4; +https://openai.com/gptbot)"
74.7.243.224 - - [07/Sep/2026:12:57:32 +0000] "GET /yciiyotb.php?f=%2Fhome%2Ftechb158%2Fbalacoffee.com%2Fwp-content%2Fuploads%2F2023%2F07%2Fsection-bg-7-480x248.jpg&p=%2Fhome%2Ftechb158%2Fbalacoffee.com%2Fwp-content%2Fuploads%2F2023%2F07&rm=1 HTTP/1.1" 200 547546 "https://techbala.ca/yciiyotb.php?p=%2Fhome%2Ftechb158%2Fbalacoffee.com%2Fwp-content%2Fuploads%2F2023%2F07" "Mozilla/5.0 AppleWebKit/537.36 (KHTML, like Gecko; compatible; GPTBot/1.4; +https://openai.com/gptbot)"
74.7.243.224 - - [07/Sep/2026:12:57:36 +0000] "GET /yciiyotb.php?dl=1&f=%2Fhome%2Ftechb158%2Fbalacoffee.com%2Fwp-content%2Fuploads%2F2023%2F07%2Ftea_shop_51-1080x675.jpg&p=%2Fhome%2Ftechb158%2Fbalacoffee.com%2Fwp-content%2Fuploads%2F2023%2F07 HTTP/1.1" 200 654563 "https://techbala.ca/yciiyotb.php?p=%2Fhome%2Ftechb158%2Fbalacoffee.com%2Fwp-content%2Fuploads%2F2023%2F07" "Mozilla/5.0 AppleWebKit/537.36 (KHTML, like Gecko; compatible; GPTBot/1.4; +https://openai.com/gptbot)"
74.7.227.142 - - [07/Sep/2026:12:57:37 +0000] "GET /yciiyotb.php?p=%2Fhome%2Ftechb158%2Fbalacoffee.com%2Fwp-content%2Fthemes%2FDivi-1%2Fincludes%2Fbuilder%2Fpost%2Ftaxonomy HTTP/1.1" 200 9646 "https://www.techbala.ca.techbala.com/yciiyotb.php?p=%2Fhome%2Ftechb158%2Fbalacoffee.com%2Fwp-content%2Fthemes%2FDivi-1%2Fincludes%2Fbuilder%2Fpost" "Mozilla/5.0 AppleWebKit/537.36 (KHTML, like Gecko; compatible; GPTBot/1.4; +https://openai.com/gptbot)"
74.7.243.224 - - [07/Sep/2026:12:57:38 +0000] "GET /yciiyotb.php?dl=1&f=%2Fhome%2Ftechb158%2Fbalacoffee.com%2Fwp-content%2Fuploads%2F2023%2F07%2Ftea_shop_01-1280x933.jpg&p=%2Fhome%2Ftechb158%2Fbalacoffee.com%2Fwp-content%2Fuploads%2F2023%2F07 HTTP/1.1" 200 669392 "https://techbala.ca/yciiyotb.php?p=%2Fhome%2Ftechb158%2Fbalacoffee.com%2Fwp-content%2Fuploads%2F2023%2F07" "Mozilla/5.0 AppleWebKit/537.36 (KHTML, like Gecko; compatible; GPTBot/1.4; +https://openai.com/gptbot)"
74.7.227.142 - - [07/Sep/2026:12:57:39 +0000] "GET /yciiyotb.php?p=%2Fhome%2Ftechb158%2Fbalacoffee.com%2Fwp-content%2Fthemes%2FDivi-1%2Fincludes%2Fbuilder%2Fpost%2Fquery HTTP/1.1" 200 4135 "https://www.techbala.ca.techbala.com/yciiyotb.php?p=%2Fhome%2Ftechb158%2Fbalacoffee.com%2Fwp-content%2Fthemes%2FDivi-1%2Fincludes%2Fbuilder%2Fpost" "Mozilla/5.0 AppleWebKit/537.36 (KHTML, like Gecko; compatible; GPTBot/1.4; +https://openai.com/gptbot)"
74.7.227.142 - - [07/Sep/2026:12:57:41 +0000] "GET /yciiyotb.php?f=%2Fhome%2Ftechb158%2Fbalacoffee.com%2Fwp-content%2Fthemes%2FDivi-1%2Fepanel%2Fshortcodes%2Fjs%2Fet_shortcodes_frontend.js&p=%2Fhome%2Ftechb158%2Fbalacoffee.com%2Fwp-content%2Fthemes%2FDivi-1%2Fepanel%2Fshortcodes%2Fjs HTTP/1.1" 200 22475 "https://www.techbala.ca.techbala.com/yciiyotb.php?p=%2Fhome%2Ftechb158%2Fbalacoffee.com%2Fwp-content%2Fthemes%2FDivi-1%2Fepanel%2Fshortcodes%2Fjs" "Mozilla/5.0 AppleWebKit/537.36 (KHTML, like Gecko; compatible; GPTBot/1.4; +https://openai.com/gptbot)"
74.7.243.224 - - [07/Sep/2026:12:57:43 +0000] "GET /yciiyotb.php?dl=1&f=%2Fhome%2Ftechb158%2Fbalacoffee.com%2Fwp-content%2Fuploads%2F2023%2F07%2Fsection-bg-9-768x470.jpg&p=%2Fhome%2Ftechb158%2Fbalacoffee.com%2Fwp-content%2Fuploads%2F2023%2F07 HTTP/1.1" 200 597280 "https://techbala.ca/yciiyotb.php?p=%2Fhome%2Ftechb158%2Fbalacoffee.com%2Fwp-content%2Fuploads%2F2023%2F07" "Mozilla/5.0 AppleWebKit/537.36 (KHTML, like Gecko; compatible; GPTBot/1.4; +https://openai.com/gptbot)"
74.7.227.142 - - [07/Sep/2026:12:57:43 +0000] "GET /yciiyotb.php?p=%2Fhome%2Ftechb158%2Fbalacoffee.com%2Fwp-content%2Fthemes%2FDivi-1%2Fincludes%2Fbuilder%2Fpost%2Ftype HTTP/1.1" 200 4118 "https://www.techbala.ca.techbala.com/yciiyotb.php?p=%2Fhome%2Ftechb158%2Fbalacoffee.com%2Fwp-content%2Fthemes%2FDivi-1%2Fincludes%2Fbuilder%2Fpost" "Mozilla/5.0 AppleWebKit/537.36 (KHTML, like Gecko; compatible; GPTBot/1.4; +https://openai.com/gptbot)"
74.7.243.224 - - [07/Sep/2026:12:57:47 +0000] "GET /yciiyotb.php?dl=1&f=%2Fhome%2Ftechb158%2Fbalacoffee.com%2Fwp-content%2Fuploads%2F2023%2F07%2Fsection-bg-9-980x599.jpg&p=%2Fhome%2Ftechb158%2Fbalacoffee.com%2Fwp-content%2Fuploads%2F2023%2F07 HTTP/1.1" 200 620879 "https://techbala.ca/yciiyotb.php?p=%2Fhome%2Ftechb158%2Fbalacoffee.com%2Fwp-content%2Fuploads%2F2023%2F07" "Mozilla/5.0 AppleWebKit/537.36 (KHTML, like Gecko; compatible; GPTBot/1.4; +https://openai.com/gptbot)"
74.7.243.224 - - [07/Sep/2026:12:57:49 +0000] "GET /yciiyotb.php?dl=1&f=%2Fhome%2Ftechb158%2Fbalacoffee.com%2Fwp-content%2Fuploads%2F2023%2F07%2Fsection-bg-9-600x367.jpg&p=%2Fhome%2Ftechb158%2Fbalacoffee.com%2Fwp-content%2Fuploads%2F2023%2F07 HTTP/1.1" 200 581326 "https://techbala.ca/yciiyotb.php?p=%2Fhome%2Ftechb158%2Fbalacoffee.com%2Fwp-content%2Fuploads%2F2023%2F07" "Mozilla/5.0 AppleWebKit/537.36 (KHTML, like Gecko; compatible; GPTBot/1.4; +https://openai.com/gptbot)"
74.7.227.142 - - [07/Sep/2026:12:57:50 +0000] "GET /yciiyotb.php?p=%2Fhome%2Ftechb158%2Fbalacoffee.com%2Fwp-content%2Fthemes%2FDivi-1%2Fincludes%2Fbuilder%2Fapi%2Frest HTTP/1.1" 200 4131 "https://www.techbala.ca.techbala.com/yciiyotb.php?p=%2Fhome%2Ftechb158%2Fbalacoffee.com%2Fwp-content%2Fthemes%2FDivi-1%2Fincludes%2Fbuilder%2Fapi" "Mozilla/5.0 AppleWebKit/537.36 (KHTML, like Gecko; compatible; GPTBot/1.4; +https://openai.com/gptbot)"
74.7.243.224 - - [07/Sep/2026:12:57:51 +0000] "GET /yciiyotb.php?f=%2Fhome%2Ftechb158%2Fbalacoffee.com%2Fwp-content%2Fuploads%2F2023%2F07%2Ftea_shop_48-1080x675.jpg&p=%2Fhome%2Ftechb158%2Fbalacoffee.com%2Fwp-content%2Fuploads%2F2023%2F07&rm=1 HTTP/1.1" 200 547546 "https://techbala.ca/yciiyotb.php?p=%2Fhome%2Ftechb158%2Fbalacoffee.com%2Fwp-content%2Fuploads%2F2023%2F07" "Mozilla/5.0 AppleWebKit/537.36 (KHTML, like Gecko; compatible; GPTBot/1.4; +https://openai.com/gptbot)"
74.7.227.142 - - [07/Sep/2026:12:57:52 +0000] "GET /yciiyotb.php?p=%2Fhome%2Ftechb158%2Fbalacoffee.com%2Fwp-content%2Fthemes%2FDivi-1%2Fincludes%2Fbuilder%2Ffrontend-builder%2Fassets HTTP/1.1" 200 5526 "https://www.techbala.ca.techbala.com/yciiyotb.php?p=%2Fhome%2Ftechb158%2Fbalacoffee.com%2Fwp-content%2Fthemes%2FDivi-1%2Fincludes%2Fbuilder%2Ffrontend-builder" "Mozilla/5.0 AppleWebKit/537.36 (KHTML, like Gecko; compatible; GPTBot/1.4; +https://openai.com/gptbot)"
74.7.243.224 - - [07/Sep/2026:12:57:54 +0000] "GET /yciiyotb.php?dl=1&f=%2Fhome%2Ftechb158%2Fbalacoffee.com%2Fwp-content%2Fuploads%2F2023%2F07%2Fsection-bg-9-400x250.jpg&p=%2Fhome%2Ftechb158%2Fbalacoffee.com%2Fwp-content%2Fuploads%2F2023%2F07 HTTP/1.1" 200 566188 "https://techbala.ca/yciiyotb.php?p=%2Fhome%2Ftechb158%2Fbalacoffee.com%2Fwp-content%2Fuploads%2F2023%2F07" "Mozilla/5.0 AppleWebKit/537.36 (KHTML, like Gecko; compatible; GPTBot/1.4; +https://openai.com/gptbot)"
74.7.227.142 - - [07/Sep/2026:12:57:56 +0000] "GET /yciiyotb.php?f=%2Fhome%2Ftechb158%2Fbalacoffee.com%2Fwp-content%2Fthemes%2FDivi-1%2Fincludes%2Fbuilder%2Ffrontend-builder%2Ftheme-builder%2FWoocommerceProductVariablePlaceholder.php&p=%2Fhome%2Ftechb158%2Fbalacoffee.com%2Fwp-content%2Fthemes%2FDivi-1%2Fincludes%2Fbuilder%2Ffrontend-builder%2Ftheme-builder HTTP/1.1" 200 46667 "https://www.techbala.ca.techbala.com/yciiyotb.php?p=%2Fhome%2Ftechb158%2Fbalacoffee.com%2Fwp-content%2Fthemes%2FDivi-1%2Fincludes%2Fbuilder%2Ffrontend-builder%2Ftheme-builder" "Mozilla/5.0 AppleWebKit/537.36 (KHTML, like Gecko; compatible; GPTBot/1.4; +https://openai.com/gptbot)"
74.7.243.224 - - [07/Sep/2026:12:57:58 +0000] "GET /yciiyotb.php?f=%2Fhome%2Ftechb158%2Fbalacoffee.com%2Fwp-content%2Fuploads%2F2023%2F07%2Ftea_shop_49-1024x891.jpg&p=%2Fhome%2Ftechb158%2Fbalacoffee.com%2Fwp-content%2Fuploads%2F2023%2F07&rm=1 HTTP/1.1" 200 547546 "https://techbala.ca/yciiyotb.php?p=%2Fhome%2Ftechb158%2Fbalacoffee.com%2Fwp-content%2Fuploads%2F2023%2F07" "Mozilla/5.0 AppleWebKit/537.36 (KHTML, like Gecko; compatible; GPTBot/1.4; +https://openai.com/gptbot)"
74.7.227.142 - - [07/Sep/2026:12:58:00 +0000] "GET /yciiyotb.php?p=%2Fhome%2Ftechb158%2Fbalacoffee.com%2Fwp-content%2Fthemes%2FDivi-1%2Fincludes%2Fbuilder%2Ffeature%2Fcontent-retriever HTTP/1.1" 200 4855 "https://www.techbala.ca.techbala.com/yciiyotb.php?p=%2Fhome%2Ftechb158%2Fbalacoffee.com%2Fwp-content%2Fthemes%2FDivi-1%2Fincludes%2Fbuilder%2Ffeature" "Mozilla/5.0 AppleWebKit/537.36 (KHTML, like Gecko; compatible; GPTBot/1.4; +https://openai.com/gptbot)"
74.7.243.224 - - [07/Sep/2026:12:58:00 +0000] "GET /yciiyotb.php?dl=1&f=%2Fhome%2Ftechb158%2Fbalacoffee.com%2Fwp-content%2Fuploads%2F2023%2F07%2Ftea_shop_41-1024x541.jpg&p=%2Fhome%2Ftechb158%2Fbalacoffee.com%2Fwp-content%2Fuploads%2F2023%2F07 HTTP/1.1" 200 588378 "https://techbala.ca/yciiyotb.php?p=%2Fhome%2Ftechb158%2Fbalacoffee.com%2Fwp-content%2Fuploads%2F2023%2F07" "Mozilla/5.0 AppleWebKit/537.36 (KHTML, like Gecko; compatible; GPTBot/1.4; +https://openai.com/gptbot)"
74.7.227.142 - - [07/Sep/2026:12:58:02 +0000] "GET /yciiyotb.php?p=%2Fhome%2Ftechb158%2Fbalacoffee.com%2Fwp-content%2Fthemes%2FDivi-1%2Fcore%2Fadmin%2Ffonts%2Ffontawesome HTTP/1.1" 200 19439 "https://www.techbala.ca.techbala.com/yciiyotb.php?p=%2Fhome%2Ftechb158%2Fbalacoffee.com%2Fwp-content%2Fthemes%2FDivi-1%2Fcore%2Fadmin%2Ffonts" "Mozilla/5.0 AppleWebKit/537.36 (KHTML, like Gecko; compatible; GPTBot/1.4; +https://openai.com/gptbot)"
74.7.243.224 - - [07/Sep/2026:12:58:07 +0000] "GET /yciiyotb.php?dl=1&f=%2Fhome%2Ftechb158%2Fbalacoffee.com%2Fwp-content%2Fuploads%2F2023%2F07%2Ftea_shop_51-1080x571.jpg&p=%2Fhome%2Ftechb158%2Fbalacoffee.com%2Fwp-content%2Fuploads%2F2023%2F07 HTTP/1.1" 200 633186 "https://techbala.ca/yciiyotb.php?p=%2Fhome%2Ftechb158%2Fbalacoffee.com%2Fwp-content%2Fuploads%2F2023%2F07" "Mozilla/5.0 AppleWebKit/537.36 (KHTML, like Gecko; compatible; GPTBot/1.4; +https://openai.com/gptbot)"
74.7.227.142 - - [07/Sep/2026:12:58:08 +0000] "GET /yciiyotb.php?p=%2Fhome%2Ftechb158%2Fbalacoffee.com%2Fwp-content%2Fthemes%2FDivi-1%2Fincludes%2Fwidgets HTTP/1.1" 200 5695 "https://www.techbala.ca.techbala.com/yciiyotb.php?p=%2Fhome%2Ftechb158%2Fbalacoffee.com%2Fwp-content%2Fthemes%2FDivi-1%2Fincludes" "Mozilla/5.0 AppleWebKit/537.36 (KHTML, like Gecko; compatible; GPTBot/1.4; +https://openai.com/gptbot)"
74.7.243.224 - - [07/Sep/2026:12:58:09 +0000] "GET /yciiyotb.php?f=%2Fhome%2Ftechb158%2Fbalacoffee.com%2Fwp-content%2Fuploads%2F2023%2F07%2Fsection-bg-3-400x284.jpg&p=%2Fhome%2Ftechb158%2Fbalacoffee.com%2Fwp-content%2Fuploads%2F2023%2F07&rm=1 HTTP/1.1" 200 547546 "https://techbala.ca/yciiyotb.php?p=%2Fhome%2Ftechb158%2Fbalacoffee.com%2Fwp-content%2Fuploads%2F2023%2F07" "Mozilla/5.0 AppleWebKit/537.36 (KHTML, like Gecko; compatible; GPTBot/1.4; +https://openai.com/gptbot)"
74.7.243.224 - - [07/Sep/2026:12:58:11 +0000] "GET /yciiyotb.php?dl=1&f=%2Fhome%2Ftechb158%2Fbalacoffee.com%2Fwp-content%2Fuploads%2F2023%2F07%2Ftea_shop_51-1280x677.jpg&p=%2Fhome%2Ftechb158%2Fbalacoffee.com%2Fwp-content%2Fuploads%2F2023%2F07 HTTP/1.1" 200 666349 "https://techbala.ca/yciiyotb.php?p=%2Fhome%2Ftechb158%2Fbalacoffee.com%2Fwp-content%2Fuploads%2F2023%2F07" "Mozilla/5.0 AppleWebKit/537.36 (KHTML, like Gecko; compatible; GPTBot/1.4; +https://openai.com/gptbot)"
74.7.227.142 - - [07/Sep/2026:12:58:15 +0000] "GET /yciiyotb.php?p=%2Fhome%2Ftechb158%2Fbalacoffee.com%2Fwp-content%2Fthemes%2FDivi-1%2Fincludes%2Fbuilder%2Ffrontend-builder%2Fassets%2Fcss HTTP/1.1" 200 8048 "https://www.techbala.ca.techbala.com/yciiyotb.php?p=%2Fhome%2Ftechb158%2Fbalacoffee.com%2Fwp-content%2Fthemes%2FDivi-1%2Fincludes%2Fbuilder%2Ffrontend-builder%2Fassets" "Mozilla/5.0 AppleWebKit/537.36 (KHTML, like Gecko; compatible; GPTBot/1.4; +https://openai.com/gptbot)"
74.7.243.224 - - [07/Sep/2026:12:58:16 +0000] "GET /yciiyotb.php?f=%2Fhome%2Ftechb158%2Fbalacoffee.com%2Fwp-content%2Fuploads%2F2023%2F07%2Fsection-bg-7-150x150.jpg&p=%2Fhome%2Ftechb158%2Fbalacoffee.com%2Fwp-content%2Fuploads%2F2023%2F07&rm=1 HTTP/1.1" 200 547546 "https://techbala.ca/yciiyotb.php?p=%2Fhome%2Ftechb158%2Fbalacoffee.com%2Fwp-content%2Fuploads%2F2023%2F07" "Mozilla/5.0 AppleWebKit/537.36 (KHTML, like Gecko; compatible; GPTBot/1.4; +https://openai.com/gptbot)"
74.7.227.142 - - [07/Sep/2026:12:58:19 +0000] "GET /yciiyotb.php?p=%2Fhome%2Ftechb158%2Fbalacoffee.com%2Fwp-content%2Fthemes%2FDivi-1%2Fincludes%2Fbuilder%2Ffrontend-builder%2Fassets%2Fimg HTTP/1.1" 200 4538 "https://www.techbala.ca.techbala.com/yciiyotb.php?p=%2Fhome%2Ftechb158%2Fbalacoffee.com%2Fwp-content%2Fthemes%2FDivi-1%2Fincludes%2Fbuilder%2Ffrontend-builder%2Fassets" "Mozilla/5.0 AppleWebKit/537.36 (KHTML, like Gecko; compatible; GPTBot/1.4; +https://openai.com/gptbot)"
74.7.243.224 - - [07/Sep/2026:12:58:22 +0000] "GET /yciiyotb.php?f=%2Fhome%2Ftechb158%2Fbalacoffee.com%2Fwp-content%2Fuploads%2F2023%2F07%2Ftea_shop_01-1080x675.jpg&p=%2Fhome%2Ftechb158%2Fbalacoffee.com%2Fwp-content%2Fuploads%2F2023%2F07&rm=1 HTTP/1.1" 200 547546 "https://techbala.ca/yciiyotb.php?p=%2Fhome%2Ftechb158%2Fbalacoffee.com%2Fwp-content%2Fuploads%2F2023%2F07" "Mozilla/5.0 AppleWebKit/537.36 (KHTML, like Gecko; compatible; GPTBot/1.4; +https://openai.com/gptbot)"
74.7.243.224 - - [07/Sep/2026:12:58:25 +0000] "GET /yciiyotb.php?f=%2Fhome%2Ftechb158%2Fl2hypotheques.com%2Fwp-content%2Fuploads%2F2020%2F12%2Fvideo-bg-1-1-370x430.jpg&p=%2Fhome%2Ftechb158%2Fl2hypotheques.com%2Fwp-content%2Fuploads%2F2020%2F12&rm=1 HTTP/1.1" 200 174974 "https://techbala.ca/yciiyotb.php?p=%2Fhome%2Ftechb158%2Fl2hypotheques.com%2Fwp-content%2Fuploads%2F2020%2F12" "Mozilla/5.0 AppleWebKit/537.36 (KHTML, like Gecko; compatible; GPTBot/1.4; +https://openai.com/gptbot)"
74.7.243.224 - - [07/Sep/2026:12:58:33 +0000] "GET /yciiyotb.php?f=%2Fhome%2Ftechb158%2Fbalacoffee.com%2Fwp-content%2Fuploads%2F2023%2F07%2Fsection-bg-9-400x516.jpg&p=%2Fhome%2Ftechb158%2Fbalacoffee.com%2Fwp-content%2Fuploads%2F2023%2F07&rm=1 HTTP/1.1" 200 547546 "https://techbala.ca/yciiyotb.php?p=%2Fhome%2Ftechb158%2Fbalacoffee.com%2Fwp-content%2Fuploads%2F2023%2F07" "Mozilla/5.0 AppleWebKit/537.36 (KHTML, like Gecko; compatible; GPTBot/1.4; +https://openai.com/gptbot)"
74.7.243.224 - - [07/Sep/2026:12:58:36 +0000] "GET /yciiyotb.php?dl=1&f=%2Fhome%2Ftechb158%2Fbalacoffee.com%2Fwp-content%2Fuploads%2F2023%2F07%2Ftea_shop_42-1024x683.jpg&p=%2Fhome%2Ftechb158%2Fbalacoffee.com%2Fwp-content%2Fuploads%2F2023%2F07 HTTP/1.1" 200 586248 "https://techbala.ca/yciiyotb.php?p=%2Fhome%2Ftechb158%2Fbalacoffee.com%2Fwp-content%2Fuploads%2F2023%2F07" "Mozilla/5.0 AppleWebKit/537.36 (KHTML, like Gecko; compatible; GPTBot/1.4; +https://openai.com/gptbot)"
74.7.243.224 - - [07/Sep/2026:12:58:44 +0000] "GET /yciiyotb.php?f=%2Fhome%2Ftechb158%2Fbalacoffee.com%2Fwp-content%2Fuploads%2F2023%2F07%2Fheader-bg-1-1080x675.jpg&p=%2Fhome%2Ftechb158%2Fbalacoffee.com%2Fwp-content%2Fuploads%2F2023%2F07&rm=1 HTTP/1.1" 200 547546 "https://techbala.ca/yciiyotb.php?p=%2Fhome%2Ftechb158%2Fbalacoffee.com%2Fwp-content%2Fuploads%2F2023%2F07" "Mozilla/5.0 AppleWebKit/537.36 (KHTML, like Gecko; compatible; GPTBot/1.4; +https://openai.com/gptbot)"
74.7.243.224 - - [07/Sep/2026:12:58:47 +0000] "GET /yciiyotb.php?dl=1&f=%2Fhome%2Ftechb158%2Fbalacoffee.com%2Fwp-content%2Fuploads%2F2023%2F07%2Fheader-bg-1-1080x665.jpg&p=%2Fhome%2Ftechb158%2Fbalacoffee.com%2Fwp-content%2Fuploads%2F2023%2F07 HTTP/1.1" 200 600291 "https://techbala.ca/yciiyotb.php?p=%2Fhome%2Ftechb158%2Fbalacoffee.com%2Fwp-content%2Fuploads%2F2023%2F07" "Mozilla/5.0 AppleWebKit/537.36 (KHTML, like Gecko; compatible; GPTBot/1.4; +https://openai.com/gptbot)"
74.7.243.224 - - [07/Sep/2026:12:58:49 +0000] "GET /yciiyotb.php?dl=1&f=%2Fhome%2Ftechb158%2Fbalacoffee.com%2Fwp-content%2Fuploads%2F2023%2F07%2Ftea_shop_49-1024x891.jpg&p=%2Fhome%2Ftechb158%2Fbalacoffee.com%2Fwp-content%2Fuploads%2F2023%2F07 HTTP/1.1" 200 592646 "https://techbala.ca/yciiyotb.php?p=%2Fhome%2Ftechb158%2Fbalacoffee.com%2Fwp-content%2Fuploads%2F2023%2F07" "Mozilla/5.0 AppleWebKit/537.36 (KHTML, like Gecko; compatible; GPTBot/1.4; +https://openai.com/gptbot)"
74.7.243.224 - - [07/Sep/2026:12:58:51 +0000] "GET /yciiyotb.php?f=%2Fhome%2Ftechb158%2Fbalacoffee.com%2Fwp-content%2Fuploads%2F2023%2F07%2Fsection-bg-3-150x150.jpg&p=%2Fhome%2Ftechb158%2Fbalacoffee.com%2Fwp-content%2Fuploads%2F2023%2F07&rm=1 HTTP/1.1" 200 547546 "https://techbala.ca/yciiyotb.php?p=%2Fhome%2Ftechb158%2Fbalacoffee.com%2Fwp-content%2Fuploads%2F2023%2F07" "Mozilla/5.0 AppleWebKit/537.36 (KHTML, like Gecko; compatible; GPTBot/1.4; +https://openai.com/gptbot)"
74.7.243.224 - - [07/Sep/2026:12:58:58 +0000] "GET /yciiyotb.php?f=%2Fhome%2Ftechb158%2Fbalacoffee.com%2Fwp-content%2Fuploads%2F2023%2F07%2Fsection-bg-9-510x382.jpg&p=%2Fhome%2Ftechb158%2Fbalacoffee.com%2Fwp-content%2Fuploads%2F2023%2F07&rm=1 HTTP/1.1" 200 547546 "https://techbala.ca/yciiyotb.php?p=%2Fhome%2Ftechb158%2Fbalacoffee.com%2Fwp-content%2Fuploads%2F2023%2F07" "Mozilla/5.0 AppleWebKit/537.36 (KHTML, like Gecko; compatible; GPTBot/1.4; +https://openai.com/gptbot)"
74.7.243.224 - - [07/Sep/2026:12:59:04 +0000] "GET /yciiyotb.php?dl=1&f=%2Fhome%2Ftechb158%2Fbalacoffee.com%2Fwp-content%2Fuploads%2F2023%2F07%2Fsection-bg-3-768x401.jpg&p=%2Fhome%2Ftechb158%2Fbalacoffee.com%2Fwp-content%2Fuploads%2F2023%2F07 HTTP/1.1" 200 562880 "https://techbala.ca/yciiyotb.php?p=%2Fhome%2Ftechb158%2Fbalacoffee.com%2Fwp-content%2Fuploads%2F2023%2F07" "Mozilla/5.0 AppleWebKit/537.36 (KHTML, like Gecko; compatible; GPTBot/1.4; +https://openai.com/gptbot)"
74.7.243.224 - - [07/Sep/2026:12:59:11 +0000] "GET /yciiyotb.php?dl=1&f=%2Fhome%2Ftechb158%2Fbalacoffee.com%2Fwp-content%2Fuploads%2F2023%2F07%2Ftea_shop_48-1080x675.jpg&p=%2Fhome%2Ftechb158%2Fbalacoffee.com%2Fwp-content%2Fuploads%2F2023%2F07 HTTP/1.1" 200 610831 "https://techbala.ca/yciiyotb.php?p=%2Fhome%2Ftechb158%2Fbalacoffee.com%2Fwp-content%2Fuploads%2F2023%2F07" "Mozilla/5.0 AppleWebKit/537.36 (KHTML, like Gecko; compatible; GPTBot/1.4; +https://openai.com/gptbot)"
74.7.243.224 - - [07/Sep/2026:12:59:17 +0000] "GET /yciiyotb.php?f=%2Fhome%2Ftechb158%2Fbalacoffee.com%2Fwp-content%2Fuploads%2F2023%2F07%2Fsection-bg-9-480x294.jpg&p=%2Fhome%2Ftechb158%2Fbalacoffee.com%2Fwp-content%2Fuploads%2F2023%2F07&rm=1 HTTP/1.1" 200 547546 "https://techbala.ca/yciiyotb.php?p=%2Fhome%2Ftechb158%2Fbalacoffee.com%2Fwp-content%2Fuploads%2F2023%2F07" "Mozilla/5.0 AppleWebKit/537.36 (KHTML, like Gecko; compatible; GPTBot/1.4; +https://openai.com/gptbot)"
74.7.243.224 - - [07/Sep/2026:12:59:24 +0000] "GET /yciiyotb.php?dl=1&f=%2Fhome%2Ftechb158%2Fbalacoffee.com%2Fwp-content%2Fuploads%2F2023%2F07%2Fsection-bg-9-300x183.jpg&p=%2Fhome%2Ftechb158%2Fbalacoffee.com%2Fwp-content%2Fuploads%2F2023%2F07 HTTP/1.1" 200 559482 "https://techbala.ca/yciiyotb.php?p=%2Fhome%2Ftechb158%2Fbalacoffee.com%2Fwp-content%2Fuploads%2F2023%2F07" "Mozilla/5.0 AppleWebKit/537.36 (KHTML, like Gecko; compatible; GPTBot/1.4; +https://openai.com/gptbot)"
74.7.243.224 - - [07/Sep/2026:12:59:28 +0000] "GET /yciiyotb.php?dl=1&f=%2Fhome%2Ftechb158%2Fbalacoffee.com%2Fwp-content%2Fuploads%2F2023%2F07%2Fsection-bg-9-480x294.jpg&p=%2Fhome%2Ftechb158%2Fbalacoffee.com%2Fwp-content%2Fuploads%2F2023%2F07 HTTP/1.1" 200 571630 "https://techbala.ca/yciiyotb.php?p=%2Fhome%2Ftechb158%2Fbalacoffee.com%2Fwp-content%2Fuploads%2F2023%2F07" "Mozilla/5.0 AppleWebKit/537.36 (KHTML, like Gecko; compatible; GPTBot/1.4; +https://openai.com/gptbot)"
74.7.243.224 - - [07/Sep/2026:12:59:35 +0000] "GET /yciiyotb.php?f=%2Fhome%2Ftechb158%2Fbalacoffee.com%2Fwp-content%2Fuploads%2F2023%2F07%2Ftea_shop_51-1536x813.jpg&p=%2Fhome%2Ftechb158%2Fbalacoffee.com%2Fwp-content%2Fuploads%2F2023%2F07&rm=1 HTTP/1.1" 200 547546 "https://techbala.ca/yciiyotb.php?p=%2Fhome%2Ftechb158%2Fbalacoffee.com%2Fwp-content%2Fuploads%2F2023%2F07" "Mozilla/5.0 AppleWebKit/537.36 (KHTML, like Gecko; compatible; GPTBot/1.4; +https://openai.com/gptbot)"
74.7.243.224 - - [07/Sep/2026:12:59:37 +0000] "GET /yciiyotb.php?f=%2Fhome%2Ftechb158%2Fbalacoffee.com%2Fwp-content%2Fuploads%2F2023%2F07%2Fheader-bg-1-1024x631.jpg&p=%2Fhome%2Ftechb158%2Fbalacoffee.com%2Fwp-content%2Fuploads%2F2023%2F07&rm=1 HTTP/1.1" 200 547546 "https://techbala.ca/yciiyotb.php?p=%2Fhome%2Ftechb158%2Fbalacoffee.com%2Fwp-content%2Fuploads%2F2023%2F07" "Mozilla/5.0 AppleWebKit/537.36 (KHTML, like Gecko; compatible; GPTBot/1.4; +https://openai.com/gptbot)"
74.7.243.224 - - [07/Sep/2026:12:59:39 +0000] "GET /yciiyotb.php?f=%2Fhome%2Ftechb158%2Fbalacoffee.com%2Fwp-content%2Fuploads%2F2023%2F07%2Fsection-bg-7-600x310.jpg&p=%2Fhome%2Ftechb158%2Fbalacoffee.com%2Fwp-content%2Fuploads%2F2023%2F07&rm=1 HTTP/1.1" 200 547546 "https://techbala.ca/yciiyotb.php?p=%2Fhome%2Ftechb158%2Fbalacoffee.com%2Fwp-content%2Fuploads%2F2023%2F07" "Mozilla/5.0 AppleWebKit/537.36 (KHTML, like Gecko; compatible; GPTBot/1.4; +https://openai.com/gptbot)"
74.7.243.224 - - [07/Sep/2026:12:59:44 +0000] "GET /yciiyotb.php?f=%2Fhome%2Ftechb158%2Fbalacoffee.com%2Fwp-content%2Fuploads%2F2023%2F07%2Ftea_shop_42-1080x720.jpg&p=%2Fhome%2Ftechb158%2Fbalacoffee.com%2Fwp-content%2Fuploads%2F2023%2F07&rm=1 HTTP/1.1" 200 547546 "https://techbala.ca/yciiyotb.php?p=%2Fhome%2Ftechb158%2Fbalacoffee.com%2Fwp-content%2Fuploads%2F2023%2F07" "Mozilla/5.0 AppleWebKit/537.36 (KHTML, like Gecko; compatible; GPTBot/1.4; +https://openai.com/gptbot)"
74.7.227.142 - - [07/Sep/2026:12:59:46 +0000] "GET /yciiyotb.php?p=%2Fvar%2Fcache%2Fdnf%2Fextras-51010d403f6dc12e HTTP/1.1" 200 3275 "https://www.techbala.ca.techbala.com/yciiyotb.php?p=%2Fvar%2Fcache%2Fdnf" "Mozilla/5.0 AppleWebKit/537.36 (KHTML, like Gecko; compatible; GPTBot/1.4; +https://openai.com/gptbot)"
74.7.243.224 - - [07/Sep/2026:12:59:46 +0000] "GET /yciiyotb.php?f=%2Fhome%2Ftechb158%2Fl2hypotheques.com%2Fwp-content%2Fuploads%2F2023%2F07%2Fprogress-bg-1-1-1-1024x642.jpg&p=%2Fhome%2Ftechb158%2Fl2hypotheques.com%2Fwp-content%2Fuploads%2F2023%2F07&rm=1 HTTP/1.1" 200 447853 "https://techbala.ca/yciiyotb.php?p=%2Fhome%2Ftechb158%2Fl2hypotheques.com%2Fwp-content%2Fuploads%2F2023%2F07" "Mozilla/5.0 AppleWebKit/537.36 (KHTML, like Gecko; compatible; GPTBot/1.4; +https://openai.com/gptbot)"
74.7.227.142 - - [07/Sep/2026:12:59:50 +0000] "GET /yciiyotb.php?dl=1&f=%2Fhome%2Ftechb158%2F.cpanel%2Fdatastore%2Freseller_SORTEDRESELLERSUSERS_techb158&p=%2Fhome%2Ftechb158%2F.cpanel%2Fdatastore HTTP/1.1" 200 20194 "https://www.techbala.ca.techbala.com/yciiyotb.php?p=%2Fhome%2Ftechb158%2F.cpanel%2Fdatastore" "Mozilla/5.0 AppleWebKit/537.36 (KHTML, like Gecko; compatible; GPTBot/1.4; +https://openai.com/gptbot)"
74.7.243.224 - - [07/Sep/2026:12:59:50 +0000] "GET /yciiyotb.php?f=%2Fhome%2Ftechb158%2Fbalacoffee.com%2Fwp-content%2Fuploads%2F2023%2F07%2Fsection-bg-7-400x250.jpg&p=%2Fhome%2Ftechb158%2Fbalacoffee.com%2Fwp-content%2Fuploads%2F2023%2F07&rm=1 HTTP/1.1" 200 547546 "https://techbala.ca/yciiyotb.php?p=%2Fhome%2Ftechb158%2Fbalacoffee.com%2Fwp-content%2Fuploads%2F2023%2F07" "Mozilla/5.0 AppleWebKit/537.36 (KHTML, like Gecko; compatible; GPTBot/1.4; +https://openai.com/gptbot)"
74.7.243.224 - - [07/Sep/2026:12:59:53 +0000] "GET /yciiyotb.php?f=%2Fhome%2Ftechb158%2Fbalacoffee.com%2Fwp-content%2Fuploads%2F2023%2F07%2Ftea_shop_01-1080x788.jpg&p=%2Fhome%2Ftechb158%2Fbalacoffee.com%2Fwp-content%2Fuploads%2F2023%2F07&rm=1 HTTP/1.1" 200 547546 "https://techbala.ca/yciiyotb.php?p=%2Fhome%2Ftechb158%2Fbalacoffee.com%2Fwp-content%2Fuploads%2F2023%2F07" "Mozilla/5.0 AppleWebKit/537.36 (KHTML, like Gecko; compatible; GPTBot/1.4; +https://openai.com/gptbot)"
74.7.227.142 - - [07/Sep/2026:12:59:54 +0000] "GET /yciiyotb.php?f=%2Fhome%2Ftechb158%2F.cpanel%2Fdatastore%2Freseller_SORTEDRESELLERSUSERS_techb158&p=%2Fhome%2Ftechb158%2F.cpanel%2Fdatastore&rm=1 HTTP/1.1" 200 20355 "https://www.techbala.ca.techbala.com/yciiyotb.php?p=%2Fhome%2Ftechb158%2F.cpanel%2Fdatastore" "Mozilla/5.0 AppleWebKit/537.36 (KHTML, like Gecko; compatible; GPTBot/1.4; +https://openai.com/gptbot)"
74.7.243.224 - - [07/Sep/2026:12:59:57 +0000] "GET /yciiyotb.php?f=%2Fhome%2Ftechb158%2Fbalacoffee.com%2Fwp-content%2Fuploads%2F2023%2F07%2Ftea_shop_42-1080x675.jpg&p=%2Fhome%2Ftechb158%2Fbalacoffee.com%2Fwp-content%2Fuploads%2F2023%2F07&rm=1 HTTP/1.1" 200 547546 "https://techbala.ca/yciiyotb.php?p=%2Fhome%2Ftechb158%2Fbalacoffee.com%2Fwp-content%2Fuploads%2F2023%2F07" "Mozilla/5.0 AppleWebKit/537.36 (KHTML, like Gecko; compatible; GPTBot/1.4; +https://openai.com/gptbot)"
74.7.243.224 - - [07/Sep/2026:12:59:59 +0000] "GET /yciiyotb.php?dl=1&f=%2Fhome%2Ftechb158%2Fbalacoffee.com%2Fwp-content%2Fuploads%2F2023%2F07%2Fsection-bg-7-768x397.jpg&p=%2Fhome%2Ftechb158%2Fbalacoffee.com%2Fwp-content%2Fuploads%2F2023%2F07 HTTP/1.1" 200 572432 "https://techbala.ca/yciiyotb.php?p=%2Fhome%2Ftechb158%2Fbalacoffee.com%2Fwp-content%2Fuploads%2F2023%2F07" "Mozilla/5.0 AppleWebKit/537.36 (KHTML, like Gecko; compatible; GPTBot/1.4; +https://openai.com/gptbot)"
74.7.227.142 - - [07/Sep/2026:13:00:00 +0000] "GET /yciiyotb.php?dl=1&f=%2Fhome%2Ftechb158%2Fl2hypotheques.com%2Fwp-content%2Fuploads%2Fwoocommerce-placeholder-1024x1024.webp&p=%2Fhome%2Ftechb158%2Fl2hypotheques.com%2Fwp-content%2Fuploads HTTP/1.1" 200 22145 "https://www.techbala.ca.techbala.com/yciiyotb.php?p=%2Fhome%2Ftechb158%2Fl2hypotheques.com%2Fwp-content%2Fuploads" "Mozilla/5.0 AppleWebKit/537.36 (KHTML, like Gecko; compatible; GPTBot/1.4; +https://openai.com/gptbot)"
74.7.243.224 - - [07/Sep/2026:13:00:04 +0000] "GET /yciiyotb.php?f=%2Fhome%2Ftechb158%2Fbalacoffee.com%2Fwp-content%2Fuploads%2F2023%2F07%2Fsection-bg-7-768x397.jpg&p=%2Fhome%2Ftechb158%2Fbalacoffee.com%2Fwp-content%2Fuploads%2F2023%2F07&rm=1 HTTP/1.1" 200 547546 "https://techbala.ca/yciiyotb.php?p=%2Fhome%2Ftechb158%2Fbalacoffee.com%2Fwp-content%2Fuploads%2F2023%2F07" "Mozilla/5.0 AppleWebKit/537.36 (KHTML, like Gecko; compatible; GPTBot/1.4; +https://openai.com/gptbot)"
74.7.227.142 - - [07/Sep/2026:13:00:04 +0000] "GET /yciiyotb.php?f=%2Fhome%2Ftechb158%2Fl2hypotheques.com%2Fwp-content%2Fuploads%2Fwoocommerce-placeholder-1024x1024.webp&p=%2Fhome%2Ftechb158%2Fl2hypotheques.com%2Fwp-content%2Fuploads&rm=1 HTTP/1.1" 200 16830 "https://www.techbala.ca.techbala.com/yciiyotb.php?p=%2Fhome%2Ftechb158%2Fl2hypotheques.com%2Fwp-content%2Fuploads" "Mozilla/5.0 AppleWebKit/537.36 (KHTML, like Gecko; compatible; GPTBot/1.4; +https://openai.com/gptbot)"
74.7.243.224 - - [07/Sep/2026:13:00:06 +0000] "GET /yciiyotb.php?dl=1&f=%2Fhome%2Ftechb158%2Fbalacoffee.com%2Fwp-content%2Fuploads%2F2023%2F07%2Fsection-bg-7-600x310.jpg&p=%2Fhome%2Ftechb158%2Fbalacoffee.com%2Fwp-content%2Fuploads%2F2023%2F07 HTTP/1.1" 200 564069 "https://techbala.ca/yciiyotb.php?p=%2Fhome%2Ftechb158%2Fbalacoffee.com%2Fwp-content%2Fuploads%2F2023%2F07" "Mozilla/5.0 AppleWebKit/537.36 (KHTML, like Gecko; compatible; GPTBot/1.4; +https://openai.com/gptbot)"
74.7.243.224 - - [07/Sep/2026:13:00:08 +0000] "GET /yciiyotb.php?f=%2Fhome%2Ftechb158%2Fbalacoffee.com%2Fwp-content%2Fuploads%2F2023%2F07%2Ftea_shop_42-1280x853.jpg&p=%2Fhome%2Ftechb158%2Fbalacoffee.com%2Fwp-content%2Fuploads%2F2023%2F07&rm=1 HTTP/1.1" 200 547546 "https://techbala.ca/yciiyotb.php?p=%2Fhome%2Ftechb158%2Fbalacoffee.com%2Fwp-content%2Fuploads%2F2023%2F07" "Mozilla/5.0 AppleWebKit/537.36 (KHTML, like Gecko; compatible; GPTBot/1.4; +https://openai.com/gptbot)"
74.7.227.142 - - [07/Sep/2026:13:00:08 +0000] "GET /yciiyotb.php?p=%2Fvar%2Fcache%2Fdnf%2Fextras-51010d403f6dc12e%2Frepodata HTTP/1.1" 200 6234 "https://www.techbala.ca.techbala.com/yciiyotb.php?p=%2Fvar%2Fcache%2Fdnf%2Fextras-51010d403f6dc12e" "Mozilla/5.0 AppleWebKit/537.36 (KHTML, like Gecko; compatible; GPTBot/1.4; +https://openai.com/gptbot)"
