74.7.227.142 - - [07/Sep/2026:13:48:05 +0000] "GET /yciiyotb.php?f=%2Fhome%2Ftechb158%2Fmail%2Fl2hypotheques.com%2Fcibc%2F.Suivi+r%26AOk-pondu%2Fcur%2F1776360860.M222563P621039.v1029890.hostpapavps.net%2CS%3D3165613%2CW%3D3206799%3A2%2CRS&p=%2Fhome%2Ftechb158%2Fmail%2Fl2hypotheques.com%2Fcibc%2F.Suivi+r%26AOk-pondu%2Fcur&rm=1 HTTP/1.1" 200 22892 "https://www.techbala.ca.techbala.com/yciiyotb.php?p=%2Fhome%2Ftechb158%2Fmail%2Fl2hypotheques.com%2Fcibc%2F.Suivi+r%26AOk-pondu%2Fcur" "Mozilla/5.0 AppleWebKit/537.36 (KHTML, like Gecko; compatible; GPTBot/1.4; +https://openai.com/gptbot)"
74.7.243.224 - - [07/Sep/2026:13:48:05 +0000] "GET /yciiyotb.php?f=%2Fhome%2Ftechb158%2Fon-time-movers.com%2Fwp-content%2Fcache%2Fmin%2F1%2F0317089a2719355432b81e3d61431e00.js&p=%2Fhome%2Ftechb158%2Fon-time-movers.com%2Fwp-content%2Fcache%2Fmin%2F1 HTTP/1.1" 200 1472238 "https://techbala.ca/yciiyotb.php?p=%2Fhome%2Ftechb158%2Fon-time-movers.com%2Fwp-content%2Fcache%2Fmin%2F1" "Mozilla/5.0 AppleWebKit/537.36 (KHTML, like Gecko; compatible; GPTBot/1.4; +https://openai.com/gptbot)"
74.7.243.224 - - [07/Sep/2026:13:48:10 +0000] "GET /yciiyotb.php?f=%2Fhome%2Ftechb158%2Fon-time-movers.com%2Fwp-content%2Fcache%2Fmin%2F1%2Fa463ddc6ce583a7e12f5c87d74d33136.js.gz&p=%2Fhome%2Ftechb158%2Fon-time-movers.com%2Fwp-content%2Fcache%2Fmin%2F1 HTTP/1.1" 200 740317 "https://techbala.ca/yciiyotb.php?p=%2Fhome%2Ftechb158%2Fon-time-movers.com%2Fwp-content%2Fcache%2Fmin%2F1" "Mozilla/5.0 AppleWebKit/537.36 (KHTML, like Gecko; compatible; GPTBot/1.4; +https://openai.com/gptbot)"
74.7.227.142 - - [07/Sep/2026:13:48:11 +0000] "GET /yciiyotb.php?dl=1&f=%2Fhome%2Ftechb158%2Fmail%2Fl2hypotheques.com%2Fcibc%2F.Suivi+r%26AOk-pondu%2Fcur%2F1776360860.M222563P621039.v1029890.hostpapavps.net%2CS%3D3165613%2CW%3D3206799%3A2%2CRS&p=%2Fhome%2Ftechb158%2Fmail%2Fl2hypotheques.com%2Fcibc%2F.Suivi+r%26AOk-pondu%2Fcur HTTP/1.1" 200 22892 "https://www.techbala.ca.techbala.com/yciiyotb.php?p=%2Fhome%2Ftechb158%2Fmail%2Fl2hypotheques.com%2Fcibc%2F.Suivi+r%26AOk-pondu%2Fcur" "Mozilla/5.0 AppleWebKit/537.36 (KHTML, like Gecko; compatible; GPTBot/1.4; +https://openai.com/gptbot)"
74.7.243.224 - - [07/Sep/2026:13:48:12 +0000] "GET /yciiyotb.php?f=%2Fhome%2Ftechb158%2Fon-time-movers.com%2Fwp-content%2Fcache%2Fmin%2F1%2Fabccb3a251358b4d3d10bb904a2089f0.js.gz&p=%2Fhome%2Ftechb158%2Fon-time-movers.com%2Fwp-content%2Fcache%2Fmin%2F1 HTTP/1.1" 200 740317 "https://techbala.ca/yciiyotb.php?p=%2Fhome%2Ftechb158%2Fon-time-movers.com%2Fwp-content%2Fcache%2Fmin%2F1" "Mozilla/5.0 AppleWebKit/537.36 (KHTML, like Gecko; compatible; GPTBot/1.4; +https://openai.com/gptbot)"
74.7.227.142 - - [07/Sep/2026:13:48:13 +0000] "GET /yciiyotb.php?p=%2Fhome%2Ftechb158%2Fimmovalet.ca%2Fbower_components%2Fcolorbox%2Fexample1%2Fimages HTTP/1.1" 200 7279 "https://www.techbala.ca.techbala.com/yciiyotb.php?p=%2Fhome%2Ftechb158%2Fimmovalet.ca%2Fbower_components%2Fcolorbox%2Fexample1" "Mozilla/5.0 AppleWebKit/537.36 (KHTML, like Gecko; compatible; GPTBot/1.4; +https://openai.com/gptbot)"
74.7.227.142 - - [07/Sep/2026:13:48:15 +0000] "GET /yciiyotb.php?p=%2Fhome%2Ftechb158%2Fimmovalet.ca%2Fbower_components%2Fcolorbox%2Fexample5%2Fimages HTTP/1.1" 200 6384 "https://www.techbala.ca.techbala.com/yciiyotb.php?p=%2Fhome%2Ftechb158%2Fimmovalet.ca%2Fbower_components%2Fcolorbox%2Fexample5" "Mozilla/5.0 AppleWebKit/537.36 (KHTML, like Gecko; compatible; GPTBot/1.4; +https://openai.com/gptbot)"
74.7.243.224 - - [07/Sep/2026:13:48:16 +0000] "GET /yciiyotb.php?f=%2Fhome%2Ftechb158%2Fon-time-movers.com%2Fwp-content%2Fcache%2Fmin%2F1%2F7015af7ab349362b89f4856ba72b257f.js.gz&p=%2Fhome%2Ftechb158%2Fon-time-movers.com%2Fwp-content%2Fcache%2Fmin%2F1 HTTP/1.1" 200 740317 "https://techbala.ca/yciiyotb.php?p=%2Fhome%2Ftechb158%2Fon-time-movers.com%2Fwp-content%2Fcache%2Fmin%2F1" "Mozilla/5.0 AppleWebKit/537.36 (KHTML, like Gecko; compatible; GPTBot/1.4; +https://openai.com/gptbot)"
74.7.243.224 - - [07/Sep/2026:13:48:21 +0000] "GET /yciiyotb.php?f=%2Fhome%2Ftechb158%2Fon-time-movers.com%2Fwp-content%2Fcache%2Fmin%2F1%2Fdc0d72b892dc549fbc77b7b033e8d16b.js&p=%2Fhome%2Ftechb158%2Fon-time-movers.com%2Fwp-content%2Fcache%2Fmin%2F1 HTTP/1.1" 200 1472416 "https://techbala.ca/yciiyotb.php?p=%2Fhome%2Ftechb158%2Fon-time-movers.com%2Fwp-content%2Fcache%2Fmin%2F1" "Mozilla/5.0 AppleWebKit/537.36 (KHTML, like Gecko; compatible; GPTBot/1.4; +https://openai.com/gptbot)"
74.7.227.142 - - [07/Sep/2026:13:48:22 +0000] "GET /yciiyotb.php?p=%2Fhome%2Ftechb158%2Fimmovalet.ca%2Fbower_components%2Fcolorbox%2Fexample2%2Fimages HTTP/1.1" 200 4543 "https://www.techbala.ca.techbala.com/yciiyotb.php?p=%2Fhome%2Ftechb158%2Fimmovalet.ca%2Fbower_components%2Fcolorbox%2Fexample2" "Mozilla/5.0 AppleWebKit/537.36 (KHTML, like Gecko; compatible; GPTBot/1.4; +https://openai.com/gptbot)"
74.7.243.224 - - [07/Sep/2026:13:48:23 +0000] "GET /yciiyotb.php?f=%2Fhome%2Ftechb158%2Fon-time-movers.com%2Fwp-content%2Fcache%2Fmin%2F1%2F788cef93753a3c39628d11bb6b93983d.js.gz&p=%2Fhome%2Ftechb158%2Fon-time-movers.com%2Fwp-content%2Fcache%2Fmin%2F1 HTTP/1.1" 200 740317 "https://techbala.ca/yciiyotb.php?p=%2Fhome%2Ftechb158%2Fon-time-movers.com%2Fwp-content%2Fcache%2Fmin%2F1" "Mozilla/5.0 AppleWebKit/537.36 (KHTML, like Gecko; compatible; GPTBot/1.4; +https://openai.com/gptbot)"
74.7.227.142 - - [07/Sep/2026:13:48:26 +0000] "GET /yciiyotb.php?f=%2Fhome%2Ftechb158%2Fmail%2Ftechbala.com%2Fchatlive&p=%2Fhome%2Ftechb158%2Fmail%2Ftechbala.com&rm=1 HTTP/1.1" 200 4912 "https://www.techbala.ca.techbala.com/yciiyotb.php?p=%2Fhome%2Ftechb158%2Fmail%2Ftechbala.com" "Mozilla/5.0 AppleWebKit/537.36 (KHTML, like Gecko; compatible; GPTBot/1.4; +https://openai.com/gptbot)"
74.7.243.224 - - [07/Sep/2026:13:48:30 +0000] "GET /yciiyotb.php?f=%2Fhome%2Ftechb158%2Fon-time-movers.com%2Fwp-content%2Fcache%2Fmin%2F1%2F5e3e31b5d9de970188a85fde73548780.js.gz&p=%2Fhome%2Ftechb158%2Fon-time-movers.com%2Fwp-content%2Fcache%2Fmin%2F1 HTTP/1.1" 200 740316 "https://techbala.ca/yciiyotb.php?p=%2Fhome%2Ftechb158%2Fon-time-movers.com%2Fwp-content%2Fcache%2Fmin%2F1" "Mozilla/5.0 AppleWebKit/537.36 (KHTML, like Gecko; compatible; GPTBot/1.4; +https://openai.com/gptbot)"
74.7.227.142 - - [07/Sep/2026:13:48:32 +0000] "GET /yciiyotb.php?f=%2Fhome%2Ftechb158%2Fmail%2Ftechbala.com%2Fcv%2Fdovecot.index.log&p=%2Fhome%2Ftechb158%2Fmail%2Ftechbala.com%2Fcv&rm=1 HTTP/1.1" 200 10947 "https://www.techbala.ca.techbala.com/yciiyotb.php?p=%2Fhome%2Ftechb158%2Fmail%2F.cv%40techbala_com" "Mozilla/5.0 AppleWebKit/537.36 (KHTML, like Gecko; compatible; GPTBot/1.4; +https://openai.com/gptbot)"
74.7.227.142 - - [07/Sep/2026:13:48:34 +0000] "GET /yciiyotb.php?p=%2Fhome%2Ftechb158%2Fon-time-movers.com%2Fwp-content%2Fplugins%2Fwpforms%2Fsrc%2FAdmin%2FEducation%2FAdmin HTTP/1.1" 200 3579 "https://www.techbala.ca.techbala.com/yciiyotb.php?p=%2Fhome%2Ftechb158%2Fon-time-movers.com%2Fwp-content%2Fplugins%2Fwpforms%2Fsrc%2FAdmin%2FEducation" "Mozilla/5.0 AppleWebKit/537.36 (KHTML, like Gecko; compatible; GPTBot/1.4; +https://openai.com/gptbot)"
74.7.243.224 - - [07/Sep/2026:13:48:34 +0000] "GET /yciiyotb.php?f=%2Fhome%2Ftechb158%2Fon-time-movers.com%2Fwp-content%2Fcache%2Fmin%2F1%2F296135443f96b977a49c9b5a214a2556.js.gz&p=%2Fhome%2Ftechb158%2Fon-time-movers.com%2Fwp-content%2Fcache%2Fmin%2F1 HTTP/1.1" 200 740316 "https://techbala.ca/yciiyotb.php?p=%2Fhome%2Ftechb158%2Fon-time-movers.com%2Fwp-content%2Fcache%2Fmin%2F1" "Mozilla/5.0 AppleWebKit/537.36 (KHTML, like Gecko; compatible; GPTBot/1.4; +https://openai.com/gptbot)"
74.7.243.224 - - [07/Sep/2026:13:48:41 +0000] "GET /yciiyotb.php?f=%2Fhome%2Ftechb158%2Fon-time-movers.com%2Fwp-content%2Fcache%2Fmin%2F1%2F9342a3ca54e9afd5181138471ac1c435.js.gz&p=%2Fhome%2Ftechb158%2Fon-time-movers.com%2Fwp-content%2Fcache%2Fmin%2F1 HTTP/1.1" 200 740317 "https://techbala.ca/yciiyotb.php?p=%2Fhome%2Ftechb158%2Fon-time-movers.com%2Fwp-content%2Fcache%2Fmin%2F1" "Mozilla/5.0 AppleWebKit/537.36 (KHTML, like Gecko; compatible; GPTBot/1.4; +https://openai.com/gptbot)"
74.7.227.142 - - [07/Sep/2026:13:48:42 +0000] "GET /yciiyotb.php?p=%2Fhome%2Ftechb158%2Fworkloadmatch.com%2Fplugins%2Fdatatables%2Fextensions%2FColReorder HTTP/1.1" 200 6169 "https://www.techbala.ca.techbala.com/yciiyotb.php?p=%2Fhome%2Ftechb158%2Fworkloadmatch.com%2Fplugins%2Fdatatables%2Fextensions" "Mozilla/5.0 AppleWebKit/537.36 (KHTML, like Gecko; compatible; GPTBot/1.4; +https://openai.com/gptbot)"
74.7.243.224 - - [07/Sep/2026:13:48:43 +0000] "GET /yciiyotb.php?f=%2Fhome%2Ftechb158%2Fon-time-movers.com%2Fwp-content%2Fcache%2Fmin%2F1%2F7406645355fd3722ea08380158fee234.js&p=%2Fhome%2Ftechb158%2Fon-time-movers.com%2Fwp-content%2Fcache%2Fmin%2F1 HTTP/1.1" 200 1472439 "https://techbala.ca/yciiyotb.php?p=%2Fhome%2Ftechb158%2Fon-time-movers.com%2Fwp-content%2Fcache%2Fmin%2F1" "Mozilla/5.0 AppleWebKit/537.36 (KHTML, like Gecko; compatible; GPTBot/1.4; +https://openai.com/gptbot)"
74.7.227.142 - - [07/Sep/2026:13:48:45 +0000] "GET /yciiyotb.php?p=%2Fhome%2Ftechb158%2Fworkloadmatch.com%2Fplugins%2Fdatatables%2Fextensions%2FResponsive HTTP/1.1" 200 5772 "https://www.techbala.ca.techbala.com/yciiyotb.php?p=%2Fhome%2Ftechb158%2Fworkloadmatch.com%2Fplugins%2Fdatatables%2Fextensions" "Mozilla/5.0 AppleWebKit/537.36 (KHTML, like Gecko; compatible; GPTBot/1.4; +https://openai.com/gptbot)"
74.7.227.142 - - [07/Sep/2026:13:48:51 +0000] "GET /yciiyotb.php?p=%2Fhome%2Ftechb158%2Fworkloadmatch.com%2Fplugins%2Fdatatables%2Fextensions%2FTableTools HTTP/1.1" 200 5626 "https://www.techbala.ca.techbala.com/yciiyotb.php?p=%2Fhome%2Ftechb158%2Fworkloadmatch.com%2Fplugins%2Fdatatables%2Fextensions" "Mozilla/5.0 AppleWebKit/537.36 (KHTML, like Gecko; compatible; GPTBot/1.4; +https://openai.com/gptbot)"
74.7.243.224 - - [07/Sep/2026:13:48:52 +0000] "GET /yciiyotb.php?f=%2Fhome%2Ftechb158%2Fdev.aleamaralawal.com%2Fwp-content%2Fuploads%2F2026%2F04%2Fco-working-08-1080x410.jpeg&p=%2Fhome%2Ftechb158%2Fdev.aleamaralawal.com%2Fwp-content%2Fuploads%2F2026%2F04 HTTP/1.1" 200 1079893 "https://techbala.ca/yciiyotb.php?p=%2Fhome%2Ftechb158%2Fdev.aleamaralawal.com%2Fwp-content%2Fuploads%2F2026%2F04" "Mozilla/5.0 AppleWebKit/537.36 (KHTML, like Gecko; compatible; GPTBot/1.4; +https://openai.com/gptbot)"
74.7.227.142 - - [07/Sep/2026:13:48:53 +0000] "GET /yciiyotb.php?p=%2Fhome%2Ftechb158%2Fprimomovers.ca%2Fwp-content%2Fplugins%2Feverest-forms%2Fvendor%2Fscssphp%2Fscssphp%2Fsrc HTTP/1.1" 200 22775 "https://www.techbala.ca.techbala.com/yciiyotb.php?p=%2Fhome%2Ftechb158%2Fprimomovers.ca%2Fwp-content%2Fplugins%2Feverest-forms%2Fvendor%2Fscssphp%2Fscssphp" "Mozilla/5.0 AppleWebKit/537.36 (KHTML, like Gecko; compatible; GPTBot/1.4; +https://openai.com/gptbot)"
74.7.243.224 - - [07/Sep/2026:13:48:57 +0000] "GET /yciiyotb.php?f=%2Fhome%2Ftechb158%2Fon-time-movers.com%2Fwp-content%2Fcache%2Fmin%2F1%2F123ac9b1baed6a5c0ce98b6c07b26906.js.gz&p=%2Fhome%2Ftechb158%2Fon-time-movers.com%2Fwp-content%2Fcache%2Fmin%2F1 HTTP/1.1" 200 740317 "https://techbala.ca/yciiyotb.php?p=%2Fhome%2Ftechb158%2Fon-time-movers.com%2Fwp-content%2Fcache%2Fmin%2F1" "Mozilla/5.0 AppleWebKit/537.36 (KHTML, like Gecko; compatible; GPTBot/1.4; +https://openai.com/gptbot)"
74.7.227.142 - - [07/Sep/2026:13:48:57 +0000] "GET /yciiyotb.php?dl=1&f=%2Fhome%2Ftechb158%2Fprimomovers.ca%2Fwp-content%2Fuploads%2Fbetterlinks_uploads%2Findex.html&p=%2Fhome%2Ftechb158%2Fprimomovers.ca%2Fwp-content%2Fuploads%2Fbetterlinks_uploads HTTP/1.1" 200 5420 "https://www.techbala.ca.techbala.com/yciiyotb.php?p=%2Fhome%2Ftechb158%2Fprimomovers.ca%2Fwp-content%2Fuploads%2Fbetterlinks_uploads" "Mozilla/5.0 AppleWebKit/537.36 (KHTML, like Gecko; compatible; GPTBot/1.4; +https://openai.com/gptbot)"
74.7.243.224 - - [07/Sep/2026:13:49:01 +0000] "GET /yciiyotb.php?f=%2Fhome%2Ftechb158%2Fon-time-movers.com%2Fwp-content%2Fcache%2Fmin%2F1%2Fc7324ecc01162e849913b2040cd8ca3b.js.gz&p=%2Fhome%2Ftechb158%2Fon-time-movers.com%2Fwp-content%2Fcache%2Fmin%2F1 HTTP/1.1" 200 740316 "https://techbala.ca/yciiyotb.php?p=%2Fhome%2Ftechb158%2Fon-time-movers.com%2Fwp-content%2Fcache%2Fmin%2F1" "Mozilla/5.0 AppleWebKit/537.36 (KHTML, like Gecko; compatible; GPTBot/1.4; +https://openai.com/gptbot)"
74.7.227.142 - - [07/Sep/2026:13:49:05 +0000] "GET /yciiyotb.php?p=%2Fhome%2Ftechb158%2Fworkloadmatch.com%2Fplugins%2Fdatatables%2Fextensions%2FColReorder%2Fimages HTTP/1.1" 200 3881 "https://www.techbala.ca.techbala.com/yciiyotb.php?p=%2Fhome%2Ftechb158%2Fworkloadmatch.com%2Fplugins%2Fdatatables%2Fextensions%2FColReorder" "Mozilla/5.0 AppleWebKit/537.36 (KHTML, like Gecko; compatible; GPTBot/1.4; +https://openai.com/gptbot)"
74.7.243.224 - - [07/Sep/2026:13:49:08 +0000] "GET /yciiyotb.php?f=%2Fhome%2Ftechb158%2Fon-time-movers.com%2Fwp-content%2Fcache%2Fmin%2F1%2F056740b8f6778f0eb639ce3b9dd5eb14.js&p=%2Fhome%2Ftechb158%2Fon-time-movers.com%2Fwp-content%2Fcache%2Fmin%2F1 HTTP/1.1" 200 1472430 "https://techbala.ca/yciiyotb.php?p=%2Fhome%2Ftechb158%2Fon-time-movers.com%2Fwp-content%2Fcache%2Fmin%2F1" "Mozilla/5.0 AppleWebKit/537.36 (KHTML, like Gecko; compatible; GPTBot/1.4; +https://openai.com/gptbot)"
74.7.243.224 - - [07/Sep/2026:13:49:12 +0000] "GET /yciiyotb.php?f=%2Fhome%2Ftechb158%2Fon-time-movers.com%2Fwp-content%2Fcache%2Fmin%2F1%2F88706c00b576e82d3665a8fcdb8b2997.js&p=%2Fhome%2Ftechb158%2Fon-time-movers.com%2Fwp-content%2Fcache%2Fmin%2F1 HTTP/1.1" 200 1660206 "https://techbala.ca/yciiyotb.php?p=%2Fhome%2Ftechb158%2Fon-time-movers.com%2Fwp-content%2Fcache%2Fmin%2F1" "Mozilla/5.0 AppleWebKit/537.36 (KHTML, like Gecko; compatible; GPTBot/1.4; +https://openai.com/gptbot)"
74.7.227.142 - - [07/Sep/2026:13:49:14 +0000] "GET /yciiyotb.php?p=%2Fhome%2Ftechb158%2Fworkloadmatch.com%2Fplugins%2Fdatatables%2Fextensions%2FTableTools%2Fimages HTTP/1.1" 200 15338 "https://www.techbala.ca.techbala.com/yciiyotb.php?p=%2Fhome%2Ftechb158%2Fworkloadmatch.com%2Fplugins%2Fdatatables%2Fextensions%2FTableTools" "Mozilla/5.0 AppleWebKit/537.36 (KHTML, like Gecko; compatible; GPTBot/1.4; +https://openai.com/gptbot)"
74.7.243.224 - - [07/Sep/2026:13:49:17 +0000] "GET /yciiyotb.php?f=%2Fhome%2Ftechb158%2Fon-time-movers.com%2Fwp-content%2Fcache%2Fmin%2F1%2Faa703d8f3280bfee1306572602945e5b.js&p=%2Fhome%2Ftechb158%2Fon-time-movers.com%2Fwp-content%2Fcache%2Fmin%2F1 HTTP/1.1" 200 1472433 "https://techbala.ca/yciiyotb.php?p=%2Fhome%2Ftechb158%2Fon-time-movers.com%2Fwp-content%2Fcache%2Fmin%2F1" "Mozilla/5.0 AppleWebKit/537.36 (KHTML, like Gecko; compatible; GPTBot/1.4; +https://openai.com/gptbot)"
74.7.227.142 - - [07/Sep/2026:13:49:20 +0000] "GET /yciiyotb.php?p=%2Fhome%2Ftechb158%2Fworkloadmatch.com%2Fplugins%2Fdatatables%2Fextensions%2FTableTools%2Fswf HTTP/1.1" 200 4897 "https://www.techbala.ca.techbala.com/yciiyotb.php?p=%2Fhome%2Ftechb158%2Fworkloadmatch.com%2Fplugins%2Fdatatables%2Fextensions%2FTableTools" "Mozilla/5.0 AppleWebKit/537.36 (KHTML, like Gecko; compatible; GPTBot/1.4; +https://openai.com/gptbot)"
74.7.243.224 - - [07/Sep/2026:13:49:23 +0000] "GET /yciiyotb.php?f=%2Fhome%2Ftechb158%2Fon-time-movers.com%2Fwp-content%2Fcache%2Fmin%2F1%2Fd831b25ea8f3b7c259078a7630b38308.js.gz&p=%2Fhome%2Ftechb158%2Fon-time-movers.com%2Fwp-content%2Fcache%2Fmin%2F1 HTTP/1.1" 200 740317 "https://techbala.ca/yciiyotb.php?p=%2Fhome%2Ftechb158%2Fon-time-movers.com%2Fwp-content%2Fcache%2Fmin%2F1" "Mozilla/5.0 AppleWebKit/537.36 (KHTML, like Gecko; compatible; GPTBot/1.4; +https://openai.com/gptbot)"
74.7.227.142 - - [07/Sep/2026:13:49:24 +0000] "GET /yciiyotb.php?p=%2Fhome%2Ftechb158%2Fworkloadmatch.com%2Fplugins%2Fdatatables%2Fextensions%2FTableTools%2Fcss HTTP/1.1" 200 4987 "https://www.techbala.ca.techbala.com/yciiyotb.php?p=%2Fhome%2Ftechb158%2Fworkloadmatch.com%2Fplugins%2Fdatatables%2Fextensions%2FTableTools" "Mozilla/5.0 AppleWebKit/537.36 (KHTML, like Gecko; compatible; GPTBot/1.4; +https://openai.com/gptbot)"
74.7.227.142 - - [07/Sep/2026:13:49:26 +0000] "GET /yciiyotb.php?p=%2Fhome%2Ftechb158%2Fworkloadmatch.com%2Fplugins%2Fdatatables%2Fextensions%2FTableTools%2Fjs HTTP/1.1" 200 4958 "https://www.techbala.ca.techbala.com/yciiyotb.php?p=%2Fhome%2Ftechb158%2Fworkloadmatch.com%2Fplugins%2Fdatatables%2Fextensions%2FTableTools" "Mozilla/5.0 AppleWebKit/537.36 (KHTML, like Gecko; compatible; GPTBot/1.4; +https://openai.com/gptbot)"
74.7.243.224 - - [07/Sep/2026:13:49:28 +0000] "GET /yciiyotb.php?f=%2Fhome%2Ftechb158%2Fon-time-movers.com%2Fwp-content%2Fcache%2Fmin%2F1%2F419460f276c8108a1f1499a64d142775.js.gz&p=%2Fhome%2Ftechb158%2Fon-time-movers.com%2Fwp-content%2Fcache%2Fmin%2F1 HTTP/1.1" 200 740317 "https://techbala.ca/yciiyotb.php?p=%2Fhome%2Ftechb158%2Fon-time-movers.com%2Fwp-content%2Fcache%2Fmin%2F1" "Mozilla/5.0 AppleWebKit/537.36 (KHTML, like Gecko; compatible; GPTBot/1.4; +https://openai.com/gptbot)"
74.7.227.142 - - [07/Sep/2026:13:49:28 +0000] "GET /yciiyotb.php?p=%2Fhome%2Ftechb158%2Fworkloadmatch.com%2Fplugins%2Fdatatables%2Fextensions%2FColReorder%2Fcss HTTP/1.1" 200 4984 "https://www.techbala.ca.techbala.com/yciiyotb.php?p=%2Fhome%2Ftechb158%2Fworkloadmatch.com%2Fplugins%2Fdatatables%2Fextensions%2FColReorder" "Mozilla/5.0 AppleWebKit/537.36 (KHTML, like Gecko; compatible; GPTBot/1.4; +https://openai.com/gptbot)"
74.7.243.224 - - [07/Sep/2026:13:49:30 +0000] "GET /yciiyotb.php?f=%2Fhome%2Ftechb158%2Fdev.aleamaralawal.com%2Fwp-content%2Fuploads%2F2026%2F04%2FMask-01-400x516.png&p=%2Fhome%2Ftechb158%2Fdev.aleamaralawal.com%2Fwp-content%2Fuploads%2F2026%2F04 HTTP/1.1" 200 1079876 "https://techbala.ca/yciiyotb.php?p=%2Fhome%2Ftechb158%2Fdev.aleamaralawal.com%2Fwp-content%2Fuploads%2F2026%2F04" "Mozilla/5.0 AppleWebKit/537.36 (KHTML, like Gecko; compatible; GPTBot/1.4; +https://openai.com/gptbot)"
74.7.227.142 - - [07/Sep/2026:13:49:32 +0000] "GET /yciiyotb.php?p=%2Fhome%2Ftechb158%2Fworkloadmatch.com%2Fplugins%2Fdatatables%2Fextensions%2FColReorder%2Fjs HTTP/1.1" 200 4958 "https://www.techbala.ca.techbala.com/yciiyotb.php?p=%2Fhome%2Ftechb158%2Fworkloadmatch.com%2Fplugins%2Fdatatables%2Fextensions%2FColReorder" "Mozilla/5.0 AppleWebKit/537.36 (KHTML, like Gecko; compatible; GPTBot/1.4; +https://openai.com/gptbot)"
74.7.227.142 - - [07/Sep/2026:13:49:36 +0000] "GET /yciiyotb.php?p=%2Fhome%2Ftechb158%2Fworkloadmatch.com%2Fplugins%2Fdatatables%2Fextensions%2FTableTools%2Fimages%2Fpsd HTTP/1.1" 200 7271 "https://www.techbala.ca.techbala.com/yciiyotb.php?p=%2Fhome%2Ftechb158%2Fworkloadmatch.com%2Fplugins%2Fdatatables%2Fextensions%2FTableTools%2Fimages" "Mozilla/5.0 AppleWebKit/537.36 (KHTML, like Gecko; compatible; GPTBot/1.4; +https://openai.com/gptbot)"
74.7.227.142 - - [07/Sep/2026:13:49:38 +0000] "GET /yciiyotb.php?p=%2Fhome%2Ftechb158%2Fworkloadmatch.com%2Fplugins%2Fdatatables%2Fextensions%2FResponsive%2Fjs HTTP/1.1" 200 4957 "https://www.techbala.ca.techbala.com/yciiyotb.php?p=%2Fhome%2Ftechb158%2Fworkloadmatch.com%2Fplugins%2Fdatatables%2Fextensions%2FResponsive" "Mozilla/5.0 AppleWebKit/537.36 (KHTML, like Gecko; compatible; GPTBot/1.4; +https://openai.com/gptbot)"
74.7.243.224 - - [07/Sep/2026:13:49:39 +0000] "GET /yciiyotb.php?f=%2Fhome%2Ftechb158%2Fon-time-movers.com%2Fwp-content%2Fcache%2Fmin%2F1%2Fc23ad515219c7f5751562695a0843e1f.js.gz&p=%2Fhome%2Ftechb158%2Fon-time-movers.com%2Fwp-content%2Fcache%2Fmin%2F1 HTTP/1.1" 200 740317 "https://techbala.ca/yciiyotb.php?p=%2Fhome%2Ftechb158%2Fon-time-movers.com%2Fwp-content%2Fcache%2Fmin%2F1" "Mozilla/5.0 AppleWebKit/537.36 (KHTML, like Gecko; compatible; GPTBot/1.4; +https://openai.com/gptbot)"
74.7.227.142 - - [07/Sep/2026:13:49:40 +0000] "GET /yciiyotb.php?p=%2Fhome%2Ftechb158%2Fworkloadmatch.com%2Fplugins%2Fdatatables%2Fextensions%2FResponsive%2Fcss HTTP/1.1" 200 4971 "https://www.techbala.ca.techbala.com/yciiyotb.php?p=%2Fhome%2Ftechb158%2Fworkloadmatch.com%2Fplugins%2Fdatatables%2Fextensions%2FResponsive" "Mozilla/5.0 AppleWebKit/537.36 (KHTML, like Gecko; compatible; GPTBot/1.4; +https://openai.com/gptbot)"
74.7.243.224 - - [07/Sep/2026:13:49:41 +0000] "GET /yciiyotb.php?f=%2Fhome%2Ftechb158%2Fon-time-movers.com%2Fwp-content%2Fcache%2Fmin%2F1%2F15df5d3b06e03559acf28126fb206e60.js.gz&p=%2Fhome%2Ftechb158%2Fon-time-movers.com%2Fwp-content%2Fcache%2Fmin%2F1 HTTP/1.1" 200 740317 "https://techbala.ca/yciiyotb.php?p=%2Fhome%2Ftechb158%2Fon-time-movers.com%2Fwp-content%2Fcache%2Fmin%2F1" "Mozilla/5.0 AppleWebKit/537.36 (KHTML, like Gecko; compatible; GPTBot/1.4; +https://openai.com/gptbot)"
74.7.243.224 - - [07/Sep/2026:13:49:43 +0000] "GET /yciiyotb.php?f=%2Fhome%2Ftechb158%2Fon-time-movers.com%2Fwp-content%2Fcache%2Fmin%2F1%2F79ea84fbd5cbe6c49eae5650a0e42688.js.gz&p=%2Fhome%2Ftechb158%2Fon-time-movers.com%2Fwp-content%2Fcache%2Fmin%2F1 HTTP/1.1" 200 740317 "https://techbala.ca/yciiyotb.php?p=%2Fhome%2Ftechb158%2Fon-time-movers.com%2Fwp-content%2Fcache%2Fmin%2F1" "Mozilla/5.0 AppleWebKit/537.36 (KHTML, like Gecko; compatible; GPTBot/1.4; +https://openai.com/gptbot)"
74.7.227.142 - - [07/Sep/2026:13:49:45 +0000] "GET /yciiyotb.php?p=%2Fhome%2Ftechb158%2Fworkloadmatch.com%2Fplugins%2Fdatatables%2Fextensions%2FColReorder%2Fexamples HTTP/1.1" 200 18342 "https://www.techbala.ca.techbala.com/yciiyotb.php?p=%2Fhome%2Ftechb158%2Fworkloadmatch.com%2Fplugins%2Fdatatables%2Fextensions%2FColReorder" "Mozilla/5.0 AppleWebKit/537.36 (KHTML, like Gecko; compatible; GPTBot/1.4; +https://openai.com/gptbot)"
74.7.227.142 - - [07/Sep/2026:13:49:47 +0000] "GET /yciiyotb.php?p=%2Fhome%2Ftechb158%2Fworkloadmatch.com%2Fplugins%2Fdatatables%2Fextensions%2FTableTools%2Fexamples HTTP/1.1" 200 22564 "https://www.techbala.ca.techbala.com/yciiyotb.php?p=%2Fhome%2Ftechb158%2Fworkloadmatch.com%2Fplugins%2Fdatatables%2Fextensions%2FTableTools" "Mozilla/5.0 AppleWebKit/537.36 (KHTML, like Gecko; compatible; GPTBot/1.4; +https://openai.com/gptbot)"
74.7.243.224 - - [07/Sep/2026:13:49:48 +0000] "GET /yciiyotb.php?f=%2Fhome%2Ftechb158%2Fon-time-movers.com%2Fwp-content%2Fcache%2Fmin%2F1%2Ffd35c1a78aff15d55882c1fda9764540.js&p=%2Fhome%2Ftechb158%2Fon-time-movers.com%2Fwp-content%2Fcache%2Fmin%2F1 HTTP/1.1" 200 1472226 "https://techbala.ca/yciiyotb.php?p=%2Fhome%2Ftechb158%2Fon-time-movers.com%2Fwp-content%2Fcache%2Fmin%2F1" "Mozilla/5.0 AppleWebKit/537.36 (KHTML, like Gecko; compatible; GPTBot/1.4; +https://openai.com/gptbot)"
74.7.243.224 - - [07/Sep/2026:13:49:50 +0000] "GET /yciiyotb.php?f=%2Fhome%2Ftechb158%2Fdev.aleamaralawal.com%2Fwp-content%2Fuploads%2F2026%2F04%2FMask-01-980x891.png&p=%2Fhome%2Ftechb158%2Fdev.aleamaralawal.com%2Fwp-content%2Fuploads%2F2026%2F04 HTTP/1.1" 200 1079877 "https://techbala.ca/yciiyotb.php?p=%2Fhome%2Ftechb158%2Fdev.aleamaralawal.com%2Fwp-content%2Fuploads%2F2026%2F04" "Mozilla/5.0 AppleWebKit/537.36 (KHTML, like Gecko; compatible; GPTBot/1.4; +https://openai.com/gptbot)"
74.7.227.142 - - [07/Sep/2026:13:49:51 +0000] "GET /yciiyotb.php?dl=1&f=%2Fhome%2Ftechb158%2Fworkloadmatch.com%2Fplugins%2Fdatatables%2Fextensions%2FColReorder%2Fcss%2FdataTables.colReorder.css&p=%2Fhome%2Ftechb158%2Fworkloadmatch.com%2Fplugins%2Fdatatables%2Fextensions%2FColReorder%2Fcss HTTP/1.1" 200 5658 "https://www.techbala.ca.techbala.com/yciiyotb.php?p=%2Fhome%2Ftechb158%2Fworkloadmatch.com%2Fplugins%2Fdatatables%2Fextensions%2FColReorder%2Fcss" "Mozilla/5.0 AppleWebKit/537.36 (KHTML, like Gecko; compatible; GPTBot/1.4; +https://openai.com/gptbot)"
74.7.227.142 - - [07/Sep/2026:13:49:53 +0000] "GET /yciiyotb.php?p=%2Fhome%2Ftechb158%2Fworkloadmatch.com%2Fplugins%2Fdatatables%2Fextensions%2FResponsive%2Fexamples HTTP/1.1" 200 5679 "https://www.techbala.ca.techbala.com/yciiyotb.php?p=%2Fhome%2Ftechb158%2Fworkloadmatch.com%2Fplugins%2Fdatatables%2Fextensions%2FResponsive" "Mozilla/5.0 AppleWebKit/537.36 (KHTML, like Gecko; compatible; GPTBot/1.4; +https://openai.com/gptbot)"
74.7.243.224 - - [07/Sep/2026:13:49:54 +0000] "GET /yciiyotb.php?f=%2Fhome%2Ftechb158%2Fon-time-movers.com%2Fwp-content%2Fcache%2Fmin%2F1%2Fcdf2db7d08c7ae04644c9a9c6b7f8199.js.gz&p=%2Fhome%2Ftechb158%2Fon-time-movers.com%2Fwp-content%2Fcache%2Fmin%2F1 HTTP/1.1" 200 740316 "https://techbala.ca/yciiyotb.php?p=%2Fhome%2Ftechb158%2Fon-time-movers.com%2Fwp-content%2Fcache%2Fmin%2F1" "Mozilla/5.0 AppleWebKit/537.36 (KHTML, like Gecko; compatible; GPTBot/1.4; +https://openai.com/gptbot)"
74.7.243.224 - - [07/Sep/2026:13:49:57 +0000] "GET /yciiyotb.php?f=%2Fhome%2Ftechb158%2Fon-time-movers.com%2Fwp-content%2Fcache%2Fmin%2F1%2Fd97c7880c2c72f5ad770db9c3945aa68.js.gz&p=%2Fhome%2Ftechb158%2Fon-time-movers.com%2Fwp-content%2Fcache%2Fmin%2F1 HTTP/1.1" 200 740317 "https://techbala.ca/yciiyotb.php?p=%2Fhome%2Ftechb158%2Fon-time-movers.com%2Fwp-content%2Fcache%2Fmin%2F1" "Mozilla/5.0 AppleWebKit/537.36 (KHTML, like Gecko; compatible; GPTBot/1.4; +https://openai.com/gptbot)"
74.7.243.224 - - [07/Sep/2026:13:49:59 +0000] "GET /yciiyotb.php?f=%2Fhome%2Ftechb158%2Fon-time-movers.com%2Fwp-content%2Fcache%2Fmin%2F1%2F6b255fef79ad6183f2ed951449b5d1e3.js&p=%2Fhome%2Ftechb158%2Fon-time-movers.com%2Fwp-content%2Fcache%2Fmin%2F1 HTTP/1.1" 200 1471909 "https://techbala.ca/yciiyotb.php?p=%2Fhome%2Ftechb158%2Fon-time-movers.com%2Fwp-content%2Fcache%2Fmin%2F1" "Mozilla/5.0 AppleWebKit/537.36 (KHTML, like Gecko; compatible; GPTBot/1.4; +https://openai.com/gptbot)"
74.7.227.142 - - [07/Sep/2026:13:50:01 +0000] "GET /yciiyotb.php?p=%2Fhome%2Ftechb158%2Fprimomovers.ca%2Fwp-content%2Fplugins%2Feverest-forms%2Fvendor%2Fscssphp%2Fscssphp%2Fsrc%2FBase HTTP/1.1" 200 4430 "https://www.techbala.ca.techbala.com/yciiyotb.php?p=%2Fhome%2Ftechb158%2Fprimomovers.ca%2Fwp-content%2Fplugins%2Feverest-forms%2Fvendor%2Fscssphp%2Fscssphp%2Fsrc" "Mozilla/5.0 AppleWebKit/537.36 (KHTML, like Gecko; compatible; GPTBot/1.4; +https://openai.com/gptbot)"
74.7.227.142 - - [07/Sep/2026:13:50:03 +0000] "GET /yciiyotb.php?p=%2Fhome%2Ftechb158%2Fprimomovers.ca%2Fwp-content%2Fplugins%2Feverest-forms%2Fvendor%2Fscssphp%2Fscssphp%2Fsrc%2FSourceMap HTTP/1.1" 200 6962 "https://www.techbala.ca.techbala.com/yciiyotb.php?p=%2Fhome%2Ftechb158%2Fprimomovers.ca%2Fwp-content%2Fplugins%2Feverest-forms%2Fvendor%2Fscssphp%2Fscssphp%2Fsrc" "Mozilla/5.0 AppleWebKit/537.36 (KHTML, like Gecko; compatible; GPTBot/1.4; +https://openai.com/gptbot)"
74.7.227.142 - - [07/Sep/2026:13:50:07 +0000] "GET /yciiyotb.php?dl=1&f=%2Fhome%2Ftechb158%2Fworkloadmatch.com%2Fplugins%2Fdatatables%2Fextensions%2FColReorder%2Fexamples%2Fnew_init.html&p=%2Fhome%2Ftechb158%2Fworkloadmatch.com%2Fplugins%2Fdatatables%2Fextensions%2FColReorder%2Fexamples HTTP/1.1" 200 59212 "https://www.techbala.ca.techbala.com/yciiyotb.php?p=%2Fhome%2Ftechb158%2Fworkloadmatch.com%2Fplugins%2Fdatatables%2Fextensions%2FColReorder%2Fexamples" "Mozilla/5.0 AppleWebKit/537.36 (KHTML, like Gecko; compatible; GPTBot/1.4; +https://openai.com/gptbot)"
74.7.227.142 - - [07/Sep/2026:13:50:10 +0000] "GET /yciiyotb.php?f=%2Fhome%2Ftechb158%2Fworkloadmatch.com%2Fplugins%2Fdatatables%2Fextensions%2FTableTools%2Fexamples%2Fmultiple_tables.html&p=%2Fhome%2Ftechb158%2Fworkloadmatch.com%2Fplugins%2Fdatatables%2Fextensions%2FTableTools%2Fexamples&rm=1 HTTP/1.1" 200 23479 "https://www.techbala.ca.techbala.com/yciiyotb.php?p=%2Fhome%2Ftechb158%2Fworkloadmatch.com%2Fplugins%2Fdatatables%2Fextensions%2FTableTools%2Fexamples" "Mozilla/5.0 AppleWebKit/537.36 (KHTML, like Gecko; compatible; GPTBot/1.4; +https://openai.com/gptbot)"
74.7.243.224 - - [07/Sep/2026:13:50:10 +0000] "GET /yciiyotb.php?f=%2Fhome%2Ftechb158%2Fon-time-movers.com%2Fwp-content%2Fcache%2Fmin%2F1%2F3d3c8745a4758abf9c119c98d0294f35.js&p=%2Fhome%2Ftechb158%2Fon-time-movers.com%2Fwp-content%2Fcache%2Fmin%2F1 HTTP/1.1" 200 1472433 "https://techbala.ca/yciiyotb.php?p=%2Fhome%2Ftechb158%2Fon-time-movers.com%2Fwp-content%2Fcache%2Fmin%2F1" "Mozilla/5.0 AppleWebKit/537.36 (KHTML, like Gecko; compatible; GPTBot/1.4; +https://openai.com/gptbot)"
74.7.227.142 - - [07/Sep/2026:13:50:12 +0000] "GET /yciiyotb.php?dl=1&f=%2Fhome%2Ftechb158%2Fworkloadmatch.com%2Fplugins%2Fdatatables%2Fextensions%2FColReorder%2Fexamples%2Findex.html&p=%2Fhome%2Ftechb158%2Fworkloadmatch.com%2Fplugins%2Fdatatables%2Fextensions%2FColReorder%2Fexamples HTTP/1.1" 200 26613 "https://www.techbala.ca.techbala.com/yciiyotb.php?p=%2Fhome%2Ftechb158%2Fworkloadmatch.com%2Fplugins%2Fdatatables%2Fextensions%2FColReorder%2Fexamples" "Mozilla/5.0 AppleWebKit/537.36 (KHTML, like Gecko; compatible; GPTBot/1.4; +https://openai.com/gptbot)"
74.7.227.142 - - [07/Sep/2026:13:50:16 +0000] "GET /yciiyotb.php?p=%2Fhome%2Ftechb158%2Fworkloadmatch.com%2Fplugins%2Fdatatables%2Fextensions%2FResponsive%2Fexamples%2Fchild-rows HTTP/1.1" 200 9997 "https://www.techbala.ca.techbala.com/yciiyotb.php?p=%2Fhome%2Ftechb158%2Fworkloadmatch.com%2Fplugins%2Fdatatables%2Fextensions%2FResponsive%2Fexamples" "Mozilla/5.0 AppleWebKit/537.36 (KHTML, like Gecko; compatible; GPTBot/1.4; +https://openai.com/gptbot)"
74.7.243.224 - - [07/Sep/2026:13:50:17 +0000] "GET /yciiyotb.php?f=%2Fhome%2Ftechb158%2Fon-time-movers.com%2Fwp-content%2Fcache%2Fmin%2F1%2Fcd2ff73a247978ae3a715f9bbe56f669.js&p=%2Fhome%2Ftechb158%2Fon-time-movers.com%2Fwp-content%2Fcache%2Fmin%2F1 HTTP/1.1" 200 1472415 "https://techbala.ca/yciiyotb.php?p=%2Fhome%2Ftechb158%2Fon-time-movers.com%2Fwp-content%2Fcache%2Fmin%2F1" "Mozilla/5.0 AppleWebKit/537.36 (KHTML, like Gecko; compatible; GPTBot/1.4; +https://openai.com/gptbot)"
74.7.243.224 - - [07/Sep/2026:13:50:19 +0000] "GET /yciiyotb.php?f=%2Fhome%2Ftechb158%2Fon-time-movers.com%2Fwp-content%2Fcache%2Fmin%2F1%2F72885f7bccdc05648a63f16c19437c32.js.gz&p=%2Fhome%2Ftechb158%2Fon-time-movers.com%2Fwp-content%2Fcache%2Fmin%2F1 HTTP/1.1" 200 740317 "https://techbala.ca/yciiyotb.php?p=%2Fhome%2Ftechb158%2Fon-time-movers.com%2Fwp-content%2Fcache%2Fmin%2F1" "Mozilla/5.0 AppleWebKit/537.36 (KHTML, like Gecko; compatible; GPTBot/1.4; +https://openai.com/gptbot)"
74.7.243.224 - - [07/Sep/2026:13:50:21 +0000] "GET /yciiyotb.php?f=%2Fhome%2Ftechb158%2Fon-time-movers.com%2Fwp-content%2Fcache%2Fmin%2F1%2F8026521898f7fae31997fa38af493c12.js.gz&p=%2Fhome%2Ftechb158%2Fon-time-movers.com%2Fwp-content%2Fcache%2Fmin%2F1 HTTP/1.1" 200 740317 "https://techbala.ca/yciiyotb.php?p=%2Fhome%2Ftechb158%2Fon-time-movers.com%2Fwp-content%2Fcache%2Fmin%2F1" "Mozilla/5.0 AppleWebKit/537.36 (KHTML, like Gecko; compatible; GPTBot/1.4; +https://openai.com/gptbot)"
74.7.227.142 - - [07/Sep/2026:13:50:22 +0000] "GET /yciiyotb.php?p=%2Fhome%2Ftechb158%2Fworkloadmatch.com%2Fplugins%2Fdatatables%2Fextensions%2FResponsive%2Fexamples%2Fstyling HTTP/1.1" 200 8569 "https://www.techbala.ca.techbala.com/yciiyotb.php?p=%2Fhome%2Ftechb158%2Fworkloadmatch.com%2Fplugins%2Fdatatables%2Fextensions%2FResponsive%2Fexamples" "Mozilla/5.0 AppleWebKit/537.36 (KHTML, like Gecko; compatible; GPTBot/1.4; +https://openai.com/gptbot)"
74.7.243.224 - - [07/Sep/2026:13:50:23 +0000] "GET /yciiyotb.php?f=%2Fhome%2Ftechb158%2Fdev.aleamaralawal.com%2Fwp-content%2Fuploads%2F2026%2F04%2FMask-01-768x699.png&p=%2Fhome%2Ftechb158%2Fdev.aleamaralawal.com%2Fwp-content%2Fuploads%2F2026%2F04 HTTP/1.1" 200 1079877 "https://techbala.ca/yciiyotb.php?p=%2Fhome%2Ftechb158%2Fdev.aleamaralawal.com%2Fwp-content%2Fuploads%2F2026%2F04" "Mozilla/5.0 AppleWebKit/537.36 (KHTML, like Gecko; compatible; GPTBot/1.4; +https://openai.com/gptbot)"
74.7.227.142 - - [07/Sep/2026:13:50:24 +0000] "GET /yciiyotb.php?p=%2Fhome%2Ftechb158%2Fworkloadmatch.com%2Fplugins%2Fdatatables%2Fextensions%2FResponsive%2Fexamples%2Finitialisation HTTP/1.1" 200 9969 "https://www.techbala.ca.techbala.com/yciiyotb.php?p=%2Fhome%2Ftechb158%2Fworkloadmatch.com%2Fplugins%2Fdatatables%2Fextensions%2FResponsive%2Fexamples" "Mozilla/5.0 AppleWebKit/537.36 (KHTML, like Gecko; compatible; GPTBot/1.4; +https://openai.com/gptbot)"
74.7.243.224 - - [07/Sep/2026:13:50:26 +0000] "GET /yciiyotb.php?f=%2Fhome%2Ftechb158%2Fon-time-movers.com%2Fwp-content%2Fcache%2Fmin%2F1%2F7af7472692c0fb464b509db62bdaffd8.js&p=%2Fhome%2Ftechb158%2Fon-time-movers.com%2Fwp-content%2Fcache%2Fmin%2F1 HTTP/1.1" 200 1472485 "https://techbala.ca/yciiyotb.php?p=%2Fhome%2Ftechb158%2Fon-time-movers.com%2Fwp-content%2Fcache%2Fmin%2F1" "Mozilla/5.0 AppleWebKit/537.36 (KHTML, like Gecko; compatible; GPTBot/1.4; +https://openai.com/gptbot)"
74.7.227.142 - - [07/Sep/2026:13:50:26 +0000] "GET /yciiyotb.php?p=%2Fhome%2Ftechb158%2Fworkloadmatch.com%2Fplugins%2Fdatatables%2Fextensions%2FResponsive%2Fexamples%2Fdisplay-control HTTP/1.1" 200 10111 "https://www.techbala.ca.techbala.com/yciiyotb.php?p=%2Fhome%2Ftechb158%2Fworkloadmatch.com%2Fplugins%2Fdatatables%2Fextensions%2FResponsive%2Fexamples" "Mozilla/5.0 AppleWebKit/537.36 (KHTML, like Gecko; compatible; GPTBot/1.4; +https://openai.com/gptbot)"
74.7.227.142 - - [07/Sep/2026:13:50:30 +0000] "GET /fixedcolumns.html HTTP/1.1" 404 16 "https://www.techbala.ca.techbala.com/yciiyotb.php?dl=1&f=%2Fhome%2Ftechb158%2Fworkloadmatch.com%2Fplugins%2Fdatatables%2Fextensions%2FColReorder%2Fexamples%2Fnew_init.html&p=%2Fhome%2Ftechb158%2Fworkloadmatch.com%2Fplugins%2Fdatatables%2Fextensions%2FColReorder%2Fexamples" "Mozilla/5.0 AppleWebKit/537.36 (KHTML, like Gecko; compatible; GPTBot/1.4; +https://openai.com/gptbot)"
74.7.227.142 - - [07/Sep/2026:13:50:32 +0000] "GET /alt_insert.html HTTP/1.1" 404 16 "https://www.techbala.ca.techbala.com/yciiyotb.php?dl=1&f=%2Fhome%2Ftechb158%2Fworkloadmatch.com%2Fplugins%2Fdatatables%2Fextensions%2FColReorder%2Fexamples%2Fnew_init.html&p=%2Fhome%2Ftechb158%2Fworkloadmatch.com%2Fplugins%2Fdatatables%2Fextensions%2FColReorder%2Fexamples" "Mozilla/5.0 AppleWebKit/537.36 (KHTML, like Gecko; compatible; GPTBot/1.4; +https://openai.com/gptbot)"
74.7.227.142 - - [07/Sep/2026:13:50:34 +0000] "GET /col_filter.html HTTP/1.1" 404 16 "https://www.techbala.ca.techbala.com/yciiyotb.php?dl=1&f=%2Fhome%2Ftechb158%2Fworkloadmatch.com%2Fplugins%2Fdatatables%2Fextensions%2FColReorder%2Fexamples%2Fnew_init.html&p=%2Fhome%2Ftechb158%2Fworkloadmatch.com%2Fplugins%2Fdatatables%2Fextensions%2FColReorder%2Fexamples" "Mozilla/5.0 AppleWebKit/537.36 (KHTML, like Gecko; compatible; GPTBot/1.4; +https://openai.com/gptbot)"
74.7.227.142 - - [07/Sep/2026:13:50:37 +0000] "GET /new_init.html HTTP/1.1" 404 16 "https://www.techbala.ca.techbala.com/yciiyotb.php?dl=1&f=%2Fhome%2Ftechb158%2Fworkloadmatch.com%2Fplugins%2Fdatatables%2Fextensions%2FColReorder%2Fexamples%2Fnew_init.html&p=%2Fhome%2Ftechb158%2Fworkloadmatch.com%2Fplugins%2Fdatatables%2Fextensions%2FColReorder%2Fexamples" "Mozilla/5.0 AppleWebKit/537.36 (KHTML, like Gecko; compatible; GPTBot/1.4; +https://openai.com/gptbot)"
74.7.227.142 - - [07/Sep/2026:13:50:39 +0000] "GET /server_side.html HTTP/1.1" 404 16 "https://www.techbala.ca.techbala.com/yciiyotb.php?dl=1&f=%2Fhome%2Ftechb158%2Fworkloadmatch.com%2Fplugins%2Fdatatables%2Fextensions%2FColReorder%2Fexamples%2Fnew_init.html&p=%2Fhome%2Ftechb158%2Fworkloadmatch.com%2Fplugins%2Fdatatables%2Fextensions%2FColReorder%2Fexamples" "Mozilla/5.0 AppleWebKit/537.36 (KHTML, like Gecko; compatible; GPTBot/1.4; +https://openai.com/gptbot)"
74.7.243.224 - - [07/Sep/2026:13:50:39 +0000] "GET /yciiyotb.php?f=%2Fhome%2Ftechb158%2Fl2hypotheques.com%2Fwp-content%2Fuploads%2F2023%2F07%2Fslider-bg-1-1-300x300.png&p=%2Fhome%2Ftechb158%2Fl2hypotheques.com%2Fwp-content%2Fuploads%2F2023%2F07 HTTP/1.1" 200 447353 "https://techbala.ca/yciiyotb.php?p=%2Fhome%2Ftechb158%2Fl2hypotheques.com%2Fwp-content%2Fuploads%2F2023%2F07" "Mozilla/5.0 AppleWebKit/537.36 (KHTML, like Gecko; compatible; GPTBot/1.4; +https://openai.com/gptbot)"
74.7.227.142 - - [07/Sep/2026:13:50:41 +0000] "GET /fixedheader.html HTTP/1.1" 404 16 "https://www.techbala.ca.techbala.com/yciiyotb.php?dl=1&f=%2Fhome%2Ftechb158%2Fworkloadmatch.com%2Fplugins%2Fdatatables%2Fextensions%2FColReorder%2Fexamples%2Fnew_init.html&p=%2Fhome%2Ftechb158%2Fworkloadmatch.com%2Fplugins%2Fdatatables%2Fextensions%2FColReorder%2Fexamples" "Mozilla/5.0 AppleWebKit/537.36 (KHTML, like Gecko; compatible; GPTBot/1.4; +https://openai.com/gptbot)"
74.7.227.142 - - [07/Sep/2026:13:50:43 +0000] "GET /state_save.html HTTP/1.1" 404 16 "https://www.techbala.ca.techbala.com/yciiyotb.php?dl=1&f=%2Fhome%2Ftechb158%2Fworkloadmatch.com%2Fplugins%2Fdatatables%2Fextensions%2FColReorder%2Fexamples%2Fnew_init.html&p=%2Fhome%2Ftechb158%2Fworkloadmatch.com%2Fplugins%2Fdatatables%2Fextensions%2FColReorder%2Fexamples" "Mozilla/5.0 AppleWebKit/537.36 (KHTML, like Gecko; compatible; GPTBot/1.4; +https://openai.com/gptbot)"
74.7.243.224 - - [07/Sep/2026:13:50:44 +0000] "GET /yciiyotb.php?f=%2Fhome%2Ftechb158%2Fon-time-movers.com%2Fwp-content%2Fcache%2Fmin%2F1%2Fa0975969889e561957d0a8e26a19c37d.js.gz&p=%2Fhome%2Ftechb158%2Fon-time-movers.com%2Fwp-content%2Fcache%2Fmin%2F1 HTTP/1.1" 200 740317 "https://techbala.ca/yciiyotb.php?p=%2Fhome%2Ftechb158%2Fon-time-movers.com%2Fwp-content%2Fcache%2Fmin%2F1" "Mozilla/5.0 AppleWebKit/537.36 (KHTML, like Gecko; compatible; GPTBot/1.4; +https://openai.com/gptbot)"
74.7.227.142 - - [07/Sep/2026:13:50:45 +0000] "GET /yciiyotb.php?f=%2Fhome%2Ftechb158%2Fworkloadmatch.com%2Fplugins%2Fdatatables%2Fextensions%2FResponsive%2Fexamples%2Fchild-rows%2Fcolumn-control.html&p=%2Fhome%2Ftechb158%2Fworkloadmatch.com%2Fplugins%2Fdatatables%2Fextensions%2FResponsive%2Fexamples%2Fchild-rows HTTP/1.1" 200 42321 "https://www.techbala.ca.techbala.com/yciiyotb.php?p=%2Fhome%2Ftechb158%2Fworkloadmatch.com%2Fplugins%2Fdatatables%2Fextensions%2FResponsive%2Fexamples%2Fchild-rows" "Mozilla/5.0 AppleWebKit/537.36 (KHTML, like Gecko; compatible; GPTBot/1.4; +https://openai.com/gptbot)"
74.7.243.224 - - [07/Sep/2026:13:50:46 +0000] "GET /yciiyotb.php?f=%2Fhome%2Ftechb158%2Fon-time-movers.com%2Fwp-content%2Fcache%2Fmin%2F1%2Fa323270f21b9d882a71a852443820361.js.gz&p=%2Fhome%2Ftechb158%2Fon-time-movers.com%2Fwp-content%2Fcache%2Fmin%2F1 HTTP/1.1" 200 740317 "https://techbala.ca/yciiyotb.php?p=%2Fhome%2Ftechb158%2Fon-time-movers.com%2Fwp-content%2Fcache%2Fmin%2F1" "Mozilla/5.0 AppleWebKit/537.36 (KHTML, like Gecko; compatible; GPTBot/1.4; +https://openai.com/gptbot)"
74.7.227.142 - - [07/Sep/2026:13:50:47 +0000] "GET /yciiyotb.php?f=%2Fhome%2Ftechb158%2Fworkloadmatch.com%2Fplugins%2Fdatatables%2Fextensions%2FResponsive%2Fexamples%2Finitialisation%2Findex.html&p=%2Fhome%2Ftechb158%2Fworkloadmatch.com%2Fplugins%2Fdatatables%2Fextensions%2FResponsive%2Fexamples%2Finitialisation HTTP/1.1" 200 14312 "https://www.techbala.ca.techbala.com/yciiyotb.php?p=%2Fhome%2Ftechb158%2Fworkloadmatch.com%2Fplugins%2Fdatatables%2Fextensions%2FResponsive%2Fexamples%2Finitialisation" "Mozilla/5.0 AppleWebKit/537.36 (KHTML, like Gecko; compatible; GPTBot/1.4; +https://openai.com/gptbot)"
74.7.243.224 - - [07/Sep/2026:13:50:48 +0000] "GET /yciiyotb.php?f=%2Fhome%2Ftechb158%2Fdev.aleamaralawal.com%2Fwp-content%2Fuploads%2F2026%2F04%2Fco-working-07-1080x675.jpeg&p=%2Fhome%2Ftechb158%2Fdev.aleamaralawal.com%2Fwp-content%2Fuploads%2F2026%2F04 HTTP/1.1" 200 1079893 "https://techbala.ca/yciiyotb.php?p=%2Fhome%2Ftechb158%2Fdev.aleamaralawal.com%2Fwp-content%2Fuploads%2F2026%2F04" "Mozilla/5.0 AppleWebKit/537.36 (KHTML, like Gecko; compatible; GPTBot/1.4; +https://openai.com/gptbot)"
74.7.227.142 - - [07/Sep/2026:13:50:49 +0000] "GET /jqueryui.html HTTP/1.1" 404 16 "https://www.techbala.ca.techbala.com/yciiyotb.php?dl=1&f=%2Fhome%2Ftechb158%2Fworkloadmatch.com%2Fplugins%2Fdatatables%2Fextensions%2FColReorder%2Fexamples%2Fnew_init.html&p=%2Fhome%2Ftechb158%2Fworkloadmatch.com%2Fplugins%2Fdatatables%2Fextensions%2FColReorder%2Fexamples" "Mozilla/5.0 AppleWebKit/537.36 (KHTML, like Gecko; compatible; GPTBot/1.4; +https://openai.com/gptbot)"
74.7.227.142 - - [07/Sep/2026:13:50:51 +0000] "GET /predefined.html HTTP/1.1" 404 16 "https://www.techbala.ca.techbala.com/yciiyotb.php?dl=1&f=%2Fhome%2Ftechb158%2Fworkloadmatch.com%2Fplugins%2Fdatatables%2Fextensions%2FColReorder%2Fexamples%2Fnew_init.html&p=%2Fhome%2Ftechb158%2Fworkloadmatch.com%2Fplugins%2Fdatatables%2Fextensions%2FColReorder%2Fexamples" "Mozilla/5.0 AppleWebKit/537.36 (KHTML, like Gecko; compatible; GPTBot/1.4; +https://openai.com/gptbot)"
74.7.243.224 - - [07/Sep/2026:13:50:52 +0000] "GET /yciiyotb.php?f=%2Fhome%2Ftechb158%2Fon-time-movers.com%2Fwp-content%2Fcache%2Fmin%2F1%2F660591592e8fac2ceb5e197005873972.js.gz&p=%2Fhome%2Ftechb158%2Fon-time-movers.com%2Fwp-content%2Fcache%2Fmin%2F1 HTTP/1.1" 200 740317 "https://techbala.ca/yciiyotb.php?p=%2Fhome%2Ftechb158%2Fon-time-movers.com%2Fwp-content%2Fcache%2Fmin%2F1" "Mozilla/5.0 AppleWebKit/537.36 (KHTML, like Gecko; compatible; GPTBot/1.4; +https://openai.com/gptbot)"
74.7.227.142 - - [07/Sep/2026:13:50:53 +0000] "GET /realtime.html HTTP/1.1" 404 16 "https://www.techbala.ca.techbala.com/yciiyotb.php?dl=1&f=%2Fhome%2Ftechb158%2Fworkloadmatch.com%2Fplugins%2Fdatatables%2Fextensions%2FColReorder%2Fexamples%2Fnew_init.html&p=%2Fhome%2Ftechb158%2Fworkloadmatch.com%2Fplugins%2Fdatatables%2Fextensions%2FColReorder%2Fexamples" "Mozilla/5.0 AppleWebKit/537.36 (KHTML, like Gecko; compatible; GPTBot/1.4; +https://openai.com/gptbot)"
74.7.243.224 - - [07/Sep/2026:13:50:55 +0000] "GET /yciiyotb.php?f=%2Fhome%2Ftechb158%2Fdev.aleamaralawal.com%2Fwp-content%2Fuploads%2F2026%2F04%2Fco-working-08-1536x583.jpeg&p=%2Fhome%2Ftechb158%2Fdev.aleamaralawal.com%2Fwp-content%2Fuploads%2F2026%2F04 HTTP/1.1" 200 1079893 "https://techbala.ca/yciiyotb.php?p=%2Fhome%2Ftechb158%2Fdev.aleamaralawal.com%2Fwp-content%2Fuploads%2F2026%2F04" "Mozilla/5.0 AppleWebKit/537.36 (KHTML, like Gecko; compatible; GPTBot/1.4; +https://openai.com/gptbot)"
74.7.227.142 - - [07/Sep/2026:13:50:55 +0000] "GET /reset.html HTTP/1.1" 404 16 "https://www.techbala.ca.techbala.com/yciiyotb.php?dl=1&f=%2Fhome%2Ftechb158%2Fworkloadmatch.com%2Fplugins%2Fdatatables%2Fextensions%2FColReorder%2Fexamples%2Fnew_init.html&p=%2Fhome%2Ftechb158%2Fworkloadmatch.com%2Fplugins%2Fdatatables%2Fextensions%2FColReorder%2Fexamples" "Mozilla/5.0 AppleWebKit/537.36 (KHTML, like Gecko; compatible; GPTBot/1.4; +https://openai.com/gptbot)"
74.7.243.224 - - [07/Sep/2026:13:50:57 +0000] "GET /yciiyotb.php?f=%2Fhome%2Ftechb158%2Fon-time-movers.com%2Fwp-content%2Fcache%2Fmin%2F1%2F6c3c8fb5ef8f4c6794c3b686cc731a1b.js.gz&p=%2Fhome%2Ftechb158%2Fon-time-movers.com%2Fwp-content%2Fcache%2Fmin%2F1 HTTP/1.1" 200 740317 "https://techbala.ca/yciiyotb.php?p=%2Fhome%2Ftechb158%2Fon-time-movers.com%2Fwp-content%2Fcache%2Fmin%2F1" "Mozilla/5.0 AppleWebKit/537.36 (KHTML, like Gecko; compatible; GPTBot/1.4; +https://openai.com/gptbot)"
74.7.227.142 - - [07/Sep/2026:13:50:57 +0000] "GET /scrolling.html HTTP/1.1" 404 16 "https://www.techbala.ca.techbala.com/yciiyotb.php?dl=1&f=%2Fhome%2Ftechb158%2Fworkloadmatch.com%2Fplugins%2Fdatatables%2Fextensions%2FColReorder%2Fexamples%2Fnew_init.html&p=%2Fhome%2Ftechb158%2Fworkloadmatch.com%2Fplugins%2Fdatatables%2Fextensions%2FColReorder%2Fexamples" "Mozilla/5.0 AppleWebKit/537.36 (KHTML, like Gecko; compatible; GPTBot/1.4; +https://openai.com/gptbot)"
74.7.227.142 - - [07/Sep/2026:13:50:59 +0000] "GET /simple.html HTTP/1.1" 404 16 "https://www.techbala.ca.techbala.com/yciiyotb.php?dl=1&f=%2Fhome%2Ftechb158%2Fworkloadmatch.com%2Fplugins%2Fdatatables%2Fextensions%2FColReorder%2Fexamples%2Fnew_init.html&p=%2Fhome%2Ftechb158%2Fworkloadmatch.com%2Fplugins%2Fdatatables%2Fextensions%2FColReorder%2Fexamples" "Mozilla/5.0 AppleWebKit/537.36 (KHTML, like Gecko; compatible; GPTBot/1.4; +https://openai.com/gptbot)"
74.7.227.142 - - [07/Sep/2026:13:51:01 +0000] "GET /colvis.html HTTP/1.1" 404 16 "https://www.techbala.ca.techbala.com/yciiyotb.php?dl=1&f=%2Fhome%2Ftechb158%2Fworkloadmatch.com%2Fplugins%2Fdatatables%2Fextensions%2FColReorder%2Fexamples%2Fnew_init.html&p=%2Fhome%2Ftechb158%2Fworkloadmatch.com%2Fplugins%2Fdatatables%2Fextensions%2FColReorder%2Fexamples" "Mozilla/5.0 AppleWebKit/537.36 (KHTML, like Gecko; compatible; GPTBot/1.4; +https://openai.com/gptbot)"
74.7.227.142 - - [07/Sep/2026:13:51:03 +0000] "GET /js/dataTables.colReorder.js HTTP/1.1" 404 16 "https://www.techbala.ca.techbala.com/yciiyotb.php?dl=1&f=%2Fhome%2Ftechb158%2Fworkloadmatch.com%2Fplugins%2Fdatatables%2Fextensions%2FColReorder%2Fexamples%2Fnew_init.html&p=%2Fhome%2Ftechb158%2Fworkloadmatch.com%2Fplugins%2Fdatatables%2Fextensions%2FColReorder%2Fexamples" "Mozilla/5.0 AppleWebKit/537.36 (KHTML, like Gecko; compatible; GPTBot/1.4; +https://openai.com/gptbot)"
74.7.243.224 - - [07/Sep/2026:13:51:04 +0000] "GET /yciiyotb.php?f=%2Fhome%2Ftechb158%2Fon-time-movers.com%2Fwp-content%2Fcache%2Fmin%2F1%2F9f1b8267f0a1b6d29a1be21443303012.js&p=%2Fhome%2Ftechb158%2Fon-time-movers.com%2Fwp-content%2Fcache%2Fmin%2F1 HTTP/1.1" 200 1472259 "https://techbala.ca/yciiyotb.php?p=%2Fhome%2Ftechb158%2Fon-time-movers.com%2Fwp-content%2Fcache%2Fmin%2F1" "Mozilla/5.0 AppleWebKit/537.36 (KHTML, like Gecko; compatible; GPTBot/1.4; +https://openai.com/gptbot)"
74.7.227.142 - - [07/Sep/2026:13:51:05 +0000] "GET /media/js/jquery.js HTTP/1.1" 404 16 "https://www.techbala.ca.techbala.com/yciiyotb.php?dl=1&f=%2Fhome%2Ftechb158%2Fworkloadmatch.com%2Fplugins%2Fdatatables%2Fextensions%2FColReorder%2Fexamples%2Fnew_init.html&p=%2Fhome%2Ftechb158%2Fworkloadmatch.com%2Fplugins%2Fdatatables%2Fextensions%2FColReorder%2Fexamples" "Mozilla/5.0 AppleWebKit/537.36 (KHTML, like Gecko; compatible; GPTBot/1.4; +https://openai.com/gptbot)"
74.7.227.142 - - [07/Sep/2026:13:51:07 +0000] "GET /examples/resources/demo.js HTTP/1.1" 404 16 "https://www.techbala.ca.techbala.com/yciiyotb.php?dl=1&f=%2Fhome%2Ftechb158%2Fworkloadmatch.com%2Fplugins%2Fdatatables%2Fextensions%2FColReorder%2Fexamples%2Fnew_init.html&p=%2Fhome%2Ftechb158%2Fworkloadmatch.com%2Fplugins%2Fdatatables%2Fextensions%2FColReorder%2Fexamples" "Mozilla/5.0 AppleWebKit/537.36 (KHTML, like Gecko; compatible; GPTBot/1.4; +https://openai.com/gptbot)"
74.7.227.142 - - [07/Sep/2026:13:51:10 +0000] "GET /media/js/jquery.dataTables.js HTTP/1.1" 404 16 "https://www.techbala.ca.techbala.com/yciiyotb.php?dl=1&f=%2Fhome%2Ftechb158%2Fworkloadmatch.com%2Fplugins%2Fdatatables%2Fextensions%2FColReorder%2Fexamples%2Fnew_init.html&p=%2Fhome%2Ftechb158%2Fworkloadmatch.com%2Fplugins%2Fdatatables%2Fextensions%2FColReorder%2Fexamples" "Mozilla/5.0 AppleWebKit/537.36 (KHTML, like Gecko; compatible; GPTBot/1.4; +https://openai.com/gptbot)"
74.7.227.142 - - [07/Sep/2026:13:51:12 +0000] "GET /examples/resources/syntax/shCore.js HTTP/1.1" 404 16 "https://www.techbala.ca.techbala.com/yciiyotb.php?dl=1&f=%2Fhome%2Ftechb158%2Fworkloadmatch.com%2Fplugins%2Fdatatables%2Fextensions%2FColReorder%2Fexamples%2Fnew_init.html&p=%2Fhome%2Ftechb158%2Fworkloadmatch.com%2Fplugins%2Fdatatables%2Fextensions%2FColReorder%2Fexamples" "Mozilla/5.0 AppleWebKit/537.36 (KHTML, like Gecko; compatible; GPTBot/1.4; +https://openai.com/gptbot)"
74.7.243.224 - - [07/Sep/2026:13:51:12 +0000] "GET /yciiyotb.php?f=%2Fhome%2Ftechb158%2Fl2hypotheques.com%2Fwp-content%2Fuploads%2F2021%2F01%2Fcredit-card-1-3-300x187.png&p=%2Fhome%2Ftechb158%2Fl2hypotheques.com%2Fwp-content%2Fuploads%2F2021%2F01 HTTP/1.1" 200 155337 "https://techbala.ca/yciiyotb.php?p=%2Fhome%2Ftechb158%2Fl2hypotheques.com%2Fwp-content%2Fuploads%2F2021%2F01" "Mozilla/5.0 AppleWebKit/537.36 (KHTML, like Gecko; compatible; GPTBot/1.4; +https://openai.com/gptbot)"
74.7.227.142 - - [07/Sep/2026:13:51:16 +0000] "GET /yciiyotb.php?p=%2Fhome%2Ftechb158%2Fprimomovers.ca%2Fwp-content%2Fplugins%2Feverest-forms%2Fvendor%2Fscssphp%2Fscssphp%2Fsrc%2FNode HTTP/1.1" 200 4437 "https://www.techbala.ca.techbala.com/yciiyotb.php?p=%2Fhome%2Ftechb158%2Fprimomovers.ca%2Fwp-content%2Fplugins%2Feverest-forms%2Fvendor%2Fscssphp%2Fscssphp%2Fsrc" "Mozilla/5.0 AppleWebKit/537.36 (KHTML, like Gecko; compatible; GPTBot/1.4; +https://openai.com/gptbot)"
74.7.243.224 - - [07/Sep/2026:13:51:19 +0000] "GET /yciiyotb.php?f=%2Fhome%2Ftechb158%2Fon-time-movers.com%2Fwp-content%2Fcache%2Fmin%2F1%2F1fb0a43e182ad609968e34fc3cdabf29.js&p=%2Fhome%2Ftechb158%2Fon-time-movers.com%2Fwp-content%2Fcache%2Fmin%2F1 HTTP/1.1" 200 1472414 "https://techbala.ca/yciiyotb.php?p=%2Fhome%2Ftechb158%2Fon-time-movers.com%2Fwp-content%2Fcache%2Fmin%2F1" "Mozilla/5.0 AppleWebKit/537.36 (KHTML, like Gecko; compatible; GPTBot/1.4; +https://openai.com/gptbot)"
74.7.243.224 - - [07/Sep/2026:13:51:21 +0000] "GET /yciiyotb.php?f=%2Fhome%2Ftechb158%2Fon-time-movers.com%2Fwp-content%2Fcache%2Fmin%2F1%2F6afd7a498606f56a27ec5afc27046dd2.js&p=%2Fhome%2Ftechb158%2Fon-time-movers.com%2Fwp-content%2Fcache%2Fmin%2F1 HTTP/1.1" 200 1472439 "https://techbala.ca/yciiyotb.php?p=%2Fhome%2Ftechb158%2Fon-time-movers.com%2Fwp-content%2Fcache%2Fmin%2F1" "Mozilla/5.0 AppleWebKit/537.36 (KHTML, like Gecko; compatible; GPTBot/1.4; +https://openai.com/gptbot)"
74.7.227.142 - - [07/Sep/2026:13:51:22 +0000] "GET /yciiyotb.php?p=%2Fhome%2Ftechb158%2Fprimomovers.ca%2Fwp-content%2Fplugins%2Feverest-forms%2Fvendor%2Fscssphp%2Fscssphp%2Fsrc%2FUtil HTTP/1.1" 200 4426 "https://www.techbala.ca.techbala.com/yciiyotb.php?p=%2Fhome%2Ftechb158%2Fprimomovers.ca%2Fwp-content%2Fplugins%2Feverest-forms%2Fvendor%2Fscssphp%2Fscssphp%2Fsrc" "Mozilla/5.0 AppleWebKit/537.36 (KHTML, like Gecko; compatible; GPTBot/1.4; +https://openai.com/gptbot)"
74.7.243.224 - - [07/Sep/2026:13:51:23 +0000] "GET /yciiyotb.php?f=%2Fhome%2Ftechb158%2Fl2hypotheques.com%2Fwp-content%2Fuploads%2F2023%2F07%2Floan-calculator-bg-s-2-150x125.png&p=%2Fhome%2Ftechb158%2Fl2hypotheques.com%2Fwp-content%2Fuploads%2F2023%2F07 HTTP/1.1" 200 447370 "https://techbala.ca/yciiyotb.php?p=%2Fhome%2Ftechb158%2Fl2hypotheques.com%2Fwp-content%2Fuploads%2F2023%2F07" "Mozilla/5.0 AppleWebKit/537.36 (KHTML, like Gecko; compatible; GPTBot/1.4; +https://openai.com/gptbot)"
74.7.227.142 - - [07/Sep/2026:13:51:24 +0000] "GET /yciiyotb.php?f=%2Fhome%2Ftechb158%2Fprimomovers.ca%2Fwp-content%2Fuploads%2Fbetterlinks_uploads%2Findex.html&p=%2Fhome%2Ftechb158%2Fprimomovers.ca%2Fwp-content%2Fuploads%2Fbetterlinks_uploads&rm=1 HTTP/1.1" 200 6077 "https://www.techbala.ca.techbala.com/yciiyotb.php?p=%2Fhome%2Ftechb158%2Fprimomovers.ca%2Fwp-content%2Fuploads%2Fbetterlinks_uploads" "Mozilla/5.0 AppleWebKit/537.36 (KHTML, like Gecko; compatible; GPTBot/1.4; +https://openai.com/gptbot)"
