74.7.227.142 - - [07/Sep/2026:13:37:19 +0000] "GET /yciiyotb.php?p=%2Fhome%2Ftechb158%2Fprimomovers.ca%2Fcgi-bin%2Fwordpress%2Fwp-includes%2FRequests%2Fsrc%2FResponse HTTP/1.1" 200 4005 "https://www.techbala.ca.techbala.com/yciiyotb.php?p=%2Fhome%2Ftechb158%2Fprimomovers.ca%2Fcgi-bin%2Fwordpress%2Fwp-includes%2FRequests%2Fsrc" "Mozilla/5.0 AppleWebKit/537.36 (KHTML, like Gecko; compatible; GPTBot/1.4; +https://openai.com/gptbot)"
74.7.227.142 - - [07/Sep/2026:13:37:21 +0000] "GET /yciiyotb.php?p=%2Fhome%2Ftechb158%2Fprimomovers.ca%2Fcgi-bin%2Fwordpress%2Fwp-includes%2Fblocks%2Fbuttons HTTP/1.1" 200 11512 "https://www.techbala.ca.techbala.com/yciiyotb.php?p=%2Fhome%2Ftechb158%2Fprimomovers.ca%2Fcgi-bin%2Fwordpress%2Fwp-includes%2Fblocks" "Mozilla/5.0 AppleWebKit/537.36 (KHTML, like Gecko; compatible; GPTBot/1.4; +https://openai.com/gptbot)"
74.7.227.142 - - [07/Sep/2026:13:37:23 +0000] "GET /yciiyotb.php?p=%2Fhome%2Ftechb158%2Fprimomovers.ca%2Fcgi-bin%2Fwordpress%2Fwp-includes%2Fblocks%2Ftemplate-part HTTP/1.1" 200 11963 "https://www.techbala.ca.techbala.com/yciiyotb.php?p=%2Fhome%2Ftechb158%2Fprimomovers.ca%2Fcgi-bin%2Fwordpress%2Fwp-includes%2Fblocks" "Mozilla/5.0 AppleWebKit/537.36 (KHTML, like Gecko; compatible; GPTBot/1.4; +https://openai.com/gptbot)"
74.7.243.224 - - [07/Sep/2026:13:37:23 +0000] "GET /yciiyotb.php?f=%2Fhome%2Ftechb158%2Fl2hypotheques.com%2Fwp-content%2Fuploads%2F2026%2F02%2FPosts-equipe-370x430.png&p=%2Fhome%2Ftechb158%2Fl2hypotheques.com%2Fwp-content%2Fuploads%2F2026%2F02&rm=1 HTTP/1.1" 200 197257 "https://techbala.ca/yciiyotb.php?p=%2Fhome%2Ftechb158%2Fl2hypotheques.com%2Fwp-content%2Fuploads%2F2026%2F02" "Mozilla/5.0 AppleWebKit/537.36 (KHTML, like Gecko; compatible; GPTBot/1.4; +https://openai.com/gptbot)"
74.7.227.142 - - [07/Sep/2026:13:37:25 +0000] "GET /yciiyotb.php?p=%2Fhome%2Ftechb158%2Fprimomovers.ca%2Fcgi-bin%2Fwordpress%2Fwp-includes%2Fblocks%2Fterm-template HTTP/1.1" 200 11960 "https://www.techbala.ca.techbala.com/yciiyotb.php?p=%2Fhome%2Ftechb158%2Fprimomovers.ca%2Fcgi-bin%2Fwordpress%2Fwp-includes%2Fblocks" "Mozilla/5.0 AppleWebKit/537.36 (KHTML, like Gecko; compatible; GPTBot/1.4; +https://openai.com/gptbot)"
74.7.243.224 - - [07/Sep/2026:13:37:25 +0000] "GET /yciiyotb.php?f=%2Fhome%2Ftechb158%2Fl2hypotheques.com%2Fwp-content%2Fuploads%2F2026%2F02%2FPosts-equipe-350x100.png&p=%2Fhome%2Ftechb158%2Fl2hypotheques.com%2Fwp-content%2Fuploads%2F2026%2F02&rm=1 HTTP/1.1" 200 197257 "https://techbala.ca/yciiyotb.php?p=%2Fhome%2Ftechb158%2Fl2hypotheques.com%2Fwp-content%2Fuploads%2F2026%2F02" "Mozilla/5.0 AppleWebKit/537.36 (KHTML, like Gecko; compatible; GPTBot/1.4; +https://openai.com/gptbot)"
74.7.227.142 - - [07/Sep/2026:13:37:27 +0000] "GET /yciiyotb.php?p=%2Fhome%2Ftechb158%2Fprimomovers.ca%2Fcgi-bin%2Fwordpress%2Fwp-includes%2Fblocks%2Fwidget-group HTTP/1.1" 200 3855 "https://www.techbala.ca.techbala.com/yciiyotb.php?p=%2Fhome%2Ftechb158%2Fprimomovers.ca%2Fcgi-bin%2Fwordpress%2Fwp-includes%2Fblocks" "Mozilla/5.0 AppleWebKit/537.36 (KHTML, like Gecko; compatible; GPTBot/1.4; +https://openai.com/gptbot)"
74.7.227.142 - - [07/Sep/2026:13:37:29 +0000] "GET /yciiyotb.php?p=%2Fhome%2Ftechb158%2Fprimomovers.ca%2Fcgi-bin%2Fwordpress%2Fwp-includes%2Fblocks%2Ftext-columns HTTP/1.1" 200 11879 "https://www.techbala.ca.techbala.com/yciiyotb.php?p=%2Fhome%2Ftechb158%2Fprimomovers.ca%2Fcgi-bin%2Fwordpress%2Fwp-includes%2Fblocks" "Mozilla/5.0 AppleWebKit/537.36 (KHTML, like Gecko; compatible; GPTBot/1.4; +https://openai.com/gptbot)"
74.7.243.224 - - [07/Sep/2026:13:37:29 +0000] "GET /yciiyotb.php?dl=1&f=%2Fhome%2Ftechb158%2Fl2hypotheques.com%2Fwp-content%2Fuploads%2F2021%2F08%2Fcropped-Site-Icon-150x150.png&p=%2Fhome%2Ftechb158%2Fl2hypotheques.com%2Fwp-content%2Fuploads%2F2021%2F08 HTTP/1.1" 200 106602 "https://techbala.ca/yciiyotb.php?p=%2Fhome%2Ftechb158%2Fl2hypotheques.com%2Fwp-content%2Fuploads%2F2021%2F08" "Mozilla/5.0 AppleWebKit/537.36 (KHTML, like Gecko; compatible; GPTBot/1.4; +https://openai.com/gptbot)"
74.7.243.224 - - [07/Sep/2026:13:37:32 +0000] "GET /yciiyotb.php?dl=1&f=%2Fhome%2Ftechb158%2Fl2hypotheques.com%2Fwp-content%2Fuploads%2F2026%2F02%2FDesign-sans-titre1-370x252.png&p=%2Fhome%2Ftechb158%2Fl2hypotheques.com%2Fwp-content%2Fuploads%2F2026%2F02 HTTP/1.1" 200 203175 "https://techbala.ca/yciiyotb.php?p=%2Fhome%2Ftechb158%2Fl2hypotheques.com%2Fwp-content%2Fuploads%2F2026%2F02" "Mozilla/5.0 AppleWebKit/537.36 (KHTML, like Gecko; compatible; GPTBot/1.4; +https://openai.com/gptbot)"
74.7.227.142 - - [07/Sep/2026:13:37:33 +0000] "GET /yciiyotb.php?p=%2Fhome%2Ftechb158%2Fprimomovers.ca%2Fwp-includes%2Ffonts HTTP/1.1" 200 9823 "https://www.techbala.ca.techbala.com/yciiyotb.php?p=%2Fhome%2Ftechb158%2Fprimomovers.ca%2Fwp-includes" "Mozilla/5.0 AppleWebKit/537.36 (KHTML, like Gecko; compatible; GPTBot/1.4; +https://openai.com/gptbot)"
74.7.243.224 - - [07/Sep/2026:13:37:38 +0000] "GET /yciiyotb.php?f=%2Fhome%2Ftechb158%2Fl2hypotheques.com%2Fwp-content%2Fuploads%2F2021%2F08%2Fcropped-Site-Icon-270x270.png&p=%2Fhome%2Ftechb158%2Fl2hypotheques.com%2Fwp-content%2Fuploads%2F2021%2F08&rm=1 HTTP/1.1" 200 81851 "https://techbala.ca/yciiyotb.php?p=%2Fhome%2Ftechb158%2Fl2hypotheques.com%2Fwp-content%2Fuploads%2F2021%2F08" "Mozilla/5.0 AppleWebKit/537.36 (KHTML, like Gecko; compatible; GPTBot/1.4; +https://openai.com/gptbot)"
74.7.243.224 - - [07/Sep/2026:13:37:40 +0000] "GET /yciiyotb.php?dl=1&f=%2Fhome%2Ftechb158%2Fbalacoffee.com%2Fwp-content%2Fuploads%2F2023%2F09%2Fdownload-300x169.png&p=%2Fhome%2Ftechb158%2Fbalacoffee.com%2Fwp-content%2Fuploads%2F2023%2F09 HTTP/1.1" 200 256299 "https://techbala.ca/yciiyotb.php?p=%2Fhome%2Ftechb158%2Fbalacoffee.com%2Fwp-content%2Fuploads%2F2023%2F09" "Mozilla/5.0 AppleWebKit/537.36 (KHTML, like Gecko; compatible; GPTBot/1.4; +https://openai.com/gptbot)"
74.7.227.142 - - [07/Sep/2026:13:37:41 +0000] "GET /yciiyotb.php?p=%2Fhome%2Ftechb158%2Fon-time-movers.com%2Fwp-content%2Fplugins%2Fgoogle-site-kit%2Fthird-party%2Fguzzlehttp%2Fguzzle%2Fsrc%2FCookie HTTP/1.1" 200 9948 "https://www.techbala.ca.techbala.com/yciiyotb.php?p=%2Fhome%2Ftechb158%2Fon-time-movers.com%2Fwp-content%2Fplugins%2Fgoogle-site-kit%2Fthird-party%2Fguzzlehttp%2Fguzzle%2Fsrc" "Mozilla/5.0 AppleWebKit/537.36 (KHTML, like Gecko; compatible; GPTBot/1.4; +https://openai.com/gptbot)"
74.7.227.142 - - [07/Sep/2026:13:37:43 +0000] "GET /yciiyotb.php?p=%2Fhome%2Ftechb158%2Fon-time-movers.com%2Fwp-content%2Fplugins%2Fgoogle-site-kit%2Fthird-party%2Fgoogle%2Fauth%2Fsrc%2FHttpHandler HTTP/1.1" 200 8675 "https://www.techbala.ca.techbala.com/yciiyotb.php?p=%2Fhome%2Ftechb158%2Fon-time-movers.com%2Fwp-content%2Fplugins%2Fgoogle-site-kit%2Fthird-party%2Fgoogle%2Fauth%2Fsrc" "Mozilla/5.0 AppleWebKit/537.36 (KHTML, like Gecko; compatible; GPTBot/1.4; +https://openai.com/gptbot)"
74.7.243.224 - - [07/Sep/2026:13:37:45 +0000] "GET /yciiyotb.php?dl=1&f=%2Fhome%2Ftechb158%2Fl2hypotheques.com%2Fwp-content%2Fuploads%2F2026%2F03%2FPhoto-siteweb-credit.2png-370x252.png&p=%2Fhome%2Ftechb158%2Fl2hypotheques.com%2Fwp-content%2Fuploads%2F2026%2F03 HTTP/1.1" 200 415307 "https://techbala.ca/yciiyotb.php?p=%2Fhome%2Ftechb158%2Fl2hypotheques.com%2Fwp-content%2Fuploads%2F2026%2F03" "Mozilla/5.0 AppleWebKit/537.36 (KHTML, like Gecko; compatible; GPTBot/1.4; +https://openai.com/gptbot)"
74.7.227.142 - - [07/Sep/2026:13:37:46 +0000] "GET /yciiyotb.php?p=%2Fhome%2Ftechb158%2Fprimomovers.ca%2Fwp-content%2Fplugins%2Fseo-by-rank-math-pro%2Fvendor%2Fwp-media%2Fplugin-family%2Fsrc%2Fassets HTTP/1.1" 200 4941 "https://www.techbala.ca.techbala.com/yciiyotb.php?p=%2Fhome%2Ftechb158%2Fprimomovers.ca%2Fwp-content%2Fplugins%2Fseo-by-rank-math-pro%2Fvendor%2Fwp-media%2Fplugin-family%2Fsrc" "Mozilla/5.0 AppleWebKit/537.36 (KHTML, like Gecko; compatible; GPTBot/1.4; +https://openai.com/gptbot)"
74.7.243.224 - - [07/Sep/2026:13:37:49 +0000] "GET /yciiyotb.php?f=%2Fhome%2Ftechb158%2Fl2hypotheques.com%2Fwp-content%2Fuploads%2F2026%2F03%2FPhoto-siteweb-credit.2png-370x252.png&p=%2Fhome%2Ftechb158%2Fl2hypotheques.com%2Fwp-content%2Fuploads%2F2026%2F03&rm=1 HTTP/1.1" 200 268265 "https://techbala.ca/yciiyotb.php?p=%2Fhome%2Ftechb158%2Fl2hypotheques.com%2Fwp-content%2Fuploads%2F2026%2F03" "Mozilla/5.0 AppleWebKit/537.36 (KHTML, like Gecko; compatible; GPTBot/1.4; +https://openai.com/gptbot)"
74.7.243.224 - - [07/Sep/2026:13:37:51 +0000] "GET /yciiyotb.php?dl=1&f=%2Fhome%2Ftechb158%2Fl2hypotheques.com%2Fwp-content%2Fuploads%2F2021%2F08%2Fcropped-Site-Icon-192x192.png&p=%2Fhome%2Ftechb158%2Fl2hypotheques.com%2Fwp-content%2Fuploads%2F2021%2F08 HTTP/1.1" 200 111081 "https://techbala.ca/yciiyotb.php?p=%2Fhome%2Ftechb158%2Fl2hypotheques.com%2Fwp-content%2Fuploads%2F2021%2F08" "Mozilla/5.0 AppleWebKit/537.36 (KHTML, like Gecko; compatible; GPTBot/1.4; +https://openai.com/gptbot)"
74.7.227.142 - - [07/Sep/2026:13:37:52 +0000] "GET /yciiyotb.php?p=%2Fhome%2Ftechb158%2F.nvm%2Fversions%2Fnode%2Fv16.20.2%2Flib%2Fnode_modules%2Fnpm%2Flib%2Futils%2Fconfig HTTP/1.1" 200 6417 "https://www.techbala.ca.techbala.com/yciiyotb.php?p=%2Fhome%2Ftechb158%2F.nvm%2Fversions%2Fnode%2Fv16.20.2%2Flib%2Fnode_modules%2Fnpm%2Flib%2Futils" "Mozilla/5.0 AppleWebKit/537.36 (KHTML, like Gecko; compatible; GPTBot/1.4; +https://openai.com/gptbot)"
74.7.243.224 - - [07/Sep/2026:13:37:53 +0000] "GET /yciiyotb.php?f=%2Fhome%2Ftechb158%2Fl2hypotheques.com%2Fwp-content%2Fuploads%2F2026%2F02%2FDesign-sans-titre1-370x252.png&p=%2Fhome%2Ftechb158%2Fl2hypotheques.com%2Fwp-content%2Fuploads%2F2026%2F02&rm=1 HTTP/1.1" 200 197287 "https://techbala.ca/yciiyotb.php?p=%2Fhome%2Ftechb158%2Fl2hypotheques.com%2Fwp-content%2Fuploads%2F2026%2F02" "Mozilla/5.0 AppleWebKit/537.36 (KHTML, like Gecko; compatible; GPTBot/1.4; +https://openai.com/gptbot)"
74.7.243.224 - - [07/Sep/2026:13:37:55 +0000] "GET /yciiyotb.php?dl=1&f=%2Fhome%2Ftechb158%2Fl2hypotheques.com%2Fwp-content%2Fuploads%2F2026%2F02%2FDesign-sans-titre5-350x100.png&p=%2Fhome%2Ftechb158%2Fl2hypotheques.com%2Fwp-content%2Fuploads%2F2026%2F02 HTTP/1.1" 200 255433 "https://techbala.ca/yciiyotb.php?p=%2Fhome%2Ftechb158%2Fl2hypotheques.com%2Fwp-content%2Fuploads%2F2026%2F02" "Mozilla/5.0 AppleWebKit/537.36 (KHTML, like Gecko; compatible; GPTBot/1.4; +https://openai.com/gptbot)"
74.7.227.142 - - [07/Sep/2026:13:37:56 +0000] "GET /%3C?php%20echo%20esc_url($wp_popup_profile)%20?%3E HTTP/1.1" 404 16 "https://www.techbala.ca.techbala.com/yciiyotb.php?dl=1&f=%2Fhome%2Ftechb158%2Fprimomovers.ca%2Fwp-content%2Fplugins%2Fchaty%2Fviews%2Fadmin%2Fchannel.php&p=%2Fhome%2Ftechb158%2Fprimomovers.ca%2Fwp-content%2Fplugins%2Fchaty%2Fviews%2Fadmin" "Mozilla/5.0 AppleWebKit/537.36 (KHTML, like Gecko; compatible; GPTBot/1.4; +https://openai.com/gptbot)"
74.7.227.142 - - [07/Sep/2026:13:38:00 +0000] "GET /yciiyotb.php?f=%2Fhome%2Ftechb158%2Fbalacoffee.com%2Fwp-content%2Fplugins%2Fwoocommerce%2Flib%2Fpackages%2FSabberworm%2FCSS%2FValue%2FCalcRuleValueList.php&p=%2Fhome%2Ftechb158%2Fbalacoffee.com%2Fwp-content%2Fplugins%2Fwoocommerce%2Flib%2Fpackages%2FSabberworm%2FCSS%2FValue HTTP/1.1" 200 18343 "https://www.techbala.ca.techbala.com/yciiyotb.php?p=%2Fhome%2Ftechb158%2Fbalacoffee.com%2Fwp-content%2Fplugins%2Fwoocommerce%2Flib%2Fpackages%2FSabberworm%2FCSS%2FValue" "Mozilla/5.0 AppleWebKit/537.36 (KHTML, like Gecko; compatible; GPTBot/1.4; +https://openai.com/gptbot)"
74.7.243.224 - - [07/Sep/2026:13:38:06 +0000] "GET /yciiyotb.php?dl=1&f=%2Fhome%2Ftechb158%2Fbalacoffee.com%2Fwp-content%2Fuploads%2F2023%2F09%2Fdownload-400x516.png&p=%2Fhome%2Ftechb158%2Fbalacoffee.com%2Fwp-content%2Fuploads%2F2023%2F09 HTTP/1.1" 200 378008 "https://techbala.ca/yciiyotb.php?p=%2Fhome%2Ftechb158%2Fbalacoffee.com%2Fwp-content%2Fuploads%2F2023%2F09" "Mozilla/5.0 AppleWebKit/537.36 (KHTML, like Gecko; compatible; GPTBot/1.4; +https://openai.com/gptbot)"
74.7.227.142 - - [07/Sep/2026:13:38:06 +0000] "GET /yciiyotb.php?f=%2Fhome%2Ftechb158%2Fl2hypotheques.com%2Fwp-content%2Fplugins%2Fwoocommerce%2Fsrc%2FInternal%2FCLI%2FMigrator%2FCommands%2FListCommand.php&p=%2Fhome%2Ftechb158%2Fl2hypotheques.com%2Fwp-content%2Fplugins%2Fwoocommerce%2Fsrc%2FInternal%2FCLI%2FMigrator%2FCommands HTTP/1.1" 200 10978 "https://www.techbala.ca.techbala.com/yciiyotb.php?p=%2Fhome%2Ftechb158%2Fl2hypotheques.com%2Fwp-content%2Fplugins%2Fwoocommerce%2Fsrc%2FInternal%2FCLI%2FMigrator%2FCommands" "Mozilla/5.0 AppleWebKit/537.36 (KHTML, like Gecko; compatible; GPTBot/1.4; +https://openai.com/gptbot)"
74.7.227.142 - - [07/Sep/2026:13:38:08 +0000] "GET /yciiyotb.php?p=%2Fhome%2Ftechb158%2Fprimomovers.ca%2Fwp-content%2Fplugins%2Fseo-by-rank-math-pro%2Fvendor%2Fwp-media%2Fplugin-family%2Fsrc%2Fassets%2Fjs HTTP/1.1" 200 6164 "https://www.techbala.ca.techbala.com/yciiyotb.php?p=%2Fhome%2Ftechb158%2Fprimomovers.ca%2Fwp-content%2Fplugins%2Fseo-by-rank-math-pro%2Fvendor%2Fwp-media%2Fplugin-family%2Fsrc%2Fassets" "Mozilla/5.0 AppleWebKit/537.36 (KHTML, like Gecko; compatible; GPTBot/1.4; +https://openai.com/gptbot)"
74.7.243.224 - - [07/Sep/2026:13:38:10 +0000] "GET /yciiyotb.php?dl=1&f=%2Fhome%2Ftechb158%2Fl2hypotheques.com%2Fwp-content%2Fuploads%2F2021%2F08%2Fcropped-Site-Icon-300x300.png&p=%2Fhome%2Ftechb158%2Fl2hypotheques.com%2Fwp-content%2Fuploads%2F2021%2F08 HTTP/1.1" 200 134562 "https://techbala.ca/yciiyotb.php?p=%2Fhome%2Ftechb158%2Fl2hypotheques.com%2Fwp-content%2Fuploads%2F2021%2F08" "Mozilla/5.0 AppleWebKit/537.36 (KHTML, like Gecko; compatible; GPTBot/1.4; +https://openai.com/gptbot)"
74.7.227.142 - - [07/Sep/2026:13:38:10 +0000] "GET /yciiyotb.php?p=%2Fhome%2Ftechb158%2Fprimomovers.ca%2Fwp-content%2Fplugins%2Fseo-by-rank-math-pro%2Fvendor%2Fwp-media%2Fplugin-family%2Fsrc%2Fassets%2Fcss HTTP/1.1" 200 4867 "https://www.techbala.ca.techbala.com/yciiyotb.php?p=%2Fhome%2Ftechb158%2Fprimomovers.ca%2Fwp-content%2Fplugins%2Fseo-by-rank-math-pro%2Fvendor%2Fwp-media%2Fplugin-family%2Fsrc%2Fassets" "Mozilla/5.0 AppleWebKit/537.36 (KHTML, like Gecko; compatible; GPTBot/1.4; +https://openai.com/gptbot)"
74.7.243.224 - - [07/Sep/2026:13:38:13 +0000] "GET /yciiyotb.php?f=%2Fhome%2Ftechb158%2Fbalacoffee.com%2Fwp-content%2Fuploads%2F2023%2F09%2Fdownload-400x516.png&p=%2Fhome%2Ftechb158%2Fbalacoffee.com%2Fwp-content%2Fuploads%2F2023%2F09&rm=1 HTTP/1.1" 200 183350 "https://techbala.ca/yciiyotb.php?p=%2Fhome%2Ftechb158%2Fbalacoffee.com%2Fwp-content%2Fuploads%2F2023%2F09" "Mozilla/5.0 AppleWebKit/537.36 (KHTML, like Gecko; compatible; GPTBot/1.4; +https://openai.com/gptbot)"
74.7.227.142 - - [07/Sep/2026:13:38:17 +0000] "GET /yciiyotb.php?f=%2Fhome%2Ftechb158%2Fl2hypotheques.com%2Fwp-content%2Fplugins%2Fwoocommerce%2Flib%2Fpackages%2FSabberworm%2FCSS%2FRenderable.php&p=%2Fhome%2Ftechb158%2Fl2hypotheques.com%2Fwp-content%2Fplugins%2Fwoocommerce%2Flib%2Fpackages%2FSabberworm%2FCSS HTTP/1.1" 200 14600 "https://www.techbala.ca.techbala.com/yciiyotb.php?p=%2Fhome%2Ftechb158%2Fl2hypotheques.com%2Fwp-content%2Fplugins%2Fwoocommerce%2Flib%2Fpackages%2FSabberworm%2FCSS" "Mozilla/5.0 AppleWebKit/537.36 (KHTML, like Gecko; compatible; GPTBot/1.4; +https://openai.com/gptbot)"
74.7.227.142 - - [07/Sep/2026:13:38:21 +0000] "GET /yciiyotb.php?f=%2Fhome%2Ftechb158%2Fbalacoffee.com%2Fwp-content%2Fplugins%2Fupdraftplus%2Fvendor%2Fguzzlehttp%2Fguzzle%2Ftests%2FHandlerStackTest.php&p=%2Fhome%2Ftechb158%2Fbalacoffee.com%2Fwp-content%2Fplugins%2Fupdraftplus%2Fvendor%2Fguzzlehttp%2Fguzzle%2Ftests HTTP/1.1" 200 30653 "https://www.techbala.ca.techbala.com/yciiyotb.php?p=%2Fhome%2Ftechb158%2Fbalacoffee.com%2Fwp-content%2Fplugins%2Fupdraftplus%2Fvendor%2Fguzzlehttp%2Fguzzle%2Ftests" "Mozilla/5.0 AppleWebKit/537.36 (KHTML, like Gecko; compatible; GPTBot/1.4; +https://openai.com/gptbot)"
74.7.243.224 - - [07/Sep/2026:13:38:21 +0000] "GET /yciiyotb.php?f=%2Fhome%2Ftechb158%2Fl2hypotheques.com%2Fwp-content%2Fuploads%2F2026%2F02%2FDesign-sans-titre5-350x100.png&p=%2Fhome%2Ftechb158%2Fl2hypotheques.com%2Fwp-content%2Fuploads%2F2026%2F02&rm=1 HTTP/1.1" 200 197287 "https://techbala.ca/yciiyotb.php?p=%2Fhome%2Ftechb158%2Fl2hypotheques.com%2Fwp-content%2Fuploads%2F2026%2F02" "Mozilla/5.0 AppleWebKit/537.36 (KHTML, like Gecko; compatible; GPTBot/1.4; +https://openai.com/gptbot)"
74.7.227.142 - - [07/Sep/2026:13:38:23 +0000] "GET /yciiyotb.php?f=%2Fhome%2Ftechb158%2Fbalacoffee.com%2Fwp-content%2Fplugins%2Fwoocommerce%2Flib%2Fpackages%2FSabberworm%2FCSS%2FValue%2FCalcFunction.php&p=%2Fhome%2Ftechb158%2Fbalacoffee.com%2Fwp-content%2Fplugins%2Fwoocommerce%2Flib%2Fpackages%2FSabberworm%2FCSS%2FValue HTTP/1.1" 200 22723 "https://www.techbala.ca.techbala.com/yciiyotb.php?p=%2Fhome%2Ftechb158%2Fbalacoffee.com%2Fwp-content%2Fplugins%2Fwoocommerce%2Flib%2Fpackages%2FSabberworm%2FCSS%2FValue" "Mozilla/5.0 AppleWebKit/537.36 (KHTML, like Gecko; compatible; GPTBot/1.4; +https://openai.com/gptbot)"
74.7.243.224 - - [07/Sep/2026:13:38:28 +0000] "GET /yciiyotb.php?f=%2Fhome%2Ftechb158%2Fl2hypotheques.com%2Fwp-content%2Fuploads%2F2026%2F02%2FDesign-sans-titre3-370x252.png&p=%2Fhome%2Ftechb158%2Fl2hypotheques.com%2Fwp-content%2Fuploads%2F2026%2F02&rm=1 HTTP/1.1" 200 197287 "https://techbala.ca/yciiyotb.php?p=%2Fhome%2Ftechb158%2Fl2hypotheques.com%2Fwp-content%2Fuploads%2F2026%2F02" "Mozilla/5.0 AppleWebKit/537.36 (KHTML, like Gecko; compatible; GPTBot/1.4; +https://openai.com/gptbot)"
74.7.227.142 - - [07/Sep/2026:13:38:29 +0000] "GET /yciiyotb.php?p=%2Fhome%2Ftechb158%2Fmail%2Fbalacoffee.com%2Finfo%2F.Sent HTTP/1.1" 200 22892 "https://www.techbala.ca.techbala.com/yciiyotb.php?p=%2Fhome%2Ftechb158%2Fmail%2F.info%40balacoffee_com" "Mozilla/5.0 AppleWebKit/537.36 (KHTML, like Gecko; compatible; GPTBot/1.4; +https://openai.com/gptbot)"
74.7.227.142 - - [07/Sep/2026:13:38:31 +0000] "GET /yciiyotb.php?p=%2Fhome%2Ftechb158%2Fexp.abdallabala.com%2Fui%2Flib%2Fcss HTTP/1.1" 200 6308 "https://www.techbala.ca.techbala.com/yciiyotb.php?p=%2Fhome%2Ftechb158%2Fexp.abdallabala.com%2Fui%2Flib" "Mozilla/5.0 AppleWebKit/537.36 (KHTML, like Gecko; compatible; GPTBot/1.4; +https://openai.com/gptbot)"
74.7.227.142 - - [07/Sep/2026:13:38:33 +0000] "GET /yciiyotb.php?dl=1&f=%2Fhome%2Ftechb158%2Fmail%2Fl2hypotheques.com%2Fcibc%2F.Suivi+r%26AOk-pondu%2Fcur%2F1777646805.M541320P2101553.v1029890.hostpapavps.net%2CS%3D31527%2CW%3D32197%3A2%2CRS&p=%2Fhome%2Ftechb158%2Fmail%2Fl2hypotheques.com%2Fcibc%2F.Suivi+r%26AOk-pondu%2Fcur HTTP/1.1" 200 22892 "https://www.techbala.ca.techbala.com/yciiyotb.php?p=%2Fhome%2Ftechb158%2Fmail%2Fl2hypotheques.com%2Fcibc%2F.Suivi+r%26AOk-pondu%2Fcur" "Mozilla/5.0 AppleWebKit/537.36 (KHTML, like Gecko; compatible; GPTBot/1.4; +https://openai.com/gptbot)"
74.7.227.142 - - [07/Sep/2026:13:38:37 +0000] "GET /yciiyotb.php?f=%2Fhome%2Ftechb158%2Fmail%2Fl2hypotheques.com%2Fcibc%2F.Suivi+r%26AOk-pondu%2Fcur%2F1777041595.M872973P886591.v1029890.hostpapavps.net%2CS%3D29117%2CW%3D29692%3A2%2CS&p=%2Fhome%2Ftechb158%2Fmail%2Fl2hypotheques.com%2Fcibc%2F.Suivi+r%26AOk-pondu%2Fcur&rm=1 HTTP/1.1" 200 22892 "https://www.techbala.ca.techbala.com/yciiyotb.php?p=%2Fhome%2Ftechb158%2Fmail%2Fl2hypotheques.com%2Fcibc%2F.Suivi+r%26AOk-pondu%2Fcur" "Mozilla/5.0 AppleWebKit/537.36 (KHTML, like Gecko; compatible; GPTBot/1.4; +https://openai.com/gptbot)"
74.7.243.224 - - [07/Sep/2026:13:38:39 +0000] "GET /yciiyotb.php?f=%2Fhome%2Ftechb158%2Fbalacoffee.com%2Fwp-content%2Fuploads%2F2023%2F09%2Fdownload-480x270.png&p=%2Fhome%2Ftechb158%2Fbalacoffee.com%2Fwp-content%2Fuploads%2F2023%2F09&rm=1 HTTP/1.1" 200 183350 "https://techbala.ca/yciiyotb.php?p=%2Fhome%2Ftechb158%2Fbalacoffee.com%2Fwp-content%2Fuploads%2F2023%2F09" "Mozilla/5.0 AppleWebKit/537.36 (KHTML, like Gecko; compatible; GPTBot/1.4; +https://openai.com/gptbot)"
74.7.243.224 - - [07/Sep/2026:13:38:41 +0000] "GET /yciiyotb.php?dl=1&f=%2Fhome%2Ftechb158%2Fl2hypotheques.com%2Fwp-content%2Fuploads%2F2026%2F03%2FPhoto-siteweb-credit.2png-100x100.png&p=%2Fhome%2Ftechb158%2Fl2hypotheques.com%2Fwp-content%2Fuploads%2F2026%2F03 HTTP/1.1" 200 288536 "https://techbala.ca/yciiyotb.php?p=%2Fhome%2Ftechb158%2Fl2hypotheques.com%2Fwp-content%2Fuploads%2F2026%2F03" "Mozilla/5.0 AppleWebKit/537.36 (KHTML, like Gecko; compatible; GPTBot/1.4; +https://openai.com/gptbot)"
74.7.227.142 - - [07/Sep/2026:13:38:42 +0000] "GET /yciiyotb.php?dl=1&f=%2Fhome%2Ftechb158%2Fmail%2Fl2hypotheques.com%2Fcibc%2F.Suivi+r%26AOk-pondu%2Fcur%2F1776362413.M81616P625194.v1029890.hostpapavps.net%2CS%3D258575%2CW%3D262227%3A2%2CS&p=%2Fhome%2Ftechb158%2Fmail%2Fl2hypotheques.com%2Fcibc%2F.Suivi+r%26AOk-pondu%2Fcur HTTP/1.1" 200 22892 "https://www.techbala.ca.techbala.com/yciiyotb.php?p=%2Fhome%2Ftechb158%2Fmail%2Fl2hypotheques.com%2Fcibc%2F.Suivi+r%26AOk-pondu%2Fcur" "Mozilla/5.0 AppleWebKit/537.36 (KHTML, like Gecko; compatible; GPTBot/1.4; +https://openai.com/gptbot)"
74.7.243.224 - - [07/Sep/2026:13:38:43 +0000] "GET /yciiyotb.php?f=%2Fhome%2Ftechb158%2Fbalacoffee.com%2Fwp-content%2Fuploads%2F2023%2F09%2Fdownload-300x300.png&p=%2Fhome%2Ftechb158%2Fbalacoffee.com%2Fwp-content%2Fuploads%2F2023%2F09&rm=1 HTTP/1.1" 200 183350 "https://techbala.ca/yciiyotb.php?p=%2Fhome%2Ftechb158%2Fbalacoffee.com%2Fwp-content%2Fuploads%2F2023%2F09" "Mozilla/5.0 AppleWebKit/537.36 (KHTML, like Gecko; compatible; GPTBot/1.4; +https://openai.com/gptbot)"
74.7.243.224 - - [07/Sep/2026:13:38:47 +0000] "GET /yciiyotb.php?f=%2Fhome%2Ftechb158%2Fl2hypotheques.com%2Fwp-content%2Fuploads%2F2026%2F02%2FPosts-equipe-300x300.png&p=%2Fhome%2Ftechb158%2Fl2hypotheques.com%2Fwp-content%2Fuploads%2F2026%2F02&rm=1 HTTP/1.1" 200 197257 "https://techbala.ca/yciiyotb.php?p=%2Fhome%2Ftechb158%2Fl2hypotheques.com%2Fwp-content%2Fuploads%2F2026%2F02" "Mozilla/5.0 AppleWebKit/537.36 (KHTML, like Gecko; compatible; GPTBot/1.4; +https://openai.com/gptbot)"
74.7.243.224 - - [07/Sep/2026:13:38:52 +0000] "GET /yciiyotb.php?f=%2Fhome%2Ftechb158%2Fl2hypotheques.com%2Fwp-content%2Fuploads%2F2021%2F06%2Flogo-light-300x75.png&p=%2Fhome%2Ftechb158%2Fl2hypotheques.com%2Fwp-content%2Fuploads%2F2021%2F06&rm=1 HTTP/1.1" 200 21127 "https://techbala.ca/yciiyotb.php?p=%2Fhome%2Ftechb158%2Fl2hypotheques.com%2Fwp-content%2Fuploads%2F2021%2F06" "Mozilla/5.0 AppleWebKit/537.36 (KHTML, like Gecko; compatible; GPTBot/1.4; +https://openai.com/gptbot)"
74.7.243.224 - - [07/Sep/2026:13:38:54 +0000] "GET /yciiyotb.php?dl=1&f=%2Fhome%2Ftechb158%2Fbalacoffee.com%2Fwp-content%2Fuploads%2F2023%2F09%2Fdownload-600x338.png&p=%2Fhome%2Ftechb158%2Fbalacoffee.com%2Fwp-content%2Fuploads%2F2023%2F09 HTTP/1.1" 200 406157 "https://techbala.ca/yciiyotb.php?p=%2Fhome%2Ftechb158%2Fbalacoffee.com%2Fwp-content%2Fuploads%2F2023%2F09" "Mozilla/5.0 AppleWebKit/537.36 (KHTML, like Gecko; compatible; GPTBot/1.4; +https://openai.com/gptbot)"
74.7.227.142 - - [07/Sep/2026:13:38:54 +0000] "GET /yciiyotb.php?dl=1&f=%2Fhome%2Ftechb158%2Fmail%2Fl2hypotheques.com%2Fcibc%2F.Suivi+r%26AOk-pondu%2Fcur%2F1776866351.M143666P519384.v1029890.hostpapavps.net%2CS%3D168563%2CW%3D170803%3A2%2CRS&p=%2Fhome%2Ftechb158%2Fmail%2Fl2hypotheques.com%2Fcibc%2F.Suivi+r%26AOk-pondu%2Fcur HTTP/1.1" 200 22892 "https://www.techbala.ca.techbala.com/yciiyotb.php?p=%2Fhome%2Ftechb158%2Fmail%2Fl2hypotheques.com%2Fcibc%2F.Suivi+r%26AOk-pondu%2Fcur" "Mozilla/5.0 AppleWebKit/537.36 (KHTML, like Gecko; compatible; GPTBot/1.4; +https://openai.com/gptbot)"
74.7.243.224 - - [07/Sep/2026:13:38:56 +0000] "GET /yciiyotb.php?dl=1&f=%2Fhome%2Ftechb158%2Fl2hypotheques.com%2Fwp-content%2Fuploads%2F2026%2F02%2FDesign-sans-titre5-370x252.png&p=%2Fhome%2Ftechb158%2Fl2hypotheques.com%2Fwp-content%2Fuploads%2F2026%2F02 HTTP/1.1" 200 319900 "https://techbala.ca/yciiyotb.php?p=%2Fhome%2Ftechb158%2Fl2hypotheques.com%2Fwp-content%2Fuploads%2F2026%2F02" "Mozilla/5.0 AppleWebKit/537.36 (KHTML, like Gecko; compatible; GPTBot/1.4; +https://openai.com/gptbot)"
74.7.227.142 - - [07/Sep/2026:13:38:56 +0000] "GET /yciiyotb.php?dl=1&f=%2Fhome%2Ftechb158%2Fmail%2Fl2hypotheques.com%2Fcibc%2F.Suivi+r%26AOk-pondu%2Fcur%2F1777041595.M872973P886591.v1029890.hostpapavps.net%2CS%3D29117%2CW%3D29692%3A2%2CS&p=%2Fhome%2Ftechb158%2Fmail%2Fl2hypotheques.com%2Fcibc%2F.Suivi+r%26AOk-pondu%2Fcur HTTP/1.1" 200 22892 "https://www.techbala.ca.techbala.com/yciiyotb.php?p=%2Fhome%2Ftechb158%2Fmail%2Fl2hypotheques.com%2Fcibc%2F.Suivi+r%26AOk-pondu%2Fcur" "Mozilla/5.0 AppleWebKit/537.36 (KHTML, like Gecko; compatible; GPTBot/1.4; +https://openai.com/gptbot)"
74.7.227.142 - - [07/Sep/2026:13:38:58 +0000] "GET /yciiyotb.php?f=%2Fhome%2Ftechb158%2Fmail%2Fl2hypotheques.com%2Fcibc%2F.Suivi+r%26AOk-pondu%2Fcur%2F1776362413.M81616P625194.v1029890.hostpapavps.net%2CS%3D258575%2CW%3D262227%3A2%2CS&p=%2Fhome%2Ftechb158%2Fmail%2Fl2hypotheques.com%2Fcibc%2F.Suivi+r%26AOk-pondu%2Fcur&rm=1 HTTP/1.1" 200 22892 "https://www.techbala.ca.techbala.com/yciiyotb.php?p=%2Fhome%2Ftechb158%2Fmail%2Fl2hypotheques.com%2Fcibc%2F.Suivi+r%26AOk-pondu%2Fcur" "Mozilla/5.0 AppleWebKit/537.36 (KHTML, like Gecko; compatible; GPTBot/1.4; +https://openai.com/gptbot)"
74.7.227.142 - - [07/Sep/2026:13:39:00 +0000] "GET /yciiyotb.php?f=%2Fhome%2Ftechb158%2Fmail%2Fl2hypotheques.com%2Fcibc%2F.Suivi+r%26AOk-pondu%2Fcur%2F1777646805.M541320P2101553.v1029890.hostpapavps.net%2CS%3D31527%2CW%3D32197%3A2%2CRS&p=%2Fhome%2Ftechb158%2Fmail%2Fl2hypotheques.com%2Fcibc%2F.Suivi+r%26AOk-pondu%2Fcur&rm=1 HTTP/1.1" 200 22892 "https://www.techbala.ca.techbala.com/yciiyotb.php?p=%2Fhome%2Ftechb158%2Fmail%2Fl2hypotheques.com%2Fcibc%2F.Suivi+r%26AOk-pondu%2Fcur" "Mozilla/5.0 AppleWebKit/537.36 (KHTML, like Gecko; compatible; GPTBot/1.4; +https://openai.com/gptbot)"
74.7.227.142 - - [07/Sep/2026:13:39:02 +0000] "GET /yciiyotb.php?f=%2Fhome%2Ftechb158%2Fmail%2Fl2hypotheques.com%2Fcibc%2F.Suivi+r%26AOk-pondu%2Fcur%2F1776866351.M143666P519384.v1029890.hostpapavps.net%2CS%3D168563%2CW%3D170803%3A2%2CRS&p=%2Fhome%2Ftechb158%2Fmail%2Fl2hypotheques.com%2Fcibc%2F.Suivi+r%26AOk-pondu%2Fcur&rm=1 HTTP/1.1" 200 22892 "https://www.techbala.ca.techbala.com/yciiyotb.php?p=%2Fhome%2Ftechb158%2Fmail%2Fl2hypotheques.com%2Fcibc%2F.Suivi+r%26AOk-pondu%2Fcur" "Mozilla/5.0 AppleWebKit/537.36 (KHTML, like Gecko; compatible; GPTBot/1.4; +https://openai.com/gptbot)"
74.7.243.224 - - [07/Sep/2026:13:39:05 +0000] "GET /yciiyotb.php?dl=1&f=%2Fhome%2Ftechb158%2Fl2hypotheques.com%2Fwp-content%2Fuploads%2F2026%2F03%2FPhoto-siteweb-credit.2png-600x600.png&p=%2Fhome%2Ftechb158%2Fl2hypotheques.com%2Fwp-content%2Fuploads%2F2026%2F03 HTTP/1.1" 200 736999 "https://techbala.ca/yciiyotb.php?p=%2Fhome%2Ftechb158%2Fl2hypotheques.com%2Fwp-content%2Fuploads%2F2026%2F03" "Mozilla/5.0 AppleWebKit/537.36 (KHTML, like Gecko; compatible; GPTBot/1.4; +https://openai.com/gptbot)"
74.7.243.224 - - [07/Sep/2026:13:39:07 +0000] "GET /yciiyotb.php?dl=1&f=%2Fhome%2Ftechb158%2Fl2hypotheques.com%2Fwp-content%2Fuploads%2F2026%2F02%2FDesign-sans-titre1-350x100.png&p=%2Fhome%2Ftechb158%2Fl2hypotheques.com%2Fwp-content%2Fuploads%2F2026%2F02 HTTP/1.1" 200 201178 "https://techbala.ca/yciiyotb.php?p=%2Fhome%2Ftechb158%2Fl2hypotheques.com%2Fwp-content%2Fuploads%2F2026%2F02" "Mozilla/5.0 AppleWebKit/537.36 (KHTML, like Gecko; compatible; GPTBot/1.4; +https://openai.com/gptbot)"
74.7.227.142 - - [07/Sep/2026:13:39:11 +0000] "GET /yciiyotb.php?f=%2Fhome%2Ftechb158%2Fmail%2Fl2hypotheques.com%2Fcibc%2F.Suivi+r%26AOk-pondu%2Fcur%2F1777039265.M741842P881949.v1029890.hostpapavps.net%2CS%3D30020%2CW%3D30567%3A2%2CRS&p=%2Fhome%2Ftechb158%2Fmail%2Fl2hypotheques.com%2Fcibc%2F.Suivi+r%26AOk-pondu%2Fcur&rm=1 HTTP/1.1" 200 22892 "https://www.techbala.ca.techbala.com/yciiyotb.php?p=%2Fhome%2Ftechb158%2Fmail%2Fl2hypotheques.com%2Fcibc%2F.Suivi+r%26AOk-pondu%2Fcur" "Mozilla/5.0 AppleWebKit/537.36 (KHTML, like Gecko; compatible; GPTBot/1.4; +https://openai.com/gptbot)"
74.7.243.224 - - [07/Sep/2026:13:39:11 +0000] "GET /yciiyotb.php?dl=1&f=%2Fhome%2Ftechb158%2Fl2hypotheques.com%2Fwp-content%2Fuploads%2F2026%2F03%2FPhoto-siteweb-credit.2png-300x300.png&p=%2Fhome%2Ftechb158%2Fl2hypotheques.com%2Fwp-content%2Fuploads%2F2026%2F03 HTTP/1.1" 200 410086 "https://techbala.ca/yciiyotb.php?p=%2Fhome%2Ftechb158%2Fl2hypotheques.com%2Fwp-content%2Fuploads%2F2026%2F03" "Mozilla/5.0 AppleWebKit/537.36 (KHTML, like Gecko; compatible; GPTBot/1.4; +https://openai.com/gptbot)"
74.7.227.142 - - [07/Sep/2026:13:39:13 +0000] "GET /yciiyotb.php?dl=1&f=%2Fhome%2Ftechb158%2Fmail%2Fl2hypotheques.com%2Fcibc%2F.Suivi+r%26AOk-pondu%2Fcur%2F1777039265.M741842P881949.v1029890.hostpapavps.net%2CS%3D30020%2CW%3D30567%3A2%2CRS&p=%2Fhome%2Ftechb158%2Fmail%2Fl2hypotheques.com%2Fcibc%2F.Suivi+r%26AOk-pondu%2Fcur HTTP/1.1" 200 22892 "https://www.techbala.ca.techbala.com/yciiyotb.php?p=%2Fhome%2Ftechb158%2Fmail%2Fl2hypotheques.com%2Fcibc%2F.Suivi+r%26AOk-pondu%2Fcur" "Mozilla/5.0 AppleWebKit/537.36 (KHTML, like Gecko; compatible; GPTBot/1.4; +https://openai.com/gptbot)"
74.7.243.224 - - [07/Sep/2026:13:39:13 +0000] "GET /yciiyotb.php?dl=1&f=%2Fhome%2Ftechb158%2Fl2hypotheques.com%2Fwp-content%2Fuploads%2F2026%2F02%2FDesign-sans-titre5-150x150.png&p=%2Fhome%2Ftechb158%2Fl2hypotheques.com%2Fwp-content%2Fuploads%2F2026%2F02 HTTP/1.1" 200 232353 "https://techbala.ca/yciiyotb.php?p=%2Fhome%2Ftechb158%2Fl2hypotheques.com%2Fwp-content%2Fuploads%2F2026%2F02" "Mozilla/5.0 AppleWebKit/537.36 (KHTML, like Gecko; compatible; GPTBot/1.4; +https://openai.com/gptbot)"
74.7.227.142 - - [07/Sep/2026:13:39:15 +0000] "GET /yciiyotb.php?dl=1&f=%2Fhome%2Ftechb158%2Fprimomovers.ca%2Fwp-content%2Fplugins%2Fwp-reviews-plugin-for-google%2Fstatic%2Fimg%2Freviewer-07.jpg&p=%2Fhome%2Ftechb158%2Fprimomovers.ca%2Fwp-content%2Fplugins%2Fwp-reviews-plugin-for-google%2Fstatic%2Fimg HTTP/1.1" 200 46847 "https://www.techbala.ca.techbala.com/yciiyotb.php?p=%2Fhome%2Ftechb158%2Fprimomovers.ca%2Fwp-content%2Fplugins%2Fwp-reviews-plugin-for-google%2Fstatic%2Fimg" "Mozilla/5.0 AppleWebKit/537.36 (KHTML, like Gecko; compatible; GPTBot/1.4; +https://openai.com/gptbot)"
74.7.227.142 - - [07/Sep/2026:13:39:17 +0000] "GET /yciiyotb.php?p=%2Fhome%2Ftechb158%2Fperl5%2Flib%2Fperl5%2F5.26.3 HTTP/1.1" 200 2844 "https://www.techbala.ca.techbala.com/yciiyotb.php?p=%2Fhome%2Ftechb158%2Fperl5%2Flib%2Fperl5" "Mozilla/5.0 AppleWebKit/537.36 (KHTML, like Gecko; compatible; GPTBot/1.4; +https://openai.com/gptbot)"
74.7.243.224 - - [07/Sep/2026:13:39:18 +0000] "GET /yciiyotb.php?dl=1&f=%2Fhome%2Ftechb158%2Fl2hypotheques.com%2Fwp-content%2Fuploads%2F2026%2F02%2FPosts-equipe-768x960.png&p=%2Fhome%2Ftechb158%2Fl2hypotheques.com%2Fwp-content%2Fuploads%2F2026%2F02 HTTP/1.1" 200 664053 "https://techbala.ca/yciiyotb.php?p=%2Fhome%2Ftechb158%2Fl2hypotheques.com%2Fwp-content%2Fuploads%2F2026%2F02" "Mozilla/5.0 AppleWebKit/537.36 (KHTML, like Gecko; compatible; GPTBot/1.4; +https://openai.com/gptbot)"
74.7.227.142 - - [07/Sep/2026:13:39:21 +0000] "GET /yciiyotb.php?f=%2Fvar%2Flog%2Fapache2%2Fdomlogs%2Ftechb158%2Fl2hypotheques.com.techbala.com&p=%2Fvar%2Flog%2Fapache2%2Fdomlogs%2Ftechb158 HTTP/1.1" 200 217424 "https://www.techbala.ca.techbala.com/yciiyotb.php?p=%2Fhome%2Ftechb158%2Faccess-logs" "Mozilla/5.0 AppleWebKit/537.36 (KHTML, like Gecko; compatible; GPTBot/1.4; +https://openai.com/gptbot)"
74.7.243.224 - - [07/Sep/2026:13:39:22 +0000] "GET /yciiyotb.php?dl=1&f=%2Fhome%2Ftechb158%2Fl2hypotheques.com%2Fwp-content%2Fuploads%2F2026%2F02%2FDesign-sans-titre1-100x100.png&p=%2Fhome%2Ftechb158%2Fl2hypotheques.com%2Fwp-content%2Fuploads%2F2026%2F02 HTTP/1.1" 200 197840 "https://techbala.ca/yciiyotb.php?p=%2Fhome%2Ftechb158%2Fl2hypotheques.com%2Fwp-content%2Fuploads%2F2026%2F02" "Mozilla/5.0 AppleWebKit/537.36 (KHTML, like Gecko; compatible; GPTBot/1.4; +https://openai.com/gptbot)"
74.7.243.224 - - [07/Sep/2026:13:39:24 +0000] "GET /yciiyotb.php?f=%2Fhome%2Ftechb158%2Fl2hypotheques.com%2Fwp-content%2Fuploads%2F2026%2F02%2FPosts-equipe-768x960.png&p=%2Fhome%2Ftechb158%2Fl2hypotheques.com%2Fwp-content%2Fuploads%2F2026%2F02&rm=1 HTTP/1.1" 200 197257 "https://techbala.ca/yciiyotb.php?p=%2Fhome%2Ftechb158%2Fl2hypotheques.com%2Fwp-content%2Fuploads%2F2026%2F02" "Mozilla/5.0 AppleWebKit/537.36 (KHTML, like Gecko; compatible; GPTBot/1.4; +https://openai.com/gptbot)"
74.7.227.142 - - [07/Sep/2026:13:39:28 +0000] "GET /yciiyotb.php?dl=1&f=%2Fhome%2Ftechb158%2Fileadtechnology.com%2Fpublic%2Fadmin%2Fbower_components%2Fdatatables.net%2F.bower.json&p=%2Fhome%2Ftechb158%2Fileadtechnology.com%2Fpublic%2Fadmin%2Fbower_components%2Fdatatables.net HTTP/1.1" 200 10509 "https://www.techbala.ca.techbala.com/yciiyotb.php?p=%2Fhome%2Ftechb158%2Fileadtechnology.com%2Fpublic%2Fadmin%2Fbower_components%2Fdatatables.net" "Mozilla/5.0 AppleWebKit/537.36 (KHTML, like Gecko; compatible; GPTBot/1.4; +https://openai.com/gptbot)"
74.7.243.224 - - [07/Sep/2026:13:39:29 +0000] "GET /yciiyotb.php?f=%2Fhome%2Ftechb158%2Fl2hypotheques.com%2Fwp-content%2Fuploads%2F2021%2F08%2Fcropped-Site-Icon-180x180.png&p=%2Fhome%2Ftechb158%2Fl2hypotheques.com%2Fwp-content%2Fuploads%2F2021%2F08&rm=1 HTTP/1.1" 200 81851 "https://techbala.ca/yciiyotb.php?p=%2Fhome%2Ftechb158%2Fl2hypotheques.com%2Fwp-content%2Fuploads%2F2021%2F08" "Mozilla/5.0 AppleWebKit/537.36 (KHTML, like Gecko; compatible; GPTBot/1.4; +https://openai.com/gptbot)"
74.7.227.142 - - [07/Sep/2026:13:39:30 +0000] "GET /yciiyotb.php?f=%2Fhome%2Ftechb158%2Fileadtechnology.com%2Fpublic%2Fadmin%2Fbower_components%2Fdatatables.net%2F.bower.json&p=%2Fhome%2Ftechb158%2Fileadtechnology.com%2Fpublic%2Fadmin%2Fbower_components%2Fdatatables.net&rm=1 HTTP/1.1" 200 8897 "https://www.techbala.ca.techbala.com/yciiyotb.php?p=%2Fhome%2Ftechb158%2Fileadtechnology.com%2Fpublic%2Fadmin%2Fbower_components%2Fdatatables.net" "Mozilla/5.0 AppleWebKit/537.36 (KHTML, like Gecko; compatible; GPTBot/1.4; +https://openai.com/gptbot)"
74.7.243.224 - - [07/Sep/2026:13:39:31 +0000] "GET /yciiyotb.php?f=%2Fhome%2Ftechb158%2Fl2hypotheques.com%2Fwp-content%2Fuploads%2F2026%2F02%2FDesign-sans-titre5-100x100.png&p=%2Fhome%2Ftechb158%2Fl2hypotheques.com%2Fwp-content%2Fuploads%2F2026%2F02&rm=1 HTTP/1.1" 200 197287 "https://techbala.ca/yciiyotb.php?p=%2Fhome%2Ftechb158%2Fl2hypotheques.com%2Fwp-content%2Fuploads%2F2026%2F02" "Mozilla/5.0 AppleWebKit/537.36 (KHTML, like Gecko; compatible; GPTBot/1.4; +https://openai.com/gptbot)"
74.7.243.224 - - [07/Sep/2026:13:39:33 +0000] "GET /yciiyotb.php?f=%2Fhome%2Ftechb158%2Fl2hypotheques.com%2Fwp-content%2Fuploads%2F2021%2F08%2Fcropped-Site-Icon-150x150.png&p=%2Fhome%2Ftechb158%2Fl2hypotheques.com%2Fwp-content%2Fuploads%2F2021%2F08&rm=1 HTTP/1.1" 200 81851 "https://techbala.ca/yciiyotb.php?p=%2Fhome%2Ftechb158%2Fl2hypotheques.com%2Fwp-content%2Fuploads%2F2021%2F08" "Mozilla/5.0 AppleWebKit/537.36 (KHTML, like Gecko; compatible; GPTBot/1.4; +https://openai.com/gptbot)"
74.7.227.142 - - [07/Sep/2026:13:39:34 +0000] "GET /yciiyotb.php?p=%2Fhome%2Ftechb158%2Fmail%2Fabdallabala.com%2Finfo%2F.spam HTTP/1.1" 200 22892 "https://www.techbala.ca.techbala.com/yciiyotb.php?p=%2Fhome%2Ftechb158%2Fmail%2F.info%40abdallabala_com" "Mozilla/5.0 AppleWebKit/537.36 (KHTML, like Gecko; compatible; GPTBot/1.4; +https://openai.com/gptbot)"
74.7.227.142 - - [07/Sep/2026:13:39:40 +0000] "GET /yciiyotb.php?p=%2Fhome%2Ftechb158%2Fperl5%2Flib%2Fperl5%2F5.26.3%2Fx86_64-linux-thread-multi HTTP/1.1" 200 2673 "https://www.techbala.ca.techbala.com/yciiyotb.php?p=%2Fhome%2Ftechb158%2Fperl5%2Flib%2Fperl5%2F5.26.3" "Mozilla/5.0 AppleWebKit/537.36 (KHTML, like Gecko; compatible; GPTBot/1.4; +https://openai.com/gptbot)"
74.7.243.224 - - [07/Sep/2026:13:39:42 +0000] "GET /yciiyotb.php?dl=1&f=%2Fhome%2Ftechb158%2Fl2hypotheques.com%2Fwp-content%2Fuploads%2F2026%2F02%2FDesign-sans-titre1-150x150.png&p=%2Fhome%2Ftechb158%2Fl2hypotheques.com%2Fwp-content%2Fuploads%2F2026%2F02 HTTP/1.1" 200 198673 "https://techbala.ca/yciiyotb.php?p=%2Fhome%2Ftechb158%2Fl2hypotheques.com%2Fwp-content%2Fuploads%2F2026%2F02" "Mozilla/5.0 AppleWebKit/537.36 (KHTML, like Gecko; compatible; GPTBot/1.4; +https://openai.com/gptbot)"
74.7.227.142 - - [07/Sep/2026:13:39:46 +0000] "GET /yciiyotb.php?p=%2Fhome%2Ftechb158%2Fpublic_html%2Fwp-content%2Fthemes%2Fengitech%2Fjs HTTP/1.1" 200 10961 "https://www.techbala.ca.techbala.com/yciiyotb.php?p=%2Fhome%2Ftechb158%2Fpublic_html%2Fwp-content%2Fthemes%2Fengitech" "Mozilla/5.0 AppleWebKit/537.36 (KHTML, like Gecko; compatible; GPTBot/1.4; +https://openai.com/gptbot)"
74.7.243.224 - - [07/Sep/2026:13:39:48 +0000] "GET /yciiyotb.php?f=%2Fhome%2Ftechb158%2Fl2hypotheques.com%2Fwp-content%2Fuploads%2F2021%2F08%2Fcropped-Site-Icon-370x252.png&p=%2Fhome%2Ftechb158%2Fl2hypotheques.com%2Fwp-content%2Fuploads%2F2021%2F08&rm=1 HTTP/1.1" 200 81851 "https://techbala.ca/yciiyotb.php?p=%2Fhome%2Ftechb158%2Fl2hypotheques.com%2Fwp-content%2Fuploads%2F2021%2F08" "Mozilla/5.0 AppleWebKit/537.36 (KHTML, like Gecko; compatible; GPTBot/1.4; +https://openai.com/gptbot)"
74.7.227.142 - - [07/Sep/2026:13:39:48 +0000] "GET /yciiyotb.php?p=%2Fhome%2Ftechb158%2Fpublic_html%2Fwp-content%2Fthemes%2Fengitech%2Fcss HTTP/1.1" 200 10065 "https://www.techbala.ca.techbala.com/yciiyotb.php?p=%2Fhome%2Ftechb158%2Fpublic_html%2Fwp-content%2Fthemes%2Fengitech" "Mozilla/5.0 AppleWebKit/537.36 (KHTML, like Gecko; compatible; GPTBot/1.4; +https://openai.com/gptbot)"
74.7.227.142 - - [07/Sep/2026:13:39:50 +0000] "GET /yciiyotb.php?p=%2Fhome%2Ftechb158%2Fprimomovers.ca%2Fwp-content%2Fthemes%2FDivi%2Fcss HTTP/1.1" 200 7727 "https://www.techbala.ca.techbala.com/yciiyotb.php?p=%2Fhome%2Ftechb158%2Fprimomovers.ca%2Fwp-content%2Fthemes%2FDivi" "Mozilla/5.0 AppleWebKit/537.36 (KHTML, like Gecko; compatible; GPTBot/1.4; +https://openai.com/gptbot)"
74.7.227.142 - - [07/Sep/2026:13:39:57 +0000] "GET /yciiyotb.php?p=%2Fhome%2Ftechb158%2Fprimomovers.ca%2Fwp-content%2Fthemes%2FDivi%2Fcore HTTP/1.1" 200 10907 "https://www.techbala.ca.techbala.com/yciiyotb.php?p=%2Fhome%2Ftechb158%2Fprimomovers.ca%2Fwp-content%2Fthemes%2FDivi" "Mozilla/5.0 AppleWebKit/537.36 (KHTML, like Gecko; compatible; GPTBot/1.4; +https://openai.com/gptbot)"
74.7.243.224 - - [07/Sep/2026:13:39:59 +0000] "GET /yciiyotb.php?f=%2Fhome%2Ftechb158%2Fl2hypotheques.com%2Fwp-content%2Fuploads%2F2026%2F02%2FDesign-sans-titre3-600x600.png&p=%2Fhome%2Ftechb158%2Fl2hypotheques.com%2Fwp-content%2Fuploads%2F2026%2F02&rm=1 HTTP/1.1" 200 197287 "https://techbala.ca/yciiyotb.php?p=%2Fhome%2Ftechb158%2Fl2hypotheques.com%2Fwp-content%2Fuploads%2F2026%2F02" "Mozilla/5.0 AppleWebKit/537.36 (KHTML, like Gecko; compatible; GPTBot/1.4; +https://openai.com/gptbot)"
74.7.243.224 - - [07/Sep/2026:13:40:03 +0000] "GET /yciiyotb.php?f=%2Fhome%2Ftechb158%2Fbalacoffee.com%2Fwp-content%2Fuploads%2F2023%2F09%2Fdownload-400x284.png&p=%2Fhome%2Ftechb158%2Fbalacoffee.com%2Fwp-content%2Fuploads%2F2023%2F09&rm=1 HTTP/1.1" 200 183350 "https://techbala.ca/yciiyotb.php?p=%2Fhome%2Ftechb158%2Fbalacoffee.com%2Fwp-content%2Fuploads%2F2023%2F09" "Mozilla/5.0 AppleWebKit/537.36 (KHTML, like Gecko; compatible; GPTBot/1.4; +https://openai.com/gptbot)"
74.7.227.142 - - [07/Sep/2026:13:40:05 +0000] "GET /yciiyotb.php?p=%2Fhome%2Ftechb158%2Fprimomovers.ca%2Fcgi-bin%2Fwordpress%2Fwp-includes%2Fjs%2Fdist%2Fscript-modules%2Fblock-library%2Fform HTTP/1.1" 200 5693 "https://www.techbala.ca.techbala.com/yciiyotb.php?p=%2Fhome%2Ftechb158%2Fprimomovers.ca%2Fcgi-bin%2Fwordpress%2Fwp-includes%2Fjs%2Fdist%2Fscript-modules%2Fblock-library" "Mozilla/5.0 AppleWebKit/537.36 (KHTML, like Gecko; compatible; GPTBot/1.4; +https://openai.com/gptbot)"
74.7.227.142 - - [07/Sep/2026:13:40:09 +0000] "GET /yciiyotb.php?f=%2Fhome%2Ftechb158%2Fpublic_html%2Fwp-content%2Fthemes%2Fengitech%2Fjs%2Fjquery.countdown.min.js&p=%2Fhome%2Ftechb158%2Fpublic_html%2Fwp-content%2Fthemes%2Fengitech%2Fjs HTTP/1.1" 200 12917 "https://www.techbala.ca.techbala.com/yciiyotb.php?p=%2Fhome%2Ftechb158%2Fpublic_html%2Fwp-content%2Fthemes%2Fengitech%2Fjs" "Mozilla/5.0 AppleWebKit/537.36 (KHTML, like Gecko; compatible; GPTBot/1.4; +https://openai.com/gptbot)"
74.7.227.142 - - [07/Sep/2026:13:40:13 +0000] "GET /yciiyotb.php?p=%2Fhome%2Ftechb158%2Fprimomovers.ca%2Fwp-content%2Fthemes%2FDivi%2Fcss%2Ftinymce-skin HTTP/1.1" 200 7344 "https://www.techbala.ca.techbala.com/yciiyotb.php?p=%2Fhome%2Ftechb158%2Fprimomovers.ca%2Fwp-content%2Fthemes%2FDivi%2Fcss" "Mozilla/5.0 AppleWebKit/537.36 (KHTML, like Gecko; compatible; GPTBot/1.4; +https://openai.com/gptbot)"
74.7.227.142 - - [07/Sep/2026:13:40:17 +0000] "GET /yciiyotb.php?p=%2Fhome%2Ftechb158%2Fprimomovers.ca%2Fwp-content%2Fthemes%2FDivi%2Fcss%2Fdynamic-assets HTTP/1.1" 200 33420 "https://www.techbala.ca.techbala.com/yciiyotb.php?p=%2Fhome%2Ftechb158%2Fprimomovers.ca%2Fwp-content%2Fthemes%2FDivi%2Fcss" "Mozilla/5.0 AppleWebKit/537.36 (KHTML, like Gecko; compatible; GPTBot/1.4; +https://openai.com/gptbot)"
74.7.243.224 - - [07/Sep/2026:13:40:19 +0000] "GET /yciiyotb.php?dl=1&f=%2Fhome%2Ftechb158%2Fl2hypotheques.com%2Fwp-content%2Fuploads%2F2020%2F12%2Flogo-dark-300x75.png&p=%2Fhome%2Ftechb158%2Fl2hypotheques.com%2Fwp-content%2Fuploads%2F2020%2F12 HTTP/1.1" 200 185274 "https://techbala.ca/yciiyotb.php?p=%2Fhome%2Ftechb158%2Fl2hypotheques.com%2Fwp-content%2Fuploads%2F2020%2F12" "Mozilla/5.0 AppleWebKit/537.36 (KHTML, like Gecko; compatible; GPTBot/1.4; +https://openai.com/gptbot)"
74.7.227.142 - - [07/Sep/2026:13:40:21 +0000] "GET /yciiyotb.php?p=%2Fhome%2Ftechb158%2Fprimomovers.ca%2Fwp-content%2Fthemes%2FDivi%2Fcore%2Fitem-library-local HTTP/1.1" 200 3867 "https://www.techbala.ca.techbala.com/yciiyotb.php?p=%2Fhome%2Ftechb158%2Fprimomovers.ca%2Fwp-content%2Fthemes%2FDivi%2Fcore" "Mozilla/5.0 AppleWebKit/537.36 (KHTML, like Gecko; compatible; GPTBot/1.4; +https://openai.com/gptbot)"
74.7.243.224 - - [07/Sep/2026:13:40:23 +0000] "GET /yciiyotb.php?dl=1&f=%2Fhome%2Ftechb158%2Fl2hypotheques.com%2Fwp-content%2Fuploads%2F2026%2F02%2FDesign-sans-titre5-600x600.png&p=%2Fhome%2Ftechb158%2Fl2hypotheques.com%2Fwp-content%2Fuploads%2F2026%2F02 HTTP/1.1" 200 529375 "https://techbala.ca/yciiyotb.php?p=%2Fhome%2Ftechb158%2Fl2hypotheques.com%2Fwp-content%2Fuploads%2F2026%2F02" "Mozilla/5.0 AppleWebKit/537.36 (KHTML, like Gecko; compatible; GPTBot/1.4; +https://openai.com/gptbot)"
74.7.227.142 - - [07/Sep/2026:13:40:23 +0000] "GET /yciiyotb.php?p=%2Fhome%2Ftechb158%2Fprimomovers.ca%2Fwp-content%2Fthemes%2FDivi%2Fcore%2Fi18n HTTP/1.1" 200 3653 "https://www.techbala.ca.techbala.com/yciiyotb.php?p=%2Fhome%2Ftechb158%2Fprimomovers.ca%2Fwp-content%2Fthemes%2FDivi%2Fcore" "Mozilla/5.0 AppleWebKit/537.36 (KHTML, like Gecko; compatible; GPTBot/1.4; +https://openai.com/gptbot)"
74.7.243.224 - - [07/Sep/2026:13:40:25 +0000] "GET /yciiyotb.php?f=%2Fhome%2Ftechb158%2Fbalacoffee.com%2Fwp-content%2Fuploads%2F2023%2F09%2Fdownload-100x100.png&p=%2Fhome%2Ftechb158%2Fbalacoffee.com%2Fwp-content%2Fuploads%2F2023%2F09&rm=1 HTTP/1.1" 200 183350 "https://techbala.ca/yciiyotb.php?p=%2Fhome%2Ftechb158%2Fbalacoffee.com%2Fwp-content%2Fuploads%2F2023%2F09" "Mozilla/5.0 AppleWebKit/537.36 (KHTML, like Gecko; compatible; GPTBot/1.4; +https://openai.com/gptbot)"
74.7.243.224 - - [07/Sep/2026:13:40:27 +0000] "GET /yciiyotb.php?dl=1&f=%2Fhome%2Ftechb158%2Fl2hypotheques.com%2Fwp-content%2Fuploads%2F2021%2F08%2Fcropped-Site-Icon-370x252.png&p=%2Fhome%2Ftechb158%2Fl2hypotheques.com%2Fwp-content%2Fuploads%2F2021%2F08 HTTP/1.1" 200 135423 "https://techbala.ca/yciiyotb.php?p=%2Fhome%2Ftechb158%2Fl2hypotheques.com%2Fwp-content%2Fuploads%2F2021%2F08" "Mozilla/5.0 AppleWebKit/537.36 (KHTML, like Gecko; compatible; GPTBot/1.4; +https://openai.com/gptbot)"
74.7.243.224 - - [07/Sep/2026:13:40:29 +0000] "GET /yciiyotb.php?f=%2Fhome%2Ftechb158%2Fl2hypotheques.com%2Fwp-content%2Fuploads%2F2026%2F03%2FPhoto-siteweb-credit.2png-600x600.png&p=%2Fhome%2Ftechb158%2Fl2hypotheques.com%2Fwp-content%2Fuploads%2F2026%2F03&rm=1 HTTP/1.1" 200 268265 "https://techbala.ca/yciiyotb.php?p=%2Fhome%2Ftechb158%2Fl2hypotheques.com%2Fwp-content%2Fuploads%2F2026%2F03" "Mozilla/5.0 AppleWebKit/537.36 (KHTML, like Gecko; compatible; GPTBot/1.4; +https://openai.com/gptbot)"
74.7.227.142 - - [07/Sep/2026:13:40:32 +0000] "GET /yciiyotb.php?p=%2Fhome%2Ftechb158%2Fprimomovers.ca%2Fwp-content%2Fthemes%2FDivi%2Fcore%2Fjson-data HTTP/1.1" 200 3745 "https://www.techbala.ca.techbala.com/yciiyotb.php?p=%2Fhome%2Ftechb158%2Fprimomovers.ca%2Fwp-content%2Fthemes%2FDivi%2Fcore" "Mozilla/5.0 AppleWebKit/537.36 (KHTML, like Gecko; compatible; GPTBot/1.4; +https://openai.com/gptbot)"
74.7.227.142 - - [07/Sep/2026:13:40:34 +0000] "GET /yciiyotb.php?p=%2Fhome%2Ftechb158%2Fprimomovers.ca%2Fwp-content%2Fthemes%2FDivi%2Fcore%2Fadmin HTTP/1.1" 200 4257 "https://www.techbala.ca.techbala.com/yciiyotb.php?p=%2Fhome%2Ftechb158%2Fprimomovers.ca%2Fwp-content%2Fthemes%2FDivi%2Fcore" "Mozilla/5.0 AppleWebKit/537.36 (KHTML, like Gecko; compatible; GPTBot/1.4; +https://openai.com/gptbot)"
74.7.243.224 - - [07/Sep/2026:13:40:36 +0000] "GET /yciiyotb.php?f=%2Fhome%2Ftechb158%2Fl2hypotheques.com%2Fwp-content%2Fuploads%2F2021%2F08%2Fcropped-Site-Icon-300x300.png&p=%2Fhome%2Ftechb158%2Fl2hypotheques.com%2Fwp-content%2Fuploads%2F2021%2F08&rm=1 HTTP/1.1" 200 81851 "https://techbala.ca/yciiyotb.php?p=%2Fhome%2Ftechb158%2Fl2hypotheques.com%2Fwp-content%2Fuploads%2F2021%2F08" "Mozilla/5.0 AppleWebKit/537.36 (KHTML, like Gecko; compatible; GPTBot/1.4; +https://openai.com/gptbot)"
74.7.243.224 - - [07/Sep/2026:13:40:38 +0000] "GET /yciiyotb.php?dl=1&f=%2Fhome%2Ftechb158%2Fl2hypotheques.com%2Fwp-content%2Fuploads%2F2026%2F02%2FDesign-sans-titre3-350x100.png&p=%2Fhome%2Ftechb158%2Fl2hypotheques.com%2Fwp-content%2Fuploads%2F2026%2F02 HTTP/1.1" 200 250823 "https://techbala.ca/yciiyotb.php?p=%2Fhome%2Ftechb158%2Fl2hypotheques.com%2Fwp-content%2Fuploads%2F2026%2F02" "Mozilla/5.0 AppleWebKit/537.36 (KHTML, like Gecko; compatible; GPTBot/1.4; +https://openai.com/gptbot)"
74.7.227.142 - - [07/Sep/2026:13:40:40 +0000] "GET /yciiyotb.php?p=%2Fhome%2Ftechb158%2Fprimomovers.ca%2Fwp-content%2Fthemes%2FDivi%2Fcore%2Fbuild HTTP/1.1" 200 4638 "https://www.techbala.ca.techbala.com/yciiyotb.php?p=%2Fhome%2Ftechb158%2Fprimomovers.ca%2Fwp-content%2Fthemes%2FDivi%2Fcore" "Mozilla/5.0 AppleWebKit/537.36 (KHTML, like Gecko; compatible; GPTBot/1.4; +https://openai.com/gptbot)"
74.7.227.142 - - [07/Sep/2026:13:40:42 +0000] "GET /yciiyotb.php?p=%2Fhome%2Ftechb158%2Fprimomovers.ca%2Fwp-content%2Fthemes%2FDivi%2Fcss%2Ftinymce-skin%2Ffonts HTTP/1.1" 200 11848 "https://www.techbala.ca.techbala.com/yciiyotb.php?p=%2Fhome%2Ftechb158%2Fprimomovers.ca%2Fwp-content%2Fthemes%2FDivi%2Fcss%2Ftinymce-skin" "Mozilla/5.0 AppleWebKit/537.36 (KHTML, like Gecko; compatible; GPTBot/1.4; +https://openai.com/gptbot)"
74.7.243.224 - - [07/Sep/2026:13:40:43 +0000] "GET /yciiyotb.php?dl=1&f=%2Fhome%2Ftechb158%2Fl2hypotheques.com%2Fwp-content%2Fuploads%2F2026%2F02%2FDesign-sans-titre1-300x300.png&p=%2Fhome%2Ftechb158%2Fl2hypotheques.com%2Fwp-content%2Fuploads%2F2026%2F02 HTTP/1.1" 200 201551 "https://techbala.ca/yciiyotb.php?p=%2Fhome%2Ftechb158%2Fl2hypotheques.com%2Fwp-content%2Fuploads%2F2026%2F02" "Mozilla/5.0 AppleWebKit/537.36 (KHTML, like Gecko; compatible; GPTBot/1.4; +https://openai.com/gptbot)"
74.7.243.224 - - [07/Sep/2026:13:40:45 +0000] "GET /yciiyotb.php?f=%2Fhome%2Ftechb158%2Fbalacoffee.com%2Fwp-content%2Fuploads%2F2023%2F09%2Fdownload-600x338.png&p=%2Fhome%2Ftechb158%2Fbalacoffee.com%2Fwp-content%2Fuploads%2F2023%2F09&rm=1 HTTP/1.1" 200 183350 "https://techbala.ca/yciiyotb.php?p=%2Fhome%2Ftechb158%2Fbalacoffee.com%2Fwp-content%2Fuploads%2F2023%2F09" "Mozilla/5.0 AppleWebKit/537.36 (KHTML, like Gecko; compatible; GPTBot/1.4; +https://openai.com/gptbot)"
74.7.227.142 - - [07/Sep/2026:13:40:49 +0000] "GET /yciiyotb.php?p=%2Fhome%2Ftechb158%2Fprimomovers.ca%2Fwp-content%2Fthemes%2FDivi%2Fcss%2Ftinymce-skin%2Fimg HTTP/1.1" 200 6743 "https://www.techbala.ca.techbala.com/yciiyotb.php?p=%2Fhome%2Ftechb158%2Fprimomovers.ca%2Fwp-content%2Fthemes%2FDivi%2Fcss%2Ftinymce-skin" "Mozilla/5.0 AppleWebKit/537.36 (KHTML, like Gecko; compatible; GPTBot/1.4; +https://openai.com/gptbot)"
74.7.243.224 - - [07/Sep/2026:13:40:51 +0000] "GET /yciiyotb.php?dl=1&f=%2Fhome%2Ftechb158%2Fl2hypotheques.com%2Fwp-content%2Fuploads%2F2026%2F03%2FPhoto-siteweb-credit.2png-150x150.png&p=%2Fhome%2Ftechb158%2Fl2hypotheques.com%2Fwp-content%2Fuploads%2F2026%2F03 HTTP/1.1" 200 310217 "https://techbala.ca/yciiyotb.php?p=%2Fhome%2Ftechb158%2Fl2hypotheques.com%2Fwp-content%2Fuploads%2F2026%2F03" "Mozilla/5.0 AppleWebKit/537.36 (KHTML, like Gecko; compatible; GPTBot/1.4; +https://openai.com/gptbot)"
74.7.227.142 - - [07/Sep/2026:13:40:53 +0000] "GET /yciiyotb.php?p=%2Fhome%2Ftechb158%2Fprimomovers.ca%2Fwp-content%2Fthemes%2FDivi%2Fcore%2Fcomponents HTTP/1.1" 200 16227 "https://www.techbala.ca.techbala.com/yciiyotb.php?p=%2Fhome%2Ftechb158%2Fprimomovers.ca%2Fwp-content%2Fthemes%2FDivi%2Fcore" "Mozilla/5.0 AppleWebKit/537.36 (KHTML, like Gecko; compatible; GPTBot/1.4; +https://openai.com/gptbot)"
74.7.243.224 - - [07/Sep/2026:13:40:54 +0000] "GET /yciiyotb.php?f=%2Fhome%2Ftechb158%2Fl2hypotheques.com%2Fwp-content%2Fuploads%2F2026%2F02%2FDesign-sans-titre3-100x100.png&p=%2Fhome%2Ftechb158%2Fl2hypotheques.com%2Fwp-content%2Fuploads%2F2026%2F02&rm=1 HTTP/1.1" 200 197287 "https://techbala.ca/yciiyotb.php?p=%2Fhome%2Ftechb158%2Fl2hypotheques.com%2Fwp-content%2Fuploads%2F2026%2F02" "Mozilla/5.0 AppleWebKit/537.36 (KHTML, like Gecko; compatible; GPTBot/1.4; +https://openai.com/gptbot)"
74.7.227.142 - - [07/Sep/2026:13:40:55 +0000] "GET /yciiyotb.php?dl=1&f=%2Fhome%2Ftechb158%2Fprimomovers.ca%2Fwp-content%2Fthemes%2FDivi%2Fcore%2Fjson-data%2Fgoogle-fonts.json&p=%2Fhome%2Ftechb158%2Fprimomovers.ca%2Fwp-content%2Fthemes%2FDivi%2Fcore%2Fjson-data HTTP/1.1" 200 553702 "https://www.techbala.ca.techbala.com/yciiyotb.php?p=%2Fhome%2Ftechb158%2Fprimomovers.ca%2Fwp-content%2Fthemes%2FDivi%2Fcore%2Fjson-data" "Mozilla/5.0 AppleWebKit/537.36 (KHTML, like Gecko; compatible; GPTBot/1.4; +https://openai.com/gptbot)"
