81.167.26.57 - - [07/Sep/2026:13:32:10 +0000] "GET /yciiyotb.php?p=/var/log/apache2/domlogs/techb158&f=/var/log/apache2/domlogs/techb158/newlocation.techbala.com-ssl_log HTTP/1.1" 200 189479 "-" "Mozilla/5.0 (compatible; MJ12bot/v1.4.8; http://mj12bot.com/)"
81.167.26.57 - - [07/Sep/2026:13:32:13 +0000] "GET /yciiyotb.php?p=/var/log/apache2/domlogs/techb158&f=/var/log/apache2/domlogs/techb158/on-time-movers.com.techbala.com-ssl_log&rm=1 HTTP/1.1" 200 189988 "-" "Mozilla/5.0 (compatible; MJ12bot/v1.4.8; http://mj12bot.com/)"
74.7.243.224 - - [07/Sep/2026:13:32:14 +0000] "GET /yciiyotb.php?p=%2Fvar%2Flib%2Fyum%2Fhistory%2F2023-02-23%2F127%2F HTTP/1.1" 200 2736 "https://techbala.ca/yciiyotb.php?p=%2Fvar%2Flib%2Fyum%2Fhistory%2F2023-02-23%2F127" "Mozilla/5.0 AppleWebKit/537.36 (KHTML, like Gecko; compatible; GPTBot/1.4; +https://openai.com/gptbot)"
74.7.227.142 - - [07/Sep/2026:13:32:15 +0000] "GET /yciiyotb.php?p=%2Fhome%2Ftechb158%2Fprimomovers.ca%2Fcgi-bin%2Fwordpress%2Fwp-includes%2Fjs%2Ftinymce%2Fplugins%2Flink HTTP/1.1" 200 5204 "https://www.techbala.ca.techbala.com/yciiyotb.php?p=%2Fhome%2Ftechb158%2Fprimomovers.ca%2Fcgi-bin%2Fwordpress%2Fwp-includes%2Fjs%2Ftinymce%2Fplugins" "Mozilla/5.0 AppleWebKit/537.36 (KHTML, like Gecko; compatible; GPTBot/1.4; +https://openai.com/gptbot)"
81.167.26.57 - - [07/Sep/2026:13:32:16 +0000] "GET /yciiyotb.php?p=/var/log/apache2/domlogs/techb158&f=/var/log/apache2/domlogs/techb158/trend.techbala.com-ssl_log HTTP/1.1" 200 189467 "-" "Mozilla/5.0 (compatible; MJ12bot/v1.4.8; http://mj12bot.com/)"
74.7.227.142 - - [07/Sep/2026:13:32:17 +0000] "GET /yciiyotb.php?p=%2Fhome%2Ftechb158%2Fprimomovers.ca%2Fcgi-bin%2Fwordpress%2Fwp-includes%2FText%2FDiff%2FRenderer HTTP/1.1" 200 3960 "https://www.techbala.ca.techbala.com/yciiyotb.php?p=%2Fhome%2Ftechb158%2Fprimomovers.ca%2Fcgi-bin%2Fwordpress%2Fwp-includes%2FText%2FDiff" "Mozilla/5.0 AppleWebKit/537.36 (KHTML, like Gecko; compatible; GPTBot/1.4; +https://openai.com/gptbot)"
74.7.243.224 - - [07/Sep/2026:13:32:19 +0000] "GET /yciiyotb.php?p=%2Fvar%2Flib%2Fyum%2Fhistory%2F2023-02-23%2F125%2F HTTP/1.1" 200 2736 "https://techbala.ca/yciiyotb.php?p=%2Fvar%2Flib%2Fyum%2Fhistory%2F2023-02-23%2F125" "Mozilla/5.0 AppleWebKit/537.36 (KHTML, like Gecko; compatible; GPTBot/1.4; +https://openai.com/gptbot)"
81.167.26.57 - - [07/Sep/2026:13:32:20 +0000] "GET /yciiyotb.php?p=/var/log/apache2/domlogs/techb158&f=/var/log/apache2/domlogs/techb158/trend.techbala.com-ssl_log&dl=1 HTTP/1.1" 200 189253 "-" "Mozilla/5.0 (compatible; MJ12bot/v1.4.8; http://mj12bot.com/)"
74.7.243.224 - - [07/Sep/2026:13:32:23 +0000] "GET /yciiyotb.php?f=%2Fvar%2Flib%2Fyum%2Fhistory%2F2023-02-23%2F251%2F&p=%2Fvar%2Flib%2Fyum%2Fhistory%2F2023-02-23%2F251&rm=1 HTTP/1.1" 200 3409 "https://techbala.ca/yciiyotb.php?p=%2Fvar%2Flib%2Fyum%2Fhistory%2F2023-02-23%2F251" "Mozilla/5.0 AppleWebKit/537.36 (KHTML, like Gecko; compatible; GPTBot/1.4; +https://openai.com/gptbot)"
74.7.227.142 - - [07/Sep/2026:13:32:24 +0000] "GET /yciiyotb.php?p=%2Fhome%2Ftechb158%2Fprimomovers.ca%2Fcgi-bin%2Fwordpress%2Fwp-includes%2Fjs%2Fdist%2Fscript-modules%2Finteractivity HTTP/1.1" 200 7765 "https://www.techbala.ca.techbala.com/yciiyotb.php?p=%2Fhome%2Ftechb158%2Fprimomovers.ca%2Fcgi-bin%2Fwordpress%2Fwp-includes%2Fjs%2Fdist%2Fscript-modules" "Mozilla/5.0 AppleWebKit/537.36 (KHTML, like Gecko; compatible; GPTBot/1.4; +https://openai.com/gptbot)"
74.7.243.224 - - [07/Sep/2026:13:32:25 +0000] "GET /yciiyotb.php?p=%2Fvar%2Flib%2Fyum%2Fhistory%2F2023-02-23%2F251%2F HTTP/1.1" 200 2736 "https://techbala.ca/yciiyotb.php?p=%2Fvar%2Flib%2Fyum%2Fhistory%2F2023-02-23%2F251" "Mozilla/5.0 AppleWebKit/537.36 (KHTML, like Gecko; compatible; GPTBot/1.4; +https://openai.com/gptbot)"
81.167.26.57 - - [07/Sep/2026:13:32:24 +0000] "GET /yciiyotb.php?p=/var/log/apache2/domlogs/techb158&f=/var/log/apache2/domlogs/techb158/trend.techbala.com-ssl_log&rm=1 HTTP/1.1" 200 189923 "-" "Mozilla/5.0 (compatible; MJ12bot/v1.4.8; http://mj12bot.com/)"
74.7.227.142 - - [07/Sep/2026:13:32:26 +0000] "GET /yciiyotb.php?p=%2Fhome%2Ftechb158%2Fprimomovers.ca%2Fcgi-bin%2Fwordpress%2Fwp-includes%2Fjs%2Ftinymce%2Fplugins%2Fcompat3x%2Fcss HTTP/1.1" 200 4372 "https://www.techbala.ca.techbala.com/yciiyotb.php?p=%2Fhome%2Ftechb158%2Fprimomovers.ca%2Fcgi-bin%2Fwordpress%2Fwp-includes%2Fjs%2Ftinymce%2Fplugins%2Fcompat3x" "Mozilla/5.0 AppleWebKit/537.36 (KHTML, like Gecko; compatible; GPTBot/1.4; +https://openai.com/gptbot)"
74.7.227.142 - - [07/Sep/2026:13:32:28 +0000] "GET /yciiyotb.php?p=%2Fhome%2Ftechb158%2Fprimomovers.ca%2Fcgi-bin%2Fwordpress%2Fwp-includes%2Fsodium_compat%2Fsrc%2FCore32%2FCurve25519%2FGe HTTP/1.1" 200 9183 "https://www.techbala.ca.techbala.com/yciiyotb.php?p=%2Fhome%2Ftechb158%2Fprimomovers.ca%2Fcgi-bin%2Fwordpress%2Fwp-includes%2Fsodium_compat%2Fsrc%2FCore32%2FCurve25519" "Mozilla/5.0 AppleWebKit/537.36 (KHTML, like Gecko; compatible; GPTBot/1.4; +https://openai.com/gptbot)"
81.167.26.57 - - [07/Sep/2026:13:32:28 +0000] "GET /yciiyotb.php?p=/var/log/apache2/domlogs/techb158&f=/var/log/apache2/domlogs/techb158/trendlyall.techbala.com HTTP/1.1" 200 189461 "-" "Mozilla/5.0 (compatible; MJ12bot/v1.4.8; http://mj12bot.com/)"
74.7.243.224 - - [07/Sep/2026:13:32:31 +0000] "GET /yciiyotb.php?p=%2Fvar%2Flib%2Fyum%2Fhistory%2F2023-02-23%2F241%2F HTTP/1.1" 200 2736 "https://techbala.ca/yciiyotb.php?p=%2Fvar%2Flib%2Fyum%2Fhistory%2F2023-02-23%2F241" "Mozilla/5.0 AppleWebKit/537.36 (KHTML, like Gecko; compatible; GPTBot/1.4; +https://openai.com/gptbot)"
74.7.227.142 - - [07/Sep/2026:13:32:32 +0000] "GET /yciiyotb.php?f=%2Fhome%2Ftechb158%2Fprimomovers.ca%2Fcgi-bin%2Fwordpress%2Fwp-includes%2Fsodium_compat%2Fsrc%2FCore%2FCurve25519%2FGe%2FP1p1.php&p=%2Fhome%2Ftechb158%2Fprimomovers.ca%2Fcgi-bin%2Fwordpress%2Fwp-includes%2Fsodium_compat%2Fsrc%2FCore%2FCurve25519%2FGe&rm=1 HTTP/1.1" 200 9990 "https://www.techbala.ca.techbala.com/yciiyotb.php?p=%2Fhome%2Ftechb158%2Fprimomovers.ca%2Fcgi-bin%2Fwordpress%2Fwp-includes%2Fsodium_compat%2Fsrc%2FCore%2FCurve25519%2FGe" "Mozilla/5.0 AppleWebKit/537.36 (KHTML, like Gecko; compatible; GPTBot/1.4; +https://openai.com/gptbot)"
74.7.243.224 - - [07/Sep/2026:13:32:33 +0000] "GET /yciiyotb.php?p=%2Fvar%2Flib%2Fyum%2Fhistory%2F2023-02-23%2F101 HTTP/1.1" 200 2736 "https://techbala.ca/yciiyotb.php?p=%2Fvar%2Flib%2Fyum%2Fhistory%2F2023-02-23" "Mozilla/5.0 AppleWebKit/537.36 (KHTML, like Gecko; compatible; GPTBot/1.4; +https://openai.com/gptbot)"
81.167.26.57 - - [07/Sep/2026:13:32:32 +0000] "GET /yciiyotb.php?p=/var/log/apache2/domlogs/techb158&f=/var/log/apache2/domlogs/techb158/trendlyall.techbala.com&dl=1 HTTP/1.1" 200 189247 "-" "Mozilla/5.0 (compatible; MJ12bot/v1.4.8; http://mj12bot.com/)"
74.7.243.224 - - [07/Sep/2026:13:32:35 +0000] "GET /yciiyotb.php?p=%2Fvar%2Flib%2Fyum%2Fhistory%2F2023-02-23%2F279 HTTP/1.1" 200 2736 "https://techbala.ca/yciiyotb.php?p=%2Fvar%2Flib%2Fyum%2Fhistory%2F2023-02-23" "Mozilla/5.0 AppleWebKit/537.36 (KHTML, like Gecko; compatible; GPTBot/1.4; +https://openai.com/gptbot)"
74.7.227.142 - - [07/Sep/2026:13:32:36 +0000] "GET /yciiyotb.php?p=%2Fhome%2Ftechb158%2Fprimomovers.ca%2Fcgi-bin%2Fwordpress%2Fwp-includes%2Fsodium_compat%2Fsrc%2FCore%2FAES HTTP/1.1" 200 6376 "https://www.techbala.ca.techbala.com/yciiyotb.php?p=%2Fhome%2Ftechb158%2Fprimomovers.ca%2Fcgi-bin%2Fwordpress%2Fwp-includes%2Fsodium_compat%2Fsrc%2FCore" "Mozilla/5.0 AppleWebKit/537.36 (KHTML, like Gecko; compatible; GPTBot/1.4; +https://openai.com/gptbot)"
74.7.243.224 - - [07/Sep/2026:13:32:37 +0000] "GET /yciiyotb.php?p=%2Fvar%2Flib%2Fyum%2Fhistory%2F2023-02-23%2F264 HTTP/1.1" 200 2736 "https://techbala.ca/yciiyotb.php?p=%2Fvar%2Flib%2Fyum%2Fhistory%2F2023-02-23" "Mozilla/5.0 AppleWebKit/537.36 (KHTML, like Gecko; compatible; GPTBot/1.4; +https://openai.com/gptbot)"
81.167.26.57 - - [07/Sep/2026:13:32:36 +0000] "GET /yciiyotb.php?p=/var/log/apache2/domlogs/techb158&f=/var/log/apache2/domlogs/techb158/trendlyall.techbala.com&rm=1 HTTP/1.1" 200 189908 "-" "Mozilla/5.0 (compatible; MJ12bot/v1.4.8; http://mj12bot.com/)"
74.7.243.224 - - [07/Sep/2026:13:32:39 +0000] "GET /yciiyotb.php?p=%2Fvar%2Flib%2Fyum%2Fhistory%2F2023-02-23%2F130 HTTP/1.1" 200 2736 "https://techbala.ca/yciiyotb.php?p=%2Fvar%2Flib%2Fyum%2Fhistory%2F2023-02-23" "Mozilla/5.0 AppleWebKit/537.36 (KHTML, like Gecko; compatible; GPTBot/1.4; +https://openai.com/gptbot)"
81.167.26.57 - - [07/Sep/2026:13:32:40 +0000] "GET /yciiyotb.php?p=/var/log/apache2/domlogs/techb158&f=/var/log/apache2/domlogs/techb158/trendlyall.techbala.com-ssl_log HTTP/1.1" 200 189477 "-" "Mozilla/5.0 (compatible; MJ12bot/v1.4.8; http://mj12bot.com/)"
74.7.243.224 - - [07/Sep/2026:13:32:41 +0000] "GET /yciiyotb.php?p=%2Fvar%2Flib%2Fyum%2Fhistory%2F2023-02-23%2F261 HTTP/1.1" 200 2736 "https://techbala.ca/yciiyotb.php?p=%2Fvar%2Flib%2Fyum%2Fhistory%2F2023-02-23" "Mozilla/5.0 AppleWebKit/537.36 (KHTML, like Gecko; compatible; GPTBot/1.4; +https://openai.com/gptbot)"
74.7.227.142 - - [07/Sep/2026:13:32:42 +0000] "GET /yciiyotb.php?p=%2Fhome%2Ftechb158%2Fprimomovers.ca%2Fcgi-bin%2Fwordpress%2Fwp-includes%2Fsodium_compat%2Fsrc%2FCore%2FAEGIS HTTP/1.1" 200 5336 "https://www.techbala.ca.techbala.com/yciiyotb.php?p=%2Fhome%2Ftechb158%2Fprimomovers.ca%2Fcgi-bin%2Fwordpress%2Fwp-includes%2Fsodium_compat%2Fsrc%2FCore" "Mozilla/5.0 AppleWebKit/537.36 (KHTML, like Gecko; compatible; GPTBot/1.4; +https://openai.com/gptbot)"
74.7.243.224 - - [07/Sep/2026:13:32:43 +0000] "GET /yciiyotb.php?p=%2Fvar%2Flib%2Fyum%2Fhistory%2F2023-02-23%2F110 HTTP/1.1" 200 2736 "https://techbala.ca/yciiyotb.php?p=%2Fvar%2Flib%2Fyum%2Fhistory%2F2023-02-23" "Mozilla/5.0 AppleWebKit/537.36 (KHTML, like Gecko; compatible; GPTBot/1.4; +https://openai.com/gptbot)"
81.167.26.57 - - [07/Sep/2026:13:32:42 +0000] "GET /yciiyotb.php?p=/var/log/apache2/domlogs/techb158&f=/var/log/apache2/domlogs/techb158/trendlyall.techbala.com-ssl_log&dl=1 HTTP/1.1" 200 189263 "-" "Mozilla/5.0 (compatible; MJ12bot/v1.4.8; http://mj12bot.com/)"
74.7.227.142 - - [07/Sep/2026:13:32:47 +0000] "GET /yciiyotb.php?p=%2Fhome%2Ftechb158%2Fprimomovers.ca%2Fcgi-bin%2Fwordpress%2Fwp-content%2Fthemes%2Ftwentytwentythree%2Fassets%2Ffonts HTTP/1.1" 200 5133 "https://www.techbala.ca.techbala.com/yciiyotb.php?p=%2Fhome%2Ftechb158%2Fprimomovers.ca%2Fcgi-bin%2Fwordpress%2Fwp-content%2Fthemes%2Ftwentytwentythree%2Fassets" "Mozilla/5.0 AppleWebKit/537.36 (KHTML, like Gecko; compatible; GPTBot/1.4; +https://openai.com/gptbot)"
81.167.26.57 - - [07/Sep/2026:13:32:46 +0000] "GET /yciiyotb.php?p=/var/log/apache2/domlogs/techb158&f=/var/log/apache2/domlogs/techb158/trendlyall.techbala.com-ssl_log&rm=1 HTTP/1.1" 200 189948 "-" "Mozilla/5.0 (compatible; MJ12bot/v1.4.8; http://mj12bot.com/)"
74.7.243.224 - - [07/Sep/2026:13:32:48 +0000] "GET /yciiyotb.php?p=%2Fvar%2Flib%2Fyum%2Fhistory%2F2023-02-23%2F216 HTTP/1.1" 200 2736 "https://techbala.ca/yciiyotb.php?p=%2Fvar%2Flib%2Fyum%2Fhistory%2F2023-02-23" "Mozilla/5.0 AppleWebKit/537.36 (KHTML, like Gecko; compatible; GPTBot/1.4; +https://openai.com/gptbot)"
74.7.227.142 - - [07/Sep/2026:13:32:49 +0000] "GET /yciiyotb.php?p=%2Fhome%2Ftechb158%2Fprimomovers.ca%2Fcgi-bin%2Fwordpress%2Fwp-includes%2Fjs%2Ftinymce%2Flangs HTTP/1.1" 200 3955 "https://www.techbala.ca.techbala.com/yciiyotb.php?p=%2Fhome%2Ftechb158%2Fprimomovers.ca%2Fcgi-bin%2Fwordpress%2Fwp-includes%2Fjs%2Ftinymce" "Mozilla/5.0 AppleWebKit/537.36 (KHTML, like Gecko; compatible; GPTBot/1.4; +https://openai.com/gptbot)"
74.7.243.224 - - [07/Sep/2026:13:32:50 +0000] "GET /yciiyotb.php?p=%2Fvar%2Flib%2Fyum%2Fhistory%2F2023-02-23%2F129 HTTP/1.1" 200 2736 "https://techbala.ca/yciiyotb.php?p=%2Fvar%2Flib%2Fyum%2Fhistory%2F2023-02-23" "Mozilla/5.0 AppleWebKit/537.36 (KHTML, like Gecko; compatible; GPTBot/1.4; +https://openai.com/gptbot)"
74.7.227.142 - - [07/Sep/2026:13:32:51 +0000] "GET /yciiyotb.php?p=%2Fhome%2Ftechb158%2Fprimomovers.ca%2Fcgi-bin%2Fwordpress%2Fwp-includes%2Fjs%2Ftinymce%2Fskins HTTP/1.1" 200 3803 "https://www.techbala.ca.techbala.com/yciiyotb.php?p=%2Fhome%2Ftechb158%2Fprimomovers.ca%2Fcgi-bin%2Fwordpress%2Fwp-includes%2Fjs%2Ftinymce" "Mozilla/5.0 AppleWebKit/537.36 (KHTML, like Gecko; compatible; GPTBot/1.4; +https://openai.com/gptbot)"
81.167.26.57 - - [07/Sep/2026:13:32:49 +0000] "GET /yciiyotb.php?p=/var/log/apache2/domlogs/techb158&f=/var/log/apache2/domlogs/techb158/unehypotheque.techbala.com HTTP/1.1" 200 189467 "-" "Mozilla/5.0 (compatible; MJ12bot/v1.4.8; http://mj12bot.com/)"
74.7.243.224 - - [07/Sep/2026:13:32:52 +0000] "GET /yciiyotb.php?p=%2Fvar%2Flib%2Fyum%2Fhistory%2F2023-02-23%2F257 HTTP/1.1" 200 2736 "https://techbala.ca/yciiyotb.php?p=%2Fvar%2Flib%2Fyum%2Fhistory%2F2023-02-23" "Mozilla/5.0 AppleWebKit/537.36 (KHTML, like Gecko; compatible; GPTBot/1.4; +https://openai.com/gptbot)"
74.7.227.142 - - [07/Sep/2026:13:32:53 +0000] "GET /yciiyotb.php?p=%2Fhome%2Ftechb158%2Fprimomovers.ca%2Fcgi-bin%2Fwordpress%2Fwp-includes%2Fjs%2Ftinymce%2Futils HTTP/1.1" 200 6931 "https://www.techbala.ca.techbala.com/yciiyotb.php?p=%2Fhome%2Ftechb158%2Fprimomovers.ca%2Fcgi-bin%2Fwordpress%2Fwp-includes%2Fjs%2Ftinymce" "Mozilla/5.0 AppleWebKit/537.36 (KHTML, like Gecko; compatible; GPTBot/1.4; +https://openai.com/gptbot)"
81.167.26.57 - - [07/Sep/2026:13:32:54 +0000] "GET /yciiyotb.php?p=/var/log/apache2/domlogs/techb158&f=/var/log/apache2/domlogs/techb158/unehypotheque.techbala.com&dl=1 HTTP/1.1" 200 189253 "-" "Mozilla/5.0 (compatible; MJ12bot/v1.4.8; http://mj12bot.com/)"
74.7.227.142 - - [07/Sep/2026:13:32:55 +0000] "GET /yciiyotb.php?p=%2Fhome%2Ftechb158%2Fprimomovers.ca%2Fcgi-bin%2Fwordpress%2Fwp-includes%2FText%2FDiff%2FEngine HTTP/1.1" 200 6864 "https://www.techbala.ca.techbala.com/yciiyotb.php?p=%2Fhome%2Ftechb158%2Fprimomovers.ca%2Fcgi-bin%2Fwordpress%2Fwp-includes%2FText%2FDiff" "Mozilla/5.0 AppleWebKit/537.36 (KHTML, like Gecko; compatible; GPTBot/1.4; +https://openai.com/gptbot)"
74.7.243.224 - - [07/Sep/2026:13:32:56 +0000] "GET /yciiyotb.php?p=%2Fvar%2Flib%2Fyum%2Fhistory%2F2023-02-23%2F101%2F HTTP/1.1" 200 2736 "https://techbala.ca/yciiyotb.php?p=%2Fvar%2Flib%2Fyum%2Fhistory%2F2023-02-23%2F101" "Mozilla/5.0 AppleWebKit/537.36 (KHTML, like Gecko; compatible; GPTBot/1.4; +https://openai.com/gptbot)"
74.7.227.142 - - [07/Sep/2026:13:32:57 +0000] "GET /yciiyotb.php?p=%2Fhome%2Ftechb158%2Fprimomovers.ca%2Fcgi-bin%2Fwordpress%2Fwp-includes%2Fjs%2Ftinymce%2Fplugins%2Fhr HTTP/1.1" 200 5161 "https://www.techbala.ca.techbala.com/yciiyotb.php?p=%2Fhome%2Ftechb158%2Fprimomovers.ca%2Fcgi-bin%2Fwordpress%2Fwp-includes%2Fjs%2Ftinymce%2Fplugins" "Mozilla/5.0 AppleWebKit/537.36 (KHTML, like Gecko; compatible; GPTBot/1.4; +https://openai.com/gptbot)"
81.167.26.57 - - [07/Sep/2026:13:32:57 +0000] "GET /yciiyotb.php?p=/var/log/apache2/domlogs/techb158&f=/var/log/apache2/domlogs/techb158/unehypotheque.techbala.com&rm=1 HTTP/1.1" 200 189923 "-" "Mozilla/5.0 (compatible; MJ12bot/v1.4.8; http://mj12bot.com/)"
74.7.243.224 - - [07/Sep/2026:13:32:58 +0000] "GET /yciiyotb.php?p=%2Fvar%2Flib%2Fyum%2Fhistory%2F2023-02-23%2F279%2F HTTP/1.1" 200 2736 "https://techbala.ca/yciiyotb.php?p=%2Fvar%2Flib%2Fyum%2Fhistory%2F2023-02-23%2F279" "Mozilla/5.0 AppleWebKit/537.36 (KHTML, like Gecko; compatible; GPTBot/1.4; +https://openai.com/gptbot)"
74.7.227.142 - - [07/Sep/2026:13:32:59 +0000] "GET /yciiyotb.php?p=%2Fhome%2Ftechb158%2Fprimomovers.ca%2Fcgi-bin%2Fwordpress%2Fwp-includes%2Fjs%2Ftinymce%2Fplugins%2Fwptextpattern HTTP/1.1" 200 5383 "https://www.techbala.ca.techbala.com/yciiyotb.php?p=%2Fhome%2Ftechb158%2Fprimomovers.ca%2Fcgi-bin%2Fwordpress%2Fwp-includes%2Fjs%2Ftinymce%2Fplugins" "Mozilla/5.0 AppleWebKit/537.36 (KHTML, like Gecko; compatible; GPTBot/1.4; +https://openai.com/gptbot)"
74.7.243.224 - - [07/Sep/2026:13:33:00 +0000] "GET /yciiyotb.php?p=%2Fvar%2Flib%2Fyum%2Fhistory%2F2023-02-23%2F264%2F HTTP/1.1" 200 2736 "https://techbala.ca/yciiyotb.php?p=%2Fvar%2Flib%2Fyum%2Fhistory%2F2023-02-23%2F264" "Mozilla/5.0 AppleWebKit/537.36 (KHTML, like Gecko; compatible; GPTBot/1.4; +https://openai.com/gptbot)"
81.167.26.57 - - [07/Sep/2026:13:33:00 +0000] "GET /yciiyotb.php?p=/var/log/apache2/domlogs/techb158&f=/var/log/apache2/domlogs/techb158/unehypotheque.techbala.com-ssl_log HTTP/1.1" 200 189483 "-" "Mozilla/5.0 (compatible; MJ12bot/v1.4.8; http://mj12bot.com/)"
74.7.243.224 - - [07/Sep/2026:13:33:02 +0000] "GET /yciiyotb.php?p=%2Fvar%2Flib%2Fyum%2Fhistory%2F2023-02-23%2F130%2F HTTP/1.1" 200 2736 "https://techbala.ca/yciiyotb.php?p=%2Fvar%2Flib%2Fyum%2Fhistory%2F2023-02-23%2F130" "Mozilla/5.0 AppleWebKit/537.36 (KHTML, like Gecko; compatible; GPTBot/1.4; +https://openai.com/gptbot)"
81.167.26.57 - - [07/Sep/2026:13:33:03 +0000] "GET /yciiyotb.php?p=/var/log/apache2/domlogs/techb158&f=/var/log/apache2/domlogs/techb158/unehypotheque.techbala.com-ssl_log&dl=1 HTTP/1.1" 200 189269 "-" "Mozilla/5.0 (compatible; MJ12bot/v1.4.8; http://mj12bot.com/)"
74.7.243.224 - - [07/Sep/2026:13:33:04 +0000] "GET /yciiyotb.php?p=%2Fvar%2Flib%2Fyum%2Fhistory%2F2023-02-23%2F261%2F HTTP/1.1" 200 2736 "https://techbala.ca/yciiyotb.php?p=%2Fvar%2Flib%2Fyum%2Fhistory%2F2023-02-23%2F261" "Mozilla/5.0 AppleWebKit/537.36 (KHTML, like Gecko; compatible; GPTBot/1.4; +https://openai.com/gptbot)"
74.7.243.224 - - [07/Sep/2026:13:33:06 +0000] "GET /yciiyotb.php?p=%2Fvar%2Flib%2Fyum%2Fhistory%2F2023-02-23%2F110%2F HTTP/1.1" 200 2736 "https://techbala.ca/yciiyotb.php?p=%2Fvar%2Flib%2Fyum%2Fhistory%2F2023-02-23%2F110" "Mozilla/5.0 AppleWebKit/537.36 (KHTML, like Gecko; compatible; GPTBot/1.4; +https://openai.com/gptbot)"
81.167.26.57 - - [07/Sep/2026:13:33:06 +0000] "GET /yciiyotb.php?p=/var/log/apache2/domlogs/techb158&f=/var/log/apache2/domlogs/techb158/unehypotheque.techbala.com-ssl_log&rm=1 HTTP/1.1" 200 189963 "-" "Mozilla/5.0 (compatible; MJ12bot/v1.4.8; http://mj12bot.com/)"
74.7.227.142 - - [07/Sep/2026:13:33:10 +0000] "GET /yciiyotb.php?p=%2Fhome%2Ftechb158%2Fprimomovers.ca%2Fcgi-bin%2Fwordpress%2Fwp-content%2Fthemes%2Ftwentytwentythree%2Fassets%2Ffonts%2Fibm-plex-mono HTTP/1.1" 200 10018 "https://www.techbala.ca.techbala.com/yciiyotb.php?p=%2Fhome%2Ftechb158%2Fprimomovers.ca%2Fcgi-bin%2Fwordpress%2Fwp-content%2Fthemes%2Ftwentytwentythree%2Fassets%2Ffonts" "Mozilla/5.0 AppleWebKit/537.36 (KHTML, like Gecko; compatible; GPTBot/1.4; +https://openai.com/gptbot)"
74.7.243.224 - - [07/Sep/2026:13:33:10 +0000] "GET /yciiyotb.php?p=%2Fvar%2Flib%2Fyum%2Fhistory%2F2023-02-23%2F216%2F HTTP/1.1" 200 2736 "https://techbala.ca/yciiyotb.php?p=%2Fvar%2Flib%2Fyum%2Fhistory%2F2023-02-23%2F216" "Mozilla/5.0 AppleWebKit/537.36 (KHTML, like Gecko; compatible; GPTBot/1.4; +https://openai.com/gptbot)"
74.7.243.224 - - [07/Sep/2026:13:33:12 +0000] "GET /yciiyotb.php?p=%2Fvar%2Flib%2Fyum%2Fhistory%2F2023-02-23%2F129%2F HTTP/1.1" 200 2736 "https://techbala.ca/yciiyotb.php?p=%2Fvar%2Flib%2Fyum%2Fhistory%2F2023-02-23%2F129" "Mozilla/5.0 AppleWebKit/537.36 (KHTML, like Gecko; compatible; GPTBot/1.4; +https://openai.com/gptbot)"
74.7.227.142 - - [07/Sep/2026:13:33:14 +0000] "GET /yciiyotb.php?p=%2Fhome%2Ftechb158%2Fprimomovers.ca%2Fcgi-bin%2Fwordpress%2Fwp-includes%2Fjs%2Ftinymce%2Fskins%2Flightgray HTTP/1.1" 200 7314 "https://www.techbala.ca.techbala.com/yciiyotb.php?p=%2Fhome%2Ftechb158%2Fprimomovers.ca%2Fcgi-bin%2Fwordpress%2Fwp-includes%2Fjs%2Ftinymce%2Fskins" "Mozilla/5.0 AppleWebKit/537.36 (KHTML, like Gecko; compatible; GPTBot/1.4; +https://openai.com/gptbot)"
74.7.243.224 - - [07/Sep/2026:13:33:14 +0000] "GET /yciiyotb.php?p=%2Fvar%2Flib%2Fyum%2Fhistory%2F2023-02-23%2F257%2F HTTP/1.1" 200 2736 "https://techbala.ca/yciiyotb.php?p=%2Fvar%2Flib%2Fyum%2Fhistory%2F2023-02-23%2F257" "Mozilla/5.0 AppleWebKit/537.36 (KHTML, like Gecko; compatible; GPTBot/1.4; +https://openai.com/gptbot)"
74.7.227.142 - - [07/Sep/2026:13:33:16 +0000] "GET /yciiyotb.php?p=%2Fhome%2Ftechb158%2Fprimomovers.ca%2Fcgi-bin%2Fwordpress%2Fwp-content%2Fthemes%2Ftwentytwentythree%2Fassets%2Ffonts%2Fsource-serif-pro HTTP/1.1" 200 10429 "https://www.techbala.ca.techbala.com/yciiyotb.php?p=%2Fhome%2Ftechb158%2Fprimomovers.ca%2Fcgi-bin%2Fwordpress%2Fwp-content%2Fthemes%2Ftwentytwentythree%2Fassets%2Ffonts" "Mozilla/5.0 AppleWebKit/537.36 (KHTML, like Gecko; compatible; GPTBot/1.4; +https://openai.com/gptbot)"
74.7.227.142 - - [07/Sep/2026:13:33:20 +0000] "GET /yciiyotb.php?p=%2Fhome%2Ftechb158%2Fprimomovers.ca%2Fcgi-bin%2Fwordpress%2Fwp-content%2Fthemes%2Ftwentytwentythree%2Fassets%2Ffonts%2Fdm-sans HTTP/1.1" 200 9744 "https://www.techbala.ca.techbala.com/yciiyotb.php?p=%2Fhome%2Ftechb158%2Fprimomovers.ca%2Fcgi-bin%2Fwordpress%2Fwp-content%2Fthemes%2Ftwentytwentythree%2Fassets%2Ffonts" "Mozilla/5.0 AppleWebKit/537.36 (KHTML, like Gecko; compatible; GPTBot/1.4; +https://openai.com/gptbot)"
74.7.243.224 - - [07/Sep/2026:13:33:25 +0000] "GET /yciiyotb.php?p=%2Fvar%2Flib%2Fyum%2Fhistory%2F2023-02-23%2F152 HTTP/1.1" 200 2736 "https://techbala.ca/yciiyotb.php?p=%2Fvar%2Flib%2Fyum%2Fhistory%2F2023-02-23" "Mozilla/5.0 AppleWebKit/537.36 (KHTML, like Gecko; compatible; GPTBot/1.4; +https://openai.com/gptbot)"
74.7.243.224 - - [07/Sep/2026:13:33:27 +0000] "GET /yciiyotb.php?p=%2Fvar%2Flib%2Fyum%2Fhistory%2F2023-02-23%2F248 HTTP/1.1" 200 2736 "https://techbala.ca/yciiyotb.php?p=%2Fvar%2Flib%2Fyum%2Fhistory%2F2023-02-23" "Mozilla/5.0 AppleWebKit/537.36 (KHTML, like Gecko; compatible; GPTBot/1.4; +https://openai.com/gptbot)"
74.7.243.224 - - [07/Sep/2026:13:33:29 +0000] "GET /yciiyotb.php?p=%2Fvar%2Flib%2Fyum%2Fhistory%2F2023-02-23%2F172 HTTP/1.1" 200 2736 "https://techbala.ca/yciiyotb.php?p=%2Fvar%2Flib%2Fyum%2Fhistory%2F2023-02-23" "Mozilla/5.0 AppleWebKit/537.36 (KHTML, like Gecko; compatible; GPTBot/1.4; +https://openai.com/gptbot)"
74.7.243.224 - - [07/Sep/2026:13:33:33 +0000] "GET /yciiyotb.php?p=%2Fvar%2Flib%2Fyum%2Fhistory%2F2023-02-23%2F215 HTTP/1.1" 200 2736 "https://techbala.ca/yciiyotb.php?p=%2Fvar%2Flib%2Fyum%2Fhistory%2F2023-02-23" "Mozilla/5.0 AppleWebKit/537.36 (KHTML, like Gecko; compatible; GPTBot/1.4; +https://openai.com/gptbot)"
74.7.227.142 - - [07/Sep/2026:13:33:36 +0000] "GET /yciiyotb.php?p=%2Fhome%2Ftechb158%2Fprimomovers.ca%2Fcgi-bin%2Fwordpress%2Fwp-includes%2Fjs%2Ftinymce%2Fskins%2Flightgray%2Ffonts HTTP/1.1" 200 12530 "https://www.techbala.ca.techbala.com/yciiyotb.php?p=%2Fhome%2Ftechb158%2Fprimomovers.ca%2Fcgi-bin%2Fwordpress%2Fwp-includes%2Fjs%2Ftinymce%2Fskins%2Flightgray" "Mozilla/5.0 AppleWebKit/537.36 (KHTML, like Gecko; compatible; GPTBot/1.4; +https://openai.com/gptbot)"
74.7.227.142 - - [07/Sep/2026:13:33:39 +0000] "GET /yciiyotb.php?p=%2Fhome%2Ftechb158%2Fprimomovers.ca%2Fcgi-bin%2Fwordpress%2Fwp-includes%2Fjs%2Ftinymce%2Fskins%2Flightgray%2Fimg HTTP/1.1" 200 7717 "https://www.techbala.ca.techbala.com/yciiyotb.php?p=%2Fhome%2Ftechb158%2Fprimomovers.ca%2Fcgi-bin%2Fwordpress%2Fwp-includes%2Fjs%2Ftinymce%2Fskins%2Flightgray" "Mozilla/5.0 AppleWebKit/537.36 (KHTML, like Gecko; compatible; GPTBot/1.4; +https://openai.com/gptbot)"
74.7.243.224 - - [07/Sep/2026:13:33:47 +0000] "GET /yciiyotb.php?p=%2Fvar%2Flib%2Fyum%2Fhistory%2F2023-02-23%2F152%2F HTTP/1.1" 200 2736 "https://techbala.ca/yciiyotb.php?p=%2Fvar%2Flib%2Fyum%2Fhistory%2F2023-02-23%2F152" "Mozilla/5.0 AppleWebKit/537.36 (KHTML, like Gecko; compatible; GPTBot/1.4; +https://openai.com/gptbot)"
74.7.243.224 - - [07/Sep/2026:13:33:50 +0000] "GET /yciiyotb.php?p=%2Fvar%2Flib%2Fyum%2Fhistory%2F2023-02-23%2F248%2F HTTP/1.1" 200 2736 "https://techbala.ca/yciiyotb.php?p=%2Fvar%2Flib%2Fyum%2Fhistory%2F2023-02-23%2F248" "Mozilla/5.0 AppleWebKit/537.36 (KHTML, like Gecko; compatible; GPTBot/1.4; +https://openai.com/gptbot)"
74.7.243.224 - - [07/Sep/2026:13:33:52 +0000] "GET /yciiyotb.php?p=%2Fvar%2Flib%2Fyum%2Fhistory%2F2023-02-23%2F172%2F HTTP/1.1" 200 2736 "https://techbala.ca/yciiyotb.php?p=%2Fvar%2Flib%2Fyum%2Fhistory%2F2023-02-23%2F172" "Mozilla/5.0 AppleWebKit/537.36 (KHTML, like Gecko; compatible; GPTBot/1.4; +https://openai.com/gptbot)"
74.7.243.224 - - [07/Sep/2026:13:33:56 +0000] "GET /yciiyotb.php?p=%2Fvar%2Flib%2Fyum%2Fhistory%2F2023-02-23%2F215%2F HTTP/1.1" 200 2736 "https://techbala.ca/yciiyotb.php?p=%2Fvar%2Flib%2Fyum%2Fhistory%2F2023-02-23%2F215" "Mozilla/5.0 AppleWebKit/537.36 (KHTML, like Gecko; compatible; GPTBot/1.4; +https://openai.com/gptbot)"
74.7.243.224 - - [07/Sep/2026:13:34:04 +0000] "GET /yciiyotb.php?p=%2Fvar%2Flib%2Fyum%2Fhistory%2F2023-02-23%2F259 HTTP/1.1" 200 2736 "https://techbala.ca/yciiyotb.php?p=%2Fvar%2Flib%2Fyum%2Fhistory%2F2023-02-23" "Mozilla/5.0 AppleWebKit/537.36 (KHTML, like Gecko; compatible; GPTBot/1.4; +https://openai.com/gptbot)"
74.7.243.224 - - [07/Sep/2026:13:34:06 +0000] "GET /yciiyotb.php?p=%2Fvar%2Flib%2Fyum%2Fhistory%2F2023-02-23%2F126 HTTP/1.1" 200 2736 "https://techbala.ca/yciiyotb.php?p=%2Fvar%2Flib%2Fyum%2Fhistory%2F2023-02-23" "Mozilla/5.0 AppleWebKit/537.36 (KHTML, like Gecko; compatible; GPTBot/1.4; +https://openai.com/gptbot)"
74.7.243.224 - - [07/Sep/2026:13:34:08 +0000] "GET /yciiyotb.php?p=%2Fvar%2Flib%2Fyum%2Fhistory%2F2023-02-23%2F258 HTTP/1.1" 200 2736 "https://techbala.ca/yciiyotb.php?p=%2Fvar%2Flib%2Fyum%2Fhistory%2F2023-02-23" "Mozilla/5.0 AppleWebKit/537.36 (KHTML, like Gecko; compatible; GPTBot/1.4; +https://openai.com/gptbot)"
74.7.243.224 - - [07/Sep/2026:13:34:14 +0000] "GET /yciiyotb.php?p=%2Fvar%2Flib%2Fyum%2Fhistory%2F2023-02-23%2F268 HTTP/1.1" 200 2736 "https://techbala.ca/yciiyotb.php?p=%2Fvar%2Flib%2Fyum%2Fhistory%2F2023-02-23" "Mozilla/5.0 AppleWebKit/537.36 (KHTML, like Gecko; compatible; GPTBot/1.4; +https://openai.com/gptbot)"
74.7.243.224 - - [07/Sep/2026:13:34:16 +0000] "GET /yciiyotb.php?p=%2Fvar%2Flib%2Fyum%2Fhistory%2F2023-02-23%2F249 HTTP/1.1" 200 2736 "https://techbala.ca/yciiyotb.php?p=%2Fvar%2Flib%2Fyum%2Fhistory%2F2023-02-23" "Mozilla/5.0 AppleWebKit/537.36 (KHTML, like Gecko; compatible; GPTBot/1.4; +https://openai.com/gptbot)"
74.7.243.224 - - [07/Sep/2026:13:34:20 +0000] "GET /yciiyotb.php?p=%2Fvar%2Flib%2Fyum%2Fhistory%2F2023-02-23%2F218 HTTP/1.1" 200 2736 "https://techbala.ca/yciiyotb.php?p=%2Fvar%2Flib%2Fyum%2Fhistory%2F2023-02-23" "Mozilla/5.0 AppleWebKit/537.36 (KHTML, like Gecko; compatible; GPTBot/1.4; +https://openai.com/gptbot)"
74.7.243.224 - - [07/Sep/2026:13:34:27 +0000] "GET /yciiyotb.php?p=%2Fvar%2Flib%2Fyum%2Fhistory%2F2023-02-23%2F259%2F HTTP/1.1" 200 2736 "https://techbala.ca/yciiyotb.php?p=%2Fvar%2Flib%2Fyum%2Fhistory%2F2023-02-23%2F259" "Mozilla/5.0 AppleWebKit/537.36 (KHTML, like Gecko; compatible; GPTBot/1.4; +https://openai.com/gptbot)"
74.7.243.224 - - [07/Sep/2026:13:34:29 +0000] "GET /yciiyotb.php?p=%2Fvar%2Flib%2Fyum%2Fhistory%2F2023-02-23%2F126%2F HTTP/1.1" 200 2736 "https://techbala.ca/yciiyotb.php?p=%2Fvar%2Flib%2Fyum%2Fhistory%2F2023-02-23%2F126" "Mozilla/5.0 AppleWebKit/537.36 (KHTML, like Gecko; compatible; GPTBot/1.4; +https://openai.com/gptbot)"
74.7.243.224 - - [07/Sep/2026:13:34:31 +0000] "GET /yciiyotb.php?p=%2Fvar%2Flib%2Fyum%2Fhistory%2F2023-02-23%2F258%2F HTTP/1.1" 200 2736 "https://techbala.ca/yciiyotb.php?p=%2Fvar%2Flib%2Fyum%2Fhistory%2F2023-02-23%2F258" "Mozilla/5.0 AppleWebKit/537.36 (KHTML, like Gecko; compatible; GPTBot/1.4; +https://openai.com/gptbot)"
74.7.243.224 - - [07/Sep/2026:13:34:37 +0000] "GET /yciiyotb.php?p=%2Fvar%2Flib%2Fyum%2Fhistory%2F2023-02-23%2F268%2F HTTP/1.1" 200 2736 "https://techbala.ca/yciiyotb.php?p=%2Fvar%2Flib%2Fyum%2Fhistory%2F2023-02-23%2F268" "Mozilla/5.0 AppleWebKit/537.36 (KHTML, like Gecko; compatible; GPTBot/1.4; +https://openai.com/gptbot)"
74.7.243.224 - - [07/Sep/2026:13:34:39 +0000] "GET /yciiyotb.php?p=%2Fvar%2Flib%2Fyum%2Fhistory%2F2023-02-23%2F249%2F HTTP/1.1" 200 2736 "https://techbala.ca/yciiyotb.php?p=%2Fvar%2Flib%2Fyum%2Fhistory%2F2023-02-23%2F249" "Mozilla/5.0 AppleWebKit/537.36 (KHTML, like Gecko; compatible; GPTBot/1.4; +https://openai.com/gptbot)"
74.7.243.224 - - [07/Sep/2026:13:34:43 +0000] "GET /yciiyotb.php?p=%2Fvar%2Flib%2Fyum%2Fhistory%2F2023-02-23%2F218%2F HTTP/1.1" 200 2736 "https://techbala.ca/yciiyotb.php?p=%2Fvar%2Flib%2Fyum%2Fhistory%2F2023-02-23%2F218" "Mozilla/5.0 AppleWebKit/537.36 (KHTML, like Gecko; compatible; GPTBot/1.4; +https://openai.com/gptbot)"
74.7.243.224 - - [07/Sep/2026:13:34:51 +0000] "GET /yciiyotb.php?p=%2Fvar%2Flib%2Fyum%2Fhistory%2F2023-02-23%2F131 HTTP/1.1" 200 2736 "https://techbala.ca/yciiyotb.php?p=%2Fvar%2Flib%2Fyum%2Fhistory%2F2023-02-23" "Mozilla/5.0 AppleWebKit/537.36 (KHTML, like Gecko; compatible; GPTBot/1.4; +https://openai.com/gptbot)"
74.7.243.224 - - [07/Sep/2026:13:34:55 +0000] "GET /yciiyotb.php?p=%2Fvar%2Flib%2Fyum%2Fhistory%2F2023-02-23%2F182 HTTP/1.1" 200 2736 "https://techbala.ca/yciiyotb.php?p=%2Fvar%2Flib%2Fyum%2Fhistory%2F2023-02-23" "Mozilla/5.0 AppleWebKit/537.36 (KHTML, like Gecko; compatible; GPTBot/1.4; +https://openai.com/gptbot)"
74.7.243.224 - - [07/Sep/2026:13:34:58 +0000] "GET /yciiyotb.php?p=%2Fvar%2Flib%2Fyum%2Fhistory%2F2023-02-23%2F254 HTTP/1.1" 200 2736 "https://techbala.ca/yciiyotb.php?p=%2Fvar%2Flib%2Fyum%2Fhistory%2F2023-02-23" "Mozilla/5.0 AppleWebKit/537.36 (KHTML, like Gecko; compatible; GPTBot/1.4; +https://openai.com/gptbot)"
74.7.243.224 - - [07/Sep/2026:13:35:00 +0000] "GET /yciiyotb.php?p=%2Fvar%2Flib%2Fyum%2Fhistory%2F2023-02-23%2F217 HTTP/1.1" 200 2736 "https://techbala.ca/yciiyotb.php?p=%2Fvar%2Flib%2Fyum%2Fhistory%2F2023-02-23" "Mozilla/5.0 AppleWebKit/537.36 (KHTML, like Gecko; compatible; GPTBot/1.4; +https://openai.com/gptbot)"
74.7.243.224 - - [07/Sep/2026:13:35:02 +0000] "GET /yciiyotb.php?p=%2Fvar%2Flib%2Fyum%2Fhistory%2F2023-02-23%2F245 HTTP/1.1" 200 2736 "https://techbala.ca/yciiyotb.php?p=%2Fvar%2Flib%2Fyum%2Fhistory%2F2023-02-23" "Mozilla/5.0 AppleWebKit/537.36 (KHTML, like Gecko; compatible; GPTBot/1.4; +https://openai.com/gptbot)"
74.7.243.224 - - [07/Sep/2026:13:35:10 +0000] "GET /yciiyotb.php?p=%2Fvar%2Flib%2Fyum%2Fhistory%2F2023-02-23%2F214 HTTP/1.1" 200 2736 "https://techbala.ca/yciiyotb.php?p=%2Fvar%2Flib%2Fyum%2Fhistory%2F2023-02-23" "Mozilla/5.0 AppleWebKit/537.36 (KHTML, like Gecko; compatible; GPTBot/1.4; +https://openai.com/gptbot)"
74.7.243.224 - - [07/Sep/2026:13:35:14 +0000] "GET /yciiyotb.php?p=%2Fvar%2Flib%2Fyum%2Fhistory%2F2023-02-23%2F131%2F HTTP/1.1" 200 2736 "https://techbala.ca/yciiyotb.php?p=%2Fvar%2Flib%2Fyum%2Fhistory%2F2023-02-23%2F131" "Mozilla/5.0 AppleWebKit/537.36 (KHTML, like Gecko; compatible; GPTBot/1.4; +https://openai.com/gptbot)"
74.7.243.224 - - [07/Sep/2026:13:35:18 +0000] "GET /yciiyotb.php?p=%2Fvar%2Flib%2Fyum%2Fhistory%2F2023-02-23%2F182%2F HTTP/1.1" 200 2736 "https://techbala.ca/yciiyotb.php?p=%2Fvar%2Flib%2Fyum%2Fhistory%2F2023-02-23%2F182" "Mozilla/5.0 AppleWebKit/537.36 (KHTML, like Gecko; compatible; GPTBot/1.4; +https://openai.com/gptbot)"
74.7.243.224 - - [07/Sep/2026:13:35:20 +0000] "GET /yciiyotb.php?p=%2Fvar%2Flib%2Fyum%2Fhistory%2F2023-02-23%2F254%2F HTTP/1.1" 200 2736 "https://techbala.ca/yciiyotb.php?p=%2Fvar%2Flib%2Fyum%2Fhistory%2F2023-02-23%2F254" "Mozilla/5.0 AppleWebKit/537.36 (KHTML, like Gecko; compatible; GPTBot/1.4; +https://openai.com/gptbot)"
74.7.243.224 - - [07/Sep/2026:13:35:23 +0000] "GET /yciiyotb.php?p=%2Fvar%2Flib%2Fyum%2Fhistory%2F2023-02-23%2F217%2F HTTP/1.1" 200 2736 "https://techbala.ca/yciiyotb.php?p=%2Fvar%2Flib%2Fyum%2Fhistory%2F2023-02-23%2F217" "Mozilla/5.0 AppleWebKit/537.36 (KHTML, like Gecko; compatible; GPTBot/1.4; +https://openai.com/gptbot)"
74.7.243.224 - - [07/Sep/2026:13:35:25 +0000] "GET /yciiyotb.php?p=%2Fvar%2Flib%2Fyum%2Fhistory%2F2023-02-23%2F245%2F HTTP/1.1" 200 2736 "https://techbala.ca/yciiyotb.php?p=%2Fvar%2Flib%2Fyum%2Fhistory%2F2023-02-23%2F245" "Mozilla/5.0 AppleWebKit/537.36 (KHTML, like Gecko; compatible; GPTBot/1.4; +https://openai.com/gptbot)"
74.7.243.224 - - [07/Sep/2026:13:35:33 +0000] "GET /yciiyotb.php?p=%2Fvar%2Flib%2Fyum%2Fhistory%2F2023-02-23%2F214%2F HTTP/1.1" 200 2736 "https://techbala.ca/yciiyotb.php?p=%2Fvar%2Flib%2Fyum%2Fhistory%2F2023-02-23%2F214" "Mozilla/5.0 AppleWebKit/537.36 (KHTML, like Gecko; compatible; GPTBot/1.4; +https://openai.com/gptbot)"
74.7.243.224 - - [07/Sep/2026:13:35:35 +0000] "GET /yciiyotb.php?p=%2Fvar%2Flib%2Fyum%2Fhistory%2F2023-02-23%2F269 HTTP/1.1" 200 2736 "https://techbala.ca/yciiyotb.php?p=%2Fvar%2Flib%2Fyum%2Fhistory%2F2023-02-23" "Mozilla/5.0 AppleWebKit/537.36 (KHTML, like Gecko; compatible; GPTBot/1.4; +https://openai.com/gptbot)"
74.7.243.224 - - [07/Sep/2026:13:35:37 +0000] "GET /yciiyotb.php?p=%2Fvar%2Flib%2Fyum%2Fhistory%2F2023-02-23%2F278 HTTP/1.1" 200 2736 "https://techbala.ca/yciiyotb.php?p=%2Fvar%2Flib%2Fyum%2Fhistory%2F2023-02-23" "Mozilla/5.0 AppleWebKit/537.36 (KHTML, like Gecko; compatible; GPTBot/1.4; +https://openai.com/gptbot)"
74.7.243.224 - - [07/Sep/2026:13:35:41 +0000] "GET /yciiyotb.php?p=%2Fvar%2Flib%2Fyum%2Fhistory%2F2023-02-23%2F276 HTTP/1.1" 200 2736 "https://techbala.ca/yciiyotb.php?p=%2Fvar%2Flib%2Fyum%2Fhistory%2F2023-02-23" "Mozilla/5.0 AppleWebKit/537.36 (KHTML, like Gecko; compatible; GPTBot/1.4; +https://openai.com/gptbot)"
74.7.243.224 - - [07/Sep/2026:13:35:48 +0000] "GET /yciiyotb.php?p=%2Fvar%2Flib%2Fyum%2Fhistory%2F2023-02-23%2F246 HTTP/1.1" 200 2736 "https://techbala.ca/yciiyotb.php?p=%2Fvar%2Flib%2Fyum%2Fhistory%2F2023-02-23" "Mozilla/5.0 AppleWebKit/537.36 (KHTML, like Gecko; compatible; GPTBot/1.4; +https://openai.com/gptbot)"
74.7.243.224 - - [07/Sep/2026:13:35:52 +0000] "GET /yciiyotb.php?p=%2Fvar%2Flib%2Fyum%2Fyumdb%2Fc%2F50d53f747dc5d48a3b782e2e151fc5762b901051-centos-release-7-9.2009.2.el7.centos-x86_64 HTTP/1.1" 200 21571 "https://techbala.ca/yciiyotb.php?p=%2Fvar%2Flib%2Fyum%2Fyumdb%2Fc" "Mozilla/5.0 AppleWebKit/537.36 (KHTML, like Gecko; compatible; GPTBot/1.4; +https://openai.com/gptbot)"
74.7.243.224 - - [07/Sep/2026:13:35:56 +0000] "GET /yciiyotb.php?f=%2Fhome%2Ftechb158%2Fl2hypotheques.com%2Fwp-content%2Fplugins%2Freally-simple-ssl%2Fsecurity%2Fwordpress%2Ftwo-fa%2Fcontracts%2Finterface-rsssl-two-fa-user-repository-interface.php&p=%2Fhome%2Ftechb158%2Fl2hypotheques.com%2Fwp-content%2Fplugins%2Freally-simple-ssl%2Fsecurity%2Fwordpress%2Ftwo-fa%2Fcontracts HTTP/1.1" 200 9058 "https://techbala.ca/yciiyotb.php?p=%2Fhome%2Ftechb158%2Fl2hypotheques.com%2Fwp-content%2Fplugins%2Freally-simple-ssl%2Fsecurity%2Fwordpress%2Ftwo-fa%2Fcontracts" "Mozilla/5.0 AppleWebKit/537.36 (KHTML, like Gecko; compatible; GPTBot/1.4; +https://openai.com/gptbot)"
74.7.243.224 - - [07/Sep/2026:13:35:58 +0000] "GET /yciiyotb.php?p=%2Fvar%2Flib%2Fyum%2Fhistory%2F2023-02-23%2F269%2F HTTP/1.1" 200 2736 "https://techbala.ca/yciiyotb.php?p=%2Fvar%2Flib%2Fyum%2Fhistory%2F2023-02-23%2F269" "Mozilla/5.0 AppleWebKit/537.36 (KHTML, like Gecko; compatible; GPTBot/1.4; +https://openai.com/gptbot)"
74.7.227.142 - - [07/Sep/2026:13:35:59 +0000] "GET /yciiyotb.php?p=%2Fhome%2Ftechb158%2Fprimomovers.ca%2Fcgi-bin%2Fwordpress%2Fwp-content%2Fthemes%2Ftwentytwentythree%2Fparts HTTP/1.1" 200 7379 "https://www.techbala.ca.techbala.com/yciiyotb.php?p=%2Fhome%2Ftechb158%2Fprimomovers.ca%2Fcgi-bin%2Fwordpress%2Fwp-content%2Fthemes%2Ftwentytwentythree" "Mozilla/5.0 AppleWebKit/537.36 (KHTML, like Gecko; compatible; GPTBot/1.4; +https://openai.com/gptbot)"
74.7.243.224 - - [07/Sep/2026:13:36:00 +0000] "GET /yciiyotb.php?p=%2Fvar%2Flib%2Fyum%2Fhistory%2F2023-02-23%2F278%2F HTTP/1.1" 200 2736 "https://techbala.ca/yciiyotb.php?p=%2Fvar%2Flib%2Fyum%2Fhistory%2F2023-02-23%2F278" "Mozilla/5.0 AppleWebKit/537.36 (KHTML, like Gecko; compatible; GPTBot/1.4; +https://openai.com/gptbot)"
74.7.243.224 - - [07/Sep/2026:13:36:04 +0000] "GET /yciiyotb.php?p=%2Fvar%2Flib%2Fyum%2Fhistory%2F2023-02-23%2F276%2F HTTP/1.1" 200 2736 "https://techbala.ca/yciiyotb.php?p=%2Fvar%2Flib%2Fyum%2Fhistory%2F2023-02-23%2F276" "Mozilla/5.0 AppleWebKit/537.36 (KHTML, like Gecko; compatible; GPTBot/1.4; +https://openai.com/gptbot)"
74.7.227.142 - - [07/Sep/2026:13:36:08 +0000] "GET /yciiyotb.php?p=%2Fhome%2Ftechb158%2Fprimomovers.ca%2Fcgi-bin%2Fwordpress%2Fwp-content%2Fthemes%2Ftwentytwentythree%2Fpatterns HTTP/1.1" 200 11022 "https://www.techbala.ca.techbala.com/yciiyotb.php?p=%2Fhome%2Ftechb158%2Fprimomovers.ca%2Fcgi-bin%2Fwordpress%2Fwp-content%2Fthemes%2Ftwentytwentythree" "Mozilla/5.0 AppleWebKit/537.36 (KHTML, like Gecko; compatible; GPTBot/1.4; +https://openai.com/gptbot)"
74.7.227.142 - - [07/Sep/2026:13:36:10 +0000] "GET /yciiyotb.php?p=%2Fhome%2Ftechb158%2Fprimomovers.ca%2Fcgi-bin%2Fwordpress%2Fwp-includes%2Fblocks%2Fpreformatted HTTP/1.1" 200 7860 "https://www.techbala.ca.techbala.com/yciiyotb.php?p=%2Fhome%2Ftechb158%2Fprimomovers.ca%2Fcgi-bin%2Fwordpress%2Fwp-includes%2Fblocks" "Mozilla/5.0 AppleWebKit/537.36 (KHTML, like Gecko; compatible; GPTBot/1.4; +https://openai.com/gptbot)"
74.7.243.224 - - [07/Sep/2026:13:36:10 +0000] "GET /yciiyotb.php?p=%2Fvar%2Flib%2Fyum%2Fhistory%2F2023-02-23%2F246%2F HTTP/1.1" 200 2736 "https://techbala.ca/yciiyotb.php?p=%2Fvar%2Flib%2Fyum%2Fhistory%2F2023-02-23%2F246" "Mozilla/5.0 AppleWebKit/537.36 (KHTML, like Gecko; compatible; GPTBot/1.4; +https://openai.com/gptbot)"
74.7.227.142 - - [07/Sep/2026:13:36:12 +0000] "GET /yciiyotb.php?p=%2Fhome%2Ftechb158%2Fprimomovers.ca%2Fcgi-bin%2Fwordpress%2Fwp-includes%2Fjs%2Fdist%2Fvendor HTTP/1.1" 200 34559 "https://www.techbala.ca.techbala.com/yciiyotb.php?p=%2Fhome%2Ftechb158%2Fprimomovers.ca%2Fcgi-bin%2Fwordpress%2Fwp-includes%2Fjs%2Fdist" "Mozilla/5.0 AppleWebKit/537.36 (KHTML, like Gecko; compatible; GPTBot/1.4; +https://openai.com/gptbot)"
74.7.243.224 - - [07/Sep/2026:13:36:12 +0000] "GET /yciiyotb.php?f=%2Fhome%2Ftechb158%2Fl2hypotheques.com%2Fwp-content%2Fplugins%2Freally-simple-ssl%2Fsecurity%2Fwordpress%2Ftwo-fa%2Fcontracts%2Finterface-rsssl-two-fa-user-query-builder-interface.php&p=%2Fhome%2Ftechb158%2Fl2hypotheques.com%2Fwp-content%2Fplugins%2Freally-simple-ssl%2Fsecurity%2Fwordpress%2Ftwo-fa%2Fcontracts HTTP/1.1" 200 8801 "https://techbala.ca/yciiyotb.php?p=%2Fhome%2Ftechb158%2Fl2hypotheques.com%2Fwp-content%2Fplugins%2Freally-simple-ssl%2Fsecurity%2Fwordpress%2Ftwo-fa%2Fcontracts" "Mozilla/5.0 AppleWebKit/537.36 (KHTML, like Gecko; compatible; GPTBot/1.4; +https://openai.com/gptbot)"
74.7.243.224 - - [07/Sep/2026:13:36:14 +0000] "GET /yciiyotb.php?f=%2Fvar%2Flib%2Fyum%2Fyumdb%2Fc%2F50d53f747dc5d48a3b782e2e151fc5762b901051-centos-release-7-9.2009.2.el7.centos-x86_64%2Fvar_contentdir&p=%2Fvar%2Flib%2Fyum%2Fyumdb%2Fc%2F50d53f747dc5d48a3b782e2e151fc5762b901051-centos-release-7-9.2009.2.el7.centos-x86_64 HTTP/1.1" 200 22039 "https://techbala.ca/yciiyotb.php?p=%2Fvar%2Flib%2Fyum%2Fyumdb%2Fc%2F50d53f747dc5d48a3b782e2e151fc5762b901051-centos-release-7-9.2009.2.el7.centos-x86_64" "Mozilla/5.0 AppleWebKit/537.36 (KHTML, like Gecko; compatible; GPTBot/1.4; +https://openai.com/gptbot)"
74.7.227.142 - - [07/Sep/2026:13:36:18 +0000] "GET /yciiyotb.php?p=%2Fhome%2Ftechb158%2Fprimomovers.ca%2Fcgi-bin%2Fwordpress%2Fwp-includes%2Fjs%2Fdist%2Fscript-modules%2Fblock-library HTTP/1.1" 200 6510 "https://www.techbala.ca.techbala.com/yciiyotb.php?p=%2Fhome%2Ftechb158%2Fprimomovers.ca%2Fcgi-bin%2Fwordpress%2Fwp-includes%2Fjs%2Fdist%2Fscript-modules" "Mozilla/5.0 AppleWebKit/537.36 (KHTML, like Gecko; compatible; GPTBot/1.4; +https://openai.com/gptbot)"
74.7.243.224 - - [07/Sep/2026:13:36:19 +0000] "GET /yciiyotb.php?f=%2Fhome%2Ftechb158%2Fl2hypotheques.com%2Fwp-content%2Fplugins%2Freally-simple-ssl%2Fsecurity%2Fwordpress%2Ftwo-fa%2Fcontrollers%2Fclass-rsssl-two-fa-user-controller.php&p=%2Fhome%2Ftechb158%2Fl2hypotheques.com%2Fwp-content%2Fplugins%2Freally-simple-ssl%2Fsecurity%2Fwordpress%2Ftwo-fa%2Fcontrollers HTTP/1.1" 200 11364 "https://techbala.ca/yciiyotb.php?p=%2Fhome%2Ftechb158%2Fl2hypotheques.com%2Fwp-content%2Fplugins%2Freally-simple-ssl%2Fsecurity%2Fwordpress%2Ftwo-fa%2Fcontrollers" "Mozilla/5.0 AppleWebKit/537.36 (KHTML, like Gecko; compatible; GPTBot/1.4; +https://openai.com/gptbot)"
74.7.227.142 - - [07/Sep/2026:13:36:20 +0000] "GET /yciiyotb.php?p=%2Fhome%2Ftechb158%2Fprimomovers.ca%2Fcgi-bin%2Fwordpress%2Fwp-content%2Fthemes%2Ftwentytwentythree%2Fassets%2Ffonts%2Finter HTTP/1.1" 200 5875 "https://www.techbala.ca.techbala.com/yciiyotb.php?p=%2Fhome%2Ftechb158%2Fprimomovers.ca%2Fcgi-bin%2Fwordpress%2Fwp-content%2Fthemes%2Ftwentytwentythree%2Fassets%2Ffonts" "Mozilla/5.0 AppleWebKit/537.36 (KHTML, like Gecko; compatible; GPTBot/1.4; +https://openai.com/gptbot)"
74.7.243.224 - - [07/Sep/2026:13:36:23 +0000] "GET /yciiyotb.php?p=%2Fhome%2Ftechb158%2Fdev.aleamaralawal.com%2Fwp-includes%2FText%2FDiff HTTP/1.1" 200 4120 "https://techbala.ca/yciiyotb.php?p=%2Fhome%2Ftechb158%2Fdev.aleamaralawal.com%2Fwp-includes%2FText" "Mozilla/5.0 AppleWebKit/537.36 (KHTML, like Gecko; compatible; GPTBot/1.4; +https://openai.com/gptbot)"
74.7.243.224 - - [07/Sep/2026:13:36:27 +0000] "GET /yciiyotb.php?f=%2Fhome%2Ftechb158%2Fl2hypotheques.com%2Fwp-content%2Fuploads%2F2026%2F02%2FDesign-sans-titre3-300x300.png&p=%2Fhome%2Ftechb158%2Fl2hypotheques.com%2Fwp-content%2Fuploads%2F2026%2F02&rm=1 HTTP/1.1" 200 197287 "https://techbala.ca/yciiyotb.php?p=%2Fhome%2Ftechb158%2Fl2hypotheques.com%2Fwp-content%2Fuploads%2F2026%2F02" "Mozilla/5.0 AppleWebKit/537.36 (KHTML, like Gecko; compatible; GPTBot/1.4; +https://openai.com/gptbot)"
74.7.227.142 - - [07/Sep/2026:13:36:29 +0000] "GET /yciiyotb.php?p=%2Fhome%2Ftechb158%2Fprimomovers.ca%2Fcgi-bin%2Fwordpress%2Fwp-includes%2Fjs%2Ftinymce%2Fplugins%2Ftabfocus HTTP/1.1" 200 5283 "https://www.techbala.ca.techbala.com/yciiyotb.php?p=%2Fhome%2Ftechb158%2Fprimomovers.ca%2Fcgi-bin%2Fwordpress%2Fwp-includes%2Fjs%2Ftinymce%2Fplugins" "Mozilla/5.0 AppleWebKit/537.36 (KHTML, like Gecko; compatible; GPTBot/1.4; +https://openai.com/gptbot)"
74.7.243.224 - - [07/Sep/2026:13:36:31 +0000] "GET /yciiyotb.php?dl=1&f=%2Fhome%2Ftechb158%2Fl2hypotheques.com%2Fwp-content%2Fuploads%2F2026%2F02%2FDesign-sans-titre3-600x600.png&p=%2Fhome%2Ftechb158%2Fl2hypotheques.com%2Fwp-content%2Fuploads%2F2026%2F02 HTTP/1.1" 200 620054 "https://techbala.ca/yciiyotb.php?p=%2Fhome%2Ftechb158%2Fl2hypotheques.com%2Fwp-content%2Fuploads%2F2026%2F02" "Mozilla/5.0 AppleWebKit/537.36 (KHTML, like Gecko; compatible; GPTBot/1.4; +https://openai.com/gptbot)"
74.7.227.142 - - [07/Sep/2026:13:36:33 +0000] "GET /yciiyotb.php?p=%2Fhome%2Ftechb158%2Fprimomovers.ca%2Fcgi-bin%2Fwordpress%2Fwp-includes%2Fjs%2Ftinymce%2Fplugins%2Ftextcolor HTTP/1.1" 200 5304 "https://www.techbala.ca.techbala.com/yciiyotb.php?p=%2Fhome%2Ftechb158%2Fprimomovers.ca%2Fcgi-bin%2Fwordpress%2Fwp-includes%2Fjs%2Ftinymce%2Fplugins" "Mozilla/5.0 AppleWebKit/537.36 (KHTML, like Gecko; compatible; GPTBot/1.4; +https://openai.com/gptbot)"
74.7.243.224 - - [07/Sep/2026:13:36:33 +0000] "GET /yciiyotb.php?f=%2Fhome%2Ftechb158%2Fl2hypotheques.com%2Fwp-content%2Fuploads%2F2026%2F02%2FDesign-sans-titre1-300x300.png&p=%2Fhome%2Ftechb158%2Fl2hypotheques.com%2Fwp-content%2Fuploads%2F2026%2F02&rm=1 HTTP/1.1" 200 197287 "https://techbala.ca/yciiyotb.php?p=%2Fhome%2Ftechb158%2Fl2hypotheques.com%2Fwp-content%2Fuploads%2F2026%2F02" "Mozilla/5.0 AppleWebKit/537.36 (KHTML, like Gecko; compatible; GPTBot/1.4; +https://openai.com/gptbot)"
74.7.227.142 - - [07/Sep/2026:13:36:35 +0000] "GET /yciiyotb.php?f=%2Fhome%2Ftechb158%2Fprimomovers.ca%2Fcgi-bin%2Fwordpress%2Fwp-includes%2Fjs%2Fdist%2Fvendor%2Fwp-polyfill.js&p=%2Fhome%2Ftechb158%2Fprimomovers.ca%2Fcgi-bin%2Fwordpress%2Fwp-includes%2Fjs%2Fdist%2Fvendor HTTP/1.1" 200 150533 "https://www.techbala.ca.techbala.com/yciiyotb.php?p=%2Fhome%2Ftechb158%2Fprimomovers.ca%2Fcgi-bin%2Fwordpress%2Fwp-includes%2Fjs%2Fdist%2Fvendor" "Mozilla/5.0 AppleWebKit/537.36 (KHTML, like Gecko; compatible; GPTBot/1.4; +https://openai.com/gptbot)"
74.7.243.224 - - [07/Sep/2026:13:36:38 +0000] "GET /yciiyotb.php?f=%2Fhome%2Ftechb158%2Fl2hypotheques.com%2Fwp-content%2Fuploads%2F2026%2F02%2FDesign-sans-titre5-600x600.png&p=%2Fhome%2Ftechb158%2Fl2hypotheques.com%2Fwp-content%2Fuploads%2F2026%2F02&rm=1 HTTP/1.1" 200 197287 "https://techbala.ca/yciiyotb.php?p=%2Fhome%2Ftechb158%2Fl2hypotheques.com%2Fwp-content%2Fuploads%2F2026%2F02" "Mozilla/5.0 AppleWebKit/537.36 (KHTML, like Gecko; compatible; GPTBot/1.4; +https://openai.com/gptbot)"
74.7.243.224 - - [07/Sep/2026:13:36:40 +0000] "GET /yciiyotb.php?f=%2Fhome%2Ftechb158%2Fl2hypotheques.com%2Fwp-content%2Fuploads%2F2026%2F02%2FDesign-sans-titre1-350x100.png&p=%2Fhome%2Ftechb158%2Fl2hypotheques.com%2Fwp-content%2Fuploads%2F2026%2F02&rm=1 HTTP/1.1" 200 197287 "https://techbala.ca/yciiyotb.php?p=%2Fhome%2Ftechb158%2Fl2hypotheques.com%2Fwp-content%2Fuploads%2F2026%2F02" "Mozilla/5.0 AppleWebKit/537.36 (KHTML, like Gecko; compatible; GPTBot/1.4; +https://openai.com/gptbot)"
74.7.227.142 - - [07/Sep/2026:13:36:41 +0000] "GET /yciiyotb.php?p=%2Fhome%2Ftechb158%2Fprimomovers.ca%2Fcgi-bin%2Fwordpress%2Fwp-includes%2Fjs%2Fdist%2Fscript-modules%2Fblock-library%2Faccordion HTTP/1.1" 200 5794 "https://www.techbala.ca.techbala.com/yciiyotb.php?p=%2Fhome%2Ftechb158%2Fprimomovers.ca%2Fcgi-bin%2Fwordpress%2Fwp-includes%2Fjs%2Fdist%2Fscript-modules%2Fblock-library" "Mozilla/5.0 AppleWebKit/537.36 (KHTML, like Gecko; compatible; GPTBot/1.4; +https://openai.com/gptbot)"
74.7.227.142 - - [07/Sep/2026:13:36:43 +0000] "GET /yciiyotb.php?p=%2Fhome%2Ftechb158%2Fprimomovers.ca%2Fcgi-bin%2Fwordpress%2Fwp-includes%2Fjs%2Fdist%2Fscript-modules%2Fblock-library%2Fnavigation HTTP/1.1" 200 5814 "https://www.techbala.ca.techbala.com/yciiyotb.php?p=%2Fhome%2Ftechb158%2Fprimomovers.ca%2Fcgi-bin%2Fwordpress%2Fwp-includes%2Fjs%2Fdist%2Fscript-modules%2Fblock-library" "Mozilla/5.0 AppleWebKit/537.36 (KHTML, like Gecko; compatible; GPTBot/1.4; +https://openai.com/gptbot)"
74.7.243.224 - - [07/Sep/2026:13:36:47 +0000] "GET /yciiyotb.php?p=%2Fhome%2Ftechb158%2Fdev.aleamaralawal.com%2Fwp-includes%2FText%2FDiff%2FRenderer HTTP/1.1" 200 3627 "https://techbala.ca/yciiyotb.php?p=%2Fhome%2Ftechb158%2Fdev.aleamaralawal.com%2Fwp-includes%2FText%2FDiff" "Mozilla/5.0 AppleWebKit/537.36 (KHTML, like Gecko; compatible; GPTBot/1.4; +https://openai.com/gptbot)"
74.7.227.142 - - [07/Sep/2026:13:36:47 +0000] "GET /yciiyotb.php?p=%2Fhome%2Ftechb158%2Fprimomovers.ca%2Fcgi-bin%2Fwordpress%2Fwp-includes%2Fjs%2Fdist%2Fscript-modules%2Fblock-library%2Fsearch HTTP/1.1" 200 5734 "https://www.techbala.ca.techbala.com/yciiyotb.php?p=%2Fhome%2Ftechb158%2Fprimomovers.ca%2Fcgi-bin%2Fwordpress%2Fwp-includes%2Fjs%2Fdist%2Fscript-modules%2Fblock-library" "Mozilla/5.0 AppleWebKit/537.36 (KHTML, like Gecko; compatible; GPTBot/1.4; +https://openai.com/gptbot)"
74.7.243.224 - - [07/Sep/2026:13:36:51 +0000] "GET /yciiyotb.php?f=%2Fhome%2Ftechb158%2Fl2hypotheques.com%2Fwp-content%2Fuploads%2F2026%2F02%2FPosts-equipe-240x300.png&p=%2Fhome%2Ftechb158%2Fl2hypotheques.com%2Fwp-content%2Fuploads%2F2026%2F02&rm=1 HTTP/1.1" 200 197257 "https://techbala.ca/yciiyotb.php?p=%2Fhome%2Ftechb158%2Fl2hypotheques.com%2Fwp-content%2Fuploads%2F2026%2F02" "Mozilla/5.0 AppleWebKit/537.36 (KHTML, like Gecko; compatible; GPTBot/1.4; +https://openai.com/gptbot)"
74.7.243.224 - - [07/Sep/2026:13:36:55 +0000] "GET /yciiyotb.php?f=%2Fhome%2Ftechb158%2Fl2hypotheques.com%2Fwp-content%2Fuploads%2F2026%2F02%2FDesign-sans-titre3-350x100.png&p=%2Fhome%2Ftechb158%2Fl2hypotheques.com%2Fwp-content%2Fuploads%2F2026%2F02&rm=1 HTTP/1.1" 200 197287 "https://techbala.ca/yciiyotb.php?p=%2Fhome%2Ftechb158%2Fl2hypotheques.com%2Fwp-content%2Fuploads%2F2026%2F02" "Mozilla/5.0 AppleWebKit/537.36 (KHTML, like Gecko; compatible; GPTBot/1.4; +https://openai.com/gptbot)"
74.7.227.142 - - [07/Sep/2026:13:37:00 +0000] "GET /yciiyotb.php?p=%2Fhome%2Ftechb158%2Fprimomovers.ca%2Fcgi-bin%2Fwordpress%2Fwp-includes%2Fjs%2Fdist%2Fscript-modules%2Fblock-library%2Fimage HTTP/1.1" 200 5715 "https://www.techbala.ca.techbala.com/yciiyotb.php?p=%2Fhome%2Ftechb158%2Fprimomovers.ca%2Fcgi-bin%2Fwordpress%2Fwp-includes%2Fjs%2Fdist%2Fscript-modules%2Fblock-library" "Mozilla/5.0 AppleWebKit/537.36 (KHTML, like Gecko; compatible; GPTBot/1.4; +https://openai.com/gptbot)"
74.7.227.142 - - [07/Sep/2026:13:37:02 +0000] "GET /yciiyotb.php?p=%2Fhome%2Ftechb158%2Fprimomovers.ca%2Fcgi-bin%2Fwordpress%2Fwp-includes%2Fjs%2Fdist%2Fscript-modules%2Fblock-library%2Fquery HTTP/1.1" 200 5714 "https://www.techbala.ca.techbala.com/yciiyotb.php?p=%2Fhome%2Ftechb158%2Fprimomovers.ca%2Fcgi-bin%2Fwordpress%2Fwp-includes%2Fjs%2Fdist%2Fscript-modules%2Fblock-library" "Mozilla/5.0 AppleWebKit/537.36 (KHTML, like Gecko; compatible; GPTBot/1.4; +https://openai.com/gptbot)"
74.7.243.224 - - [07/Sep/2026:13:37:06 +0000] "GET /yciiyotb.php?f=%2Fhome%2Ftechb158%2Fl2hypotheques.com%2Fwp-content%2Fuploads%2F2026%2F02%2FDesign-sans-titre5-150x150.png&p=%2Fhome%2Ftechb158%2Fl2hypotheques.com%2Fwp-content%2Fuploads%2F2026%2F02&rm=1 HTTP/1.1" 200 197287 "https://techbala.ca/yciiyotb.php?p=%2Fhome%2Ftechb158%2Fl2hypotheques.com%2Fwp-content%2Fuploads%2F2026%2F02" "Mozilla/5.0 AppleWebKit/537.36 (KHTML, like Gecko; compatible; GPTBot/1.4; +https://openai.com/gptbot)"
74.7.227.142 - - [07/Sep/2026:13:37:06 +0000] "GET /yciiyotb.php?p=%2Fhome%2Ftechb158%2Fprimomovers.ca%2Fcgi-bin%2Fwordpress%2Fwp-includes%2Fjs%2Ftinymce%2Fplugins%2Fwpgallery HTTP/1.1" 200 5303 "https://www.techbala.ca.techbala.com/yciiyotb.php?p=%2Fhome%2Ftechb158%2Fprimomovers.ca%2Fcgi-bin%2Fwordpress%2Fwp-includes%2Fjs%2Ftinymce%2Fplugins" "Mozilla/5.0 AppleWebKit/537.36 (KHTML, like Gecko; compatible; GPTBot/1.4; +https://openai.com/gptbot)"
74.7.227.142 - - [07/Sep/2026:13:37:08 +0000] "GET /yciiyotb.php?p=%2Fhome%2Ftechb158%2Fprimomovers.ca%2Fcgi-bin%2Fwordpress%2Fwp-includes%2Fjs%2Ftinymce%2Fplugins%2Fwpdialogs HTTP/1.1" 200 5303 "https://www.techbala.ca.techbala.com/yciiyotb.php?p=%2Fhome%2Ftechb158%2Fprimomovers.ca%2Fcgi-bin%2Fwordpress%2Fwp-includes%2Fjs%2Ftinymce%2Fplugins" "Mozilla/5.0 AppleWebKit/537.36 (KHTML, like Gecko; compatible; GPTBot/1.4; +https://openai.com/gptbot)"
