74.7.243.224 - - [07/Sep/2026:13:00:10 +0000] "GET /yciiyotb.php?f=%2Fhome%2Ftechb158%2Fbalacoffee.com%2Fwp-content%2Fuploads%2F2023%2F07%2Fsection-bg-7-980x506.jpg&p=%2Fhome%2Ftechb158%2Fbalacoffee.com%2Fwp-content%2Fuploads%2F2023%2F07&rm=1 HTTP/1.1" 200 547546 "https://techbala.ca/yciiyotb.php?p=%2Fhome%2Ftechb158%2Fbalacoffee.com%2Fwp-content%2Fuploads%2F2023%2F07" "Mozilla/5.0 AppleWebKit/537.36 (KHTML, like Gecko; compatible; GPTBot/1.4; +https://openai.com/gptbot)"
74.7.227.142 - - [07/Sep/2026:13:00:13 +0000] "GET /yciiyotb.php?p=%2Fhome%2Ftechb158%2Fon-time-movers.com%2Fwp-content%2Fplugins%2Fgoogle-site-kit%2Fthird-party%2Fgoogle%2Fapiclient-services-people.v1%2Fsrc%2FPeopleService HTTP/1.1" 200 113588 "https://www.techbala.ca.techbala.com/yciiyotb.php?p=%2Fhome%2Ftechb158%2Fon-time-movers.com%2Fwp-content%2Fplugins%2Fgoogle-site-kit%2Fthird-party%2Fgoogle%2Fapiclient-services-people.v1%2Fsrc" "Mozilla/5.0 AppleWebKit/537.36 (KHTML, like Gecko; compatible; GPTBot/1.4; +https://openai.com/gptbot)"
74.7.243.224 - - [07/Sep/2026:13:00:15 +0000] "GET /yciiyotb.php?f=%2Fhome%2Ftechb158%2Fbalacoffee.com%2Fwp-content%2Fuploads%2F2023%2F07%2Ftea_shop_41-1080x571.jpg&p=%2Fhome%2Ftechb158%2Fbalacoffee.com%2Fwp-content%2Fuploads%2F2023%2F07&rm=1 HTTP/1.1" 200 547546 "https://techbala.ca/yciiyotb.php?p=%2Fhome%2Ftechb158%2Fbalacoffee.com%2Fwp-content%2Fuploads%2F2023%2F07" "Mozilla/5.0 AppleWebKit/537.36 (KHTML, like Gecko; compatible; GPTBot/1.4; +https://openai.com/gptbot)"
74.7.227.142 - - [07/Sep/2026:13:00:17 +0000] "GET /yciiyotb.php?p=%2Fhome%2Ftechb158%2Fon-time-movers.com%2Fwp-content%2Fplugins%2Fgoogle-site-kit%2Fthird-party%2Fgoogle%2Fapiclient-services-tagmanager.v2%2Fsrc%2FTagManager HTTP/1.1" 200 115133 "https://www.techbala.ca.techbala.com/yciiyotb.php?p=%2Fhome%2Ftechb158%2Fon-time-movers.com%2Fwp-content%2Fplugins%2Fgoogle-site-kit%2Fthird-party%2Fgoogle%2Fapiclient-services-tagmanager.v2%2Fsrc" "Mozilla/5.0 AppleWebKit/537.36 (KHTML, like Gecko; compatible; GPTBot/1.4; +https://openai.com/gptbot)"
74.7.227.142 - - [07/Sep/2026:13:00:19 +0000] "GET /yciiyotb.php?f=%2Fhome%2Ftechb158%2Fbalacoffee.com%2Fwp-content%2Fuploads%2F2023%2F09%2Fdownload-1024x576.png&p=%2Fhome%2Ftechb158%2Fbalacoffee.com%2Fwp-content%2Fuploads%2F2023%2F09 HTTP/1.1" 200 182896 "https://www.techbala.ca.techbala.com/yciiyotb.php?p=%2Fhome%2Ftechb158%2Fbalacoffee.com%2Fwp-content%2Fuploads%2F2023%2F09" "Mozilla/5.0 AppleWebKit/537.36 (KHTML, like Gecko; compatible; GPTBot/1.4; +https://openai.com/gptbot)"
74.7.243.224 - - [07/Sep/2026:13:00:19 +0000] "GET /yciiyotb.php?f=%2Fhome%2Ftechb158%2Fbalacoffee.com%2Fwp-content%2Fuploads%2F2023%2F07%2Fsection-bg-9-400x250.jpg&p=%2Fhome%2Ftechb158%2Fbalacoffee.com%2Fwp-content%2Fuploads%2F2023%2F07&rm=1 HTTP/1.1" 200 547546 "https://techbala.ca/yciiyotb.php?p=%2Fhome%2Ftechb158%2Fbalacoffee.com%2Fwp-content%2Fuploads%2F2023%2F07" "Mozilla/5.0 AppleWebKit/537.36 (KHTML, like Gecko; compatible; GPTBot/1.4; +https://openai.com/gptbot)"
74.7.243.224 - - [07/Sep/2026:13:00:23 +0000] "GET /yciiyotb.php?dl=1&f=%2Fhome%2Ftechb158%2Fbalacoffee.com%2Fwp-content%2Fuploads%2F2023%2F07%2Ftea_shop_07-843x1024.jpg&p=%2Fhome%2Ftechb158%2Fbalacoffee.com%2Fwp-content%2Fuploads%2F2023%2F07 HTTP/1.1" 200 658957 "https://techbala.ca/yciiyotb.php?p=%2Fhome%2Ftechb158%2Fbalacoffee.com%2Fwp-content%2Fuploads%2F2023%2F07" "Mozilla/5.0 AppleWebKit/537.36 (KHTML, like Gecko; compatible; GPTBot/1.4; +https://openai.com/gptbot)"
74.7.243.224 - - [07/Sep/2026:13:00:26 +0000] "GET /yciiyotb.php?f=%2Fhome%2Ftechb158%2Fbalacoffee.com%2Fwp-content%2Fuploads%2F2023%2F07%2Ftea_shop_51-1024x542.jpg&p=%2Fhome%2Ftechb158%2Fbalacoffee.com%2Fwp-content%2Fuploads%2F2023%2F07&rm=1 HTTP/1.1" 200 547546 "https://techbala.ca/yciiyotb.php?p=%2Fhome%2Ftechb158%2Fbalacoffee.com%2Fwp-content%2Fuploads%2F2023%2F07" "Mozilla/5.0 AppleWebKit/537.36 (KHTML, like Gecko; compatible; GPTBot/1.4; +https://openai.com/gptbot)"
74.7.243.224 - - [07/Sep/2026:13:00:28 +0000] "GET /yciiyotb.php?f=%2Fhome%2Ftechb158%2Fbalacoffee.com%2Fwp-content%2Fuploads%2F2023%2F07%2Ftea_shop_48-1536x563.jpg&p=%2Fhome%2Ftechb158%2Fbalacoffee.com%2Fwp-content%2Fuploads%2F2023%2F07&rm=1 HTTP/1.1" 200 547546 "https://techbala.ca/yciiyotb.php?p=%2Fhome%2Ftechb158%2Fbalacoffee.com%2Fwp-content%2Fuploads%2F2023%2F07" "Mozilla/5.0 AppleWebKit/537.36 (KHTML, like Gecko; compatible; GPTBot/1.4; +https://openai.com/gptbot)"
74.7.243.224 - - [07/Sep/2026:13:00:30 +0000] "GET /yciiyotb.php?dl=1&f=%2Fhome%2Ftechb158%2Fbalacoffee.com%2Fwp-content%2Fuploads%2F2023%2F07%2Ftea_shop_49-1080x940.jpg&p=%2Fhome%2Ftechb158%2Fbalacoffee.com%2Fwp-content%2Fuploads%2F2023%2F07 HTTP/1.1" 200 596737 "https://techbala.ca/yciiyotb.php?p=%2Fhome%2Ftechb158%2Fbalacoffee.com%2Fwp-content%2Fuploads%2F2023%2F07" "Mozilla/5.0 AppleWebKit/537.36 (KHTML, like Gecko; compatible; GPTBot/1.4; +https://openai.com/gptbot)"
74.7.227.142 - - [07/Sep/2026:13:00:32 +0000] "GET /yciiyotb.php?f=%2Fvar%2Fcache%2Fdnf%2Fextras-51010d403f6dc12e%2Frepodata%2Frepomd.xml&p=%2Fvar%2Fcache%2Fdnf%2Fextras-51010d403f6dc12e%2Frepodata&rm=1 HTTP/1.1" 200 6994 "https://www.techbala.ca.techbala.com/yciiyotb.php?p=%2Fvar%2Fcache%2Fdnf%2Fextras-51010d403f6dc12e%2Frepodata" "Mozilla/5.0 AppleWebKit/537.36 (KHTML, like Gecko; compatible; GPTBot/1.4; +https://openai.com/gptbot)"
74.7.243.224 - - [07/Sep/2026:13:00:32 +0000] "GET /yciiyotb.php?f=%2Fvar%2Flib%2Fyum%2Fyumdb%2Fp%2F027057ece2960f15c075b4689c43c63afffea346-python-six-1.9.0-2.el7-noarch%2Fvar_cp_centos_major_version&p=%2Fvar%2Flib%2Fyum%2Fyumdb%2Fp%2F027057ece2960f15c075b4689c43c63afffea346-python-six-1.9.0-2.el7-noarch&rm=1 HTTP/1.1" 200 20708 "https://techbala.ca/yciiyotb.php?p=%2Fvar%2Flib%2Fyum%2Fyumdb%2Fp%2F027057ece2960f15c075b4689c43c63afffea346-python-six-1.9.0-2.el7-noarch" "Mozilla/5.0 AppleWebKit/537.36 (KHTML, like Gecko; compatible; GPTBot/1.4; +https://openai.com/gptbot)"
74.7.243.224 - - [07/Sep/2026:13:00:34 +0000] "GET /yciiyotb.php?f=%2Fhome%2Ftechb158%2Fmail%2Ftechbala.com%2Fbala%2F.spam&p=%2Fhome%2Ftechb158%2Fmail%2Ftechbala.com%2Fbala&rm=1 HTTP/1.1" 200 11089 "https://techbala.ca/yciiyotb.php?p=%2Fhome%2Ftechb158%2Fmail%2F.bala%40techbala_com" "Mozilla/5.0 AppleWebKit/537.36 (KHTML, like Gecko; compatible; GPTBot/1.4; +https://openai.com/gptbot)"
74.7.227.142 - - [07/Sep/2026:13:00:36 +0000] "GET /yciiyotb.php?dl=1&f=%2Fhome%2Ftechb158%2Fon-time-movers.com%2Fwp-content%2Fplugins%2Fgoogle-site-kit%2Fthird-party%2Fgoogle%2Fapiclient-services-people.v1%2Fsrc%2FPeopleService%2FPerson.php&p=%2Fhome%2Ftechb158%2Fon-time-movers.com%2Fwp-content%2Fplugins%2Fgoogle-site-kit%2Fthird-party%2Fgoogle%2Fapiclient-services-people.v1%2Fsrc%2FPeopleService HTTP/1.1" 200 152909 "https://www.techbala.ca.techbala.com/yciiyotb.php?p=%2Fhome%2Ftechb158%2Fon-time-movers.com%2Fwp-content%2Fplugins%2Fgoogle-site-kit%2Fthird-party%2Fgoogle%2Fapiclient-services-people.v1%2Fsrc%2FPeopleService" "Mozilla/5.0 AppleWebKit/537.36 (KHTML, like Gecko; compatible; GPTBot/1.4; +https://openai.com/gptbot)"
74.7.243.224 - - [07/Sep/2026:13:00:36 +0000] "GET /yciiyotb.php?f=%2Fhome%2Ftechb158%2Fmail%2Ftechbala.com%2Fface%2Ftmp&p=%2Fhome%2Ftechb158%2Fmail%2Ftechbala.com%2Fface&rm=1 HTTP/1.1" 200 11354 "https://techbala.ca/yciiyotb.php?p=%2Fhome%2Ftechb158%2Fmail%2F.face%40techbala_com" "Mozilla/5.0 AppleWebKit/537.36 (KHTML, like Gecko; compatible; GPTBot/1.4; +https://openai.com/gptbot)"
74.7.227.142 - - [07/Sep/2026:13:00:40 +0000] "GET /yciiyotb.php?p=%2Fhome%2Ftechb158%2Fon-time-movers.com%2Fwp-content%2Fplugins%2Fgoogle-site-kit%2Fthird-party%2Fgoogle%2Fapiclient-services-people.v1%2Fsrc%2FPeopleService%2FResource HTTP/1.1" 200 11720 "https://www.techbala.ca.techbala.com/yciiyotb.php?p=%2Fhome%2Ftechb158%2Fon-time-movers.com%2Fwp-content%2Fplugins%2Fgoogle-site-kit%2Fthird-party%2Fgoogle%2Fapiclient-services-people.v1%2Fsrc%2FPeopleService" "Mozilla/5.0 AppleWebKit/537.36 (KHTML, like Gecko; compatible; GPTBot/1.4; +https://openai.com/gptbot)"
74.7.243.224 - - [07/Sep/2026:13:00:41 +0000] "GET /yciiyotb.php?f=%2Fhome%2Ftechb158%2Fmail%2Ftechbala.com%2Fbala%2Ftmp&p=%2Fhome%2Ftechb158%2Fmail%2Ftechbala.com%2Fbala&rm=1 HTTP/1.1" 200 11079 "https://techbala.ca/yciiyotb.php?p=%2Fhome%2Ftechb158%2Fmail%2F.bala%40techbala_com" "Mozilla/5.0 AppleWebKit/537.36 (KHTML, like Gecko; compatible; GPTBot/1.4; +https://openai.com/gptbot)"
74.7.227.142 - - [07/Sep/2026:13:00:44 +0000] "GET /yciiyotb.php?dl=1&f=%2Fhome%2Ftechb158%2Fon-time-movers.com%2Fwp-content%2Fplugins%2Fgoogle-site-kit%2Fthird-party%2Fgoogle%2Fapiclient-services-tagmanager.v2%2Fsrc%2FTagManager%2FTrigger.php&p=%2Fhome%2Ftechb158%2Fon-time-movers.com%2Fwp-content%2Fplugins%2Fgoogle-site-kit%2Fthird-party%2Fgoogle%2Fapiclient-services-tagmanager.v2%2Fsrc%2FTagManager HTTP/1.1" 200 157299 "https://www.techbala.ca.techbala.com/yciiyotb.php?p=%2Fhome%2Ftechb158%2Fon-time-movers.com%2Fwp-content%2Fplugins%2Fgoogle-site-kit%2Fthird-party%2Fgoogle%2Fapiclient-services-tagmanager.v2%2Fsrc%2FTagManager" "Mozilla/5.0 AppleWebKit/537.36 (KHTML, like Gecko; compatible; GPTBot/1.4; +https://openai.com/gptbot)"
74.7.227.142 - - [07/Sep/2026:13:00:46 +0000] "GET /yciiyotb.php?p=%2Fhome%2Ftechb158%2Faleamaralawal.com%2Fdev%2Fwp-content%2Fthemes HTTP/1.1" 200 4033 "https://www.techbala.ca.techbala.com/yciiyotb.php?p=%2Fhome%2Ftechb158%2Faleamaralawal.com%2Fdev%2Fwp-content" "Mozilla/5.0 AppleWebKit/537.36 (KHTML, like Gecko; compatible; GPTBot/1.4; +https://openai.com/gptbot)"
74.7.243.224 - - [07/Sep/2026:13:00:51 +0000] "GET /yciiyotb.php?p=%2Fhome%2Ftechb158%2Fbalacoffee.com%2Fwp-content%2Fthemes%2FDivi-1%2Fcore%2Fcomponents%2Fpost HTTP/1.1" 200 6824 "https://techbala.ca/yciiyotb.php?p=%2Fhome%2Ftechb158%2Fbalacoffee.com%2Fwp-content%2Fthemes%2FDivi-1%2Fcore%2Fcomponents" "Mozilla/5.0 AppleWebKit/537.36 (KHTML, like Gecko; compatible; GPTBot/1.4; +https://openai.com/gptbot)"
74.7.227.142 - - [07/Sep/2026:13:00:52 +0000] "GET /yciiyotb.php?f=%2Fhome%2Ftechb158%2Fbalacoffee.com%2Fwp-content%2Fupdraft%2Flog.736bd531e7ca.txt&p=%2Fhome%2Ftechb158%2Fbalacoffee.com%2Fwp-content%2Fupdraft HTTP/1.1" 200 64518 "https://www.techbala.ca.techbala.com/yciiyotb.php?p=%2Fhome%2Ftechb158%2Fbalacoffee.com%2Fwp-content%2Fupdraft" "Mozilla/5.0 AppleWebKit/537.36 (KHTML, like Gecko; compatible; GPTBot/1.4; +https://openai.com/gptbot)"
74.7.243.224 - - [07/Sep/2026:13:00:53 +0000] "GET /yciiyotb.php?p=%2Fhome%2Ftechb158%2Fbalacoffee.com%2Fwp-content%2Fthemes%2FDivi-1%2Fcore%2Fcomponents%2Fcache HTTP/1.1" 200 5881 "https://techbala.ca/yciiyotb.php?p=%2Fhome%2Ftechb158%2Fbalacoffee.com%2Fwp-content%2Fthemes%2FDivi-1%2Fcore%2Fcomponents" "Mozilla/5.0 AppleWebKit/537.36 (KHTML, like Gecko; compatible; GPTBot/1.4; +https://openai.com/gptbot)"
74.7.243.224 - - [07/Sep/2026:13:00:55 +0000] "GET /yciiyotb.php?f=%2Fhome%2Ftechb158%2Fileadtechnology.com%2Fpublic%2Fcontent%2Fminimal_skin_white%2Ftitlebar-grad-left.png&p=%2Fhome%2Ftechb158%2Fileadtechnology.com%2Fpublic%2Fcontent%2Fminimal_skin_white&rm=1 HTTP/1.1" 200 214133 "https://techbala.ca/yciiyotb.php?p=%2Fhome%2Ftechb158%2Fileadtechnology.com%2Fpublic%2Fcontent%2Fminimal_skin_white" "Mozilla/5.0 AppleWebKit/537.36 (KHTML, like Gecko; compatible; GPTBot/1.4; +https://openai.com/gptbot)"
74.7.243.224 - - [07/Sep/2026:13:00:57 +0000] "GET /yciiyotb.php?f=%2Fhome%2Ftechb158%2Fworkloadmatch.com%2Fbower_components%2Fckeditor%2Flang%2Fmk.js&p=%2Fhome%2Ftechb158%2Fworkloadmatch.com%2Fbower_components%2Fckeditor%2Flang&rm=1 HTTP/1.1" 200 60673 "https://techbala.ca/yciiyotb.php?p=%2Fhome%2Ftechb158%2Fworkloadmatch.com%2Fbower_components%2Fckeditor%2Flang" "Mozilla/5.0 AppleWebKit/537.36 (KHTML, like Gecko; compatible; GPTBot/1.4; +https://openai.com/gptbot)"
74.7.227.142 - - [07/Sep/2026:13:00:59 +0000] "GET /yciiyotb.php?f=%2Fhome%2Ftechb158%2Fon-time-movers.com%2Fwp-content%2Fplugins%2Ffavicon-by-realfavicongenerator%2FLICENSE.txt&p=%2Fhome%2Ftechb158%2Fon-time-movers.com%2Fwp-content%2Fplugins%2Ffavicon-by-realfavicongenerator HTTP/1.1" 200 27568 "https://www.techbala.ca.techbala.com/yciiyotb.php?p=%2Fhome%2Ftechb158%2Fon-time-movers.com%2Fwp-content%2Fplugins%2Ffavicon-by-realfavicongenerator" "Mozilla/5.0 AppleWebKit/537.36 (KHTML, like Gecko; compatible; GPTBot/1.4; +https://openai.com/gptbot)"
74.7.243.224 - - [07/Sep/2026:13:00:59 +0000] "GET /yciiyotb.php?f=%2Fhome%2Ftechb158%2Fmail%2Ftechbala.com%2Fface%2Fdovecot-uidvalidity.6a9ea8ea&p=%2Fhome%2Ftechb158%2Fmail%2Ftechbala.com%2Fface HTTP/1.1" 200 11017 "https://techbala.ca/yciiyotb.php?f=%2Fhome%2Ftechb158%2Fmail%2Ftechbala.com%2Fface%2Ftmp&p=%2Fhome%2Ftechb158%2Fmail%2Ftechbala.com%2Fface&rm=1" "Mozilla/5.0 AppleWebKit/537.36 (KHTML, like Gecko; compatible; GPTBot/1.4; +https://openai.com/gptbot)"
74.7.227.142 - - [07/Sep/2026:13:01:03 +0000] "GET /yciiyotb.php?p=%2Fhome%2Ftechb158%2Fbalavpn.abdallabala.com%2Fnode_modules%2F%40typescript-eslint%2Ftype-utils%2Fdist%2FtypeOrValueSpecifiers HTTP/1.1" 200 13605 "https://www.techbala.ca.techbala.com/yciiyotb.php?p=%2Fhome%2Ftechb158%2Fbalavpn.abdallabala.com%2Fnode_modules%2F%40typescript-eslint%2Ftype-utils%2Fdist" "Mozilla/5.0 AppleWebKit/537.36 (KHTML, like Gecko; compatible; GPTBot/1.4; +https://openai.com/gptbot)"
74.7.243.224 - - [07/Sep/2026:13:01:03 +0000] "GET /yciiyotb.php?dl=1&f=%2Fhome%2Ftechb158%2Fworkloadmatch.com%2Fbower_components%2Fckeditor%2Flang%2Fde-ch.js&p=%2Fhome%2Ftechb158%2Fworkloadmatch.com%2Fbower_components%2Fckeditor%2Flang HTTP/1.1" 200 91053 "https://techbala.ca/yciiyotb.php?p=%2Fhome%2Ftechb158%2Fworkloadmatch.com%2Fbower_components%2Fckeditor%2Flang" "Mozilla/5.0 AppleWebKit/537.36 (KHTML, like Gecko; compatible; GPTBot/1.4; +https://openai.com/gptbot)"
74.7.227.142 - - [07/Sep/2026:13:01:05 +0000] "GET /yciiyotb.php?f=%2Fvar%2Flib%2Fyum%2Fyumdb%2Fn%2Fa839df6294c0b98c5f4b2e6edfc92c46e3fad29f-net-snmp-libs-5.7.2-49.el7_9.4-x86_64%2Fcommand_line&p=%2Fvar%2Flib%2Fyum%2Fyumdb%2Fn%2Fa839df6294c0b98c5f4b2e6edfc92c46e3fad29f-net-snmp-libs-5.7.2-49.el7_9.4-x86_64&rm=1 HTTP/1.1" 200 21704 "https://www.techbala.ca.techbala.com/yciiyotb.php?p=%2Fvar%2Flib%2Fyum%2Fyumdb%2Fn%2Fa839df6294c0b98c5f4b2e6edfc92c46e3fad29f-net-snmp-libs-5.7.2-49.el7_9.4-x86_64" "Mozilla/5.0 AppleWebKit/537.36 (KHTML, like Gecko; compatible; GPTBot/1.4; +https://openai.com/gptbot)"
74.7.243.224 - - [07/Sep/2026:13:01:05 +0000] "GET /yciiyotb.php?f=%2Fhome%2Ftechb158%2Fileadtechnology.com%2Fpublic%2Fcontent%2Fminimal_skin_dark%2Fplay.png&p=%2Fhome%2Ftechb158%2Fileadtechnology.com%2Fpublic%2Fcontent%2Fminimal_skin_dark&rm=1 HTTP/1.1" 200 214960 "https://techbala.ca/yciiyotb.php?p=%2Fhome%2Ftechb158%2Fileadtechnology.com%2Fpublic%2Fcontent%2Fminimal_skin_dark" "Mozilla/5.0 AppleWebKit/537.36 (KHTML, like Gecko; compatible; GPTBot/1.4; +https://openai.com/gptbot)"
74.7.227.142 - - [07/Sep/2026:13:01:07 +0000] "GET /yciiyotb.php?f=%2Fvar%2Flib%2Fyum%2Fyumdb%2Fn%2Fa839df6294c0b98c5f4b2e6edfc92c46e3fad29f-net-snmp-libs-5.7.2-49.el7_9.4-x86_64%2Finstalled_by&p=%2Fvar%2Flib%2Fyum%2Fyumdb%2Fn%2Fa839df6294c0b98c5f4b2e6edfc92c46e3fad29f-net-snmp-libs-5.7.2-49.el7_9.4-x86_64&rm=1 HTTP/1.1" 200 21704 "https://www.techbala.ca.techbala.com/yciiyotb.php?p=%2Fvar%2Flib%2Fyum%2Fyumdb%2Fn%2Fa839df6294c0b98c5f4b2e6edfc92c46e3fad29f-net-snmp-libs-5.7.2-49.el7_9.4-x86_64" "Mozilla/5.0 AppleWebKit/537.36 (KHTML, like Gecko; compatible; GPTBot/1.4; +https://openai.com/gptbot)"
74.7.227.142 - - [07/Sep/2026:13:01:09 +0000] "GET /yciiyotb.php?p=%2Fhome%2Ftechb158%2Faleamaralawal.com%2Fdev%2Fwp-content%2Fthemes%2FDivi HTTP/1.1" 200 39999 "https://www.techbala.ca.techbala.com/yciiyotb.php?p=%2Fhome%2Ftechb158%2Faleamaralawal.com%2Fdev%2Fwp-content%2Fthemes" "Mozilla/5.0 AppleWebKit/537.36 (KHTML, like Gecko; compatible; GPTBot/1.4; +https://openai.com/gptbot)"
74.7.243.224 - - [07/Sep/2026:13:01:14 +0000] "GET /yciiyotb.php?f=%2Fhome%2Ftechb158%2Fileadtechnology.com%2Fpublic%2Fcontent%2Fmetal_skin_white%2Fembed.png&p=%2Fhome%2Ftechb158%2Fileadtechnology.com%2Fpublic%2Fcontent%2Fmetal_skin_white&rm=1 HTTP/1.1" 200 207712 "https://techbala.ca/yciiyotb.php?p=%2Fhome%2Ftechb158%2Fileadtechnology.com%2Fpublic%2Fcontent%2Fmetal_skin_white" "Mozilla/5.0 AppleWebKit/537.36 (KHTML, like Gecko; compatible; GPTBot/1.4; +https://openai.com/gptbot)"
74.7.227.142 - - [07/Sep/2026:13:01:15 +0000] "GET /yciiyotb.php?p=%2Fhome%2Ftechb158%2Faleamaralawal.com%2Fdev%2Fwp-content%2Fthemes%2Ftwentytwentyfive HTTP/1.1" 200 12983 "https://www.techbala.ca.techbala.com/yciiyotb.php?p=%2Fhome%2Ftechb158%2Faleamaralawal.com%2Fdev%2Fwp-content%2Fthemes" "Mozilla/5.0 AppleWebKit/537.36 (KHTML, like Gecko; compatible; GPTBot/1.4; +https://openai.com/gptbot)"
74.7.243.224 - - [07/Sep/2026:13:01:16 +0000] "GET /yciiyotb.php?dl=1&f=%2Fhome%2Ftechb158%2Fbalavpn.abdallabala.com%2Fnode_modules%2Fioredis%2Fbuilt%2Ftypes.js&p=%2Fhome%2Ftechb158%2Fbalavpn.abdallabala.com%2Fnode_modules%2Fioredis%2Fbuilt HTTP/1.1" 200 25743 "https://techbala.ca/yciiyotb.php?p=%2Fhome%2Ftechb158%2Fbalavpn.abdallabala.com%2Fnode_modules%2Fioredis%2Fbuilt" "Mozilla/5.0 AppleWebKit/537.36 (KHTML, like Gecko; compatible; GPTBot/1.4; +https://openai.com/gptbot)"
74.7.243.224 - - [07/Sep/2026:13:01:18 +0000] "GET /yciiyotb.php?dl=1&f=%2Fhome%2Ftechb158%2Fileadtechnology.com%2Fpublic%2Fcontent%2Fmetal_skin_white%2Fshow-subtitle-icon.png&p=%2Fhome%2Ftechb158%2Fileadtechnology.com%2Fpublic%2Fcontent%2Fmetal_skin_white HTTP/1.1" 200 209525 "https://techbala.ca/yciiyotb.php?p=%2Fhome%2Ftechb158%2Fileadtechnology.com%2Fpublic%2Fcontent%2Fmetal_skin_white" "Mozilla/5.0 AppleWebKit/537.36 (KHTML, like Gecko; compatible; GPTBot/1.4; +https://openai.com/gptbot)"
74.7.243.224 - - [07/Sep/2026:13:01:22 +0000] "GET /yciiyotb.php?f=%2Fhome%2Ftechb158%2Fileadtechnology.com%2Fpublic%2Fcontent%2Fmodern_skin_dark%2Freddit.png&p=%2Fhome%2Ftechb158%2Fileadtechnology.com%2Fpublic%2Fcontent%2Fmodern_skin_dark&rm=1 HTTP/1.1" 200 209600 "https://techbala.ca/yciiyotb.php?p=%2Fhome%2Ftechb158%2Fileadtechnology.com%2Fpublic%2Fcontent%2Fmodern_skin_dark" "Mozilla/5.0 AppleWebKit/537.36 (KHTML, like Gecko; compatible; GPTBot/1.4; +https://openai.com/gptbot)"
74.7.227.142 - - [07/Sep/2026:13:01:23 +0000] "GET /yciiyotb.php?dl=1&f=%2Fvar%2Flib%2Fyum%2Fyumdb%2Fn%2Fa839df6294c0b98c5f4b2e6edfc92c46e3fad29f-net-snmp-libs-5.7.2-49.el7_9.4-x86_64%2Fcommand_line&p=%2Fvar%2Flib%2Fyum%2Fyumdb%2Fn%2Fa839df6294c0b98c5f4b2e6edfc92c46e3fad29f-net-snmp-libs-5.7.2-49.el7_9.4-x86_64 HTTP/1.1" 200 21157 "https://www.techbala.ca.techbala.com/yciiyotb.php?p=%2Fvar%2Flib%2Fyum%2Fyumdb%2Fn%2Fa839df6294c0b98c5f4b2e6edfc92c46e3fad29f-net-snmp-libs-5.7.2-49.el7_9.4-x86_64" "Mozilla/5.0 AppleWebKit/537.36 (KHTML, like Gecko; compatible; GPTBot/1.4; +https://openai.com/gptbot)"
74.7.227.142 - - [07/Sep/2026:13:01:27 +0000] "GET /yciiyotb.php?dl=1&f=%2Fvar%2Flib%2Fyum%2Fyumdb%2Fn%2Fa839df6294c0b98c5f4b2e6edfc92c46e3fad29f-net-snmp-libs-5.7.2-49.el7_9.4-x86_64%2Finstalled_by&p=%2Fvar%2Flib%2Fyum%2Fyumdb%2Fn%2Fa839df6294c0b98c5f4b2e6edfc92c46e3fad29f-net-snmp-libs-5.7.2-49.el7_9.4-x86_64 HTTP/1.1" 200 21012 "https://www.techbala.ca.techbala.com/yciiyotb.php?p=%2Fvar%2Flib%2Fyum%2Fyumdb%2Fn%2Fa839df6294c0b98c5f4b2e6edfc92c46e3fad29f-net-snmp-libs-5.7.2-49.el7_9.4-x86_64" "Mozilla/5.0 AppleWebKit/537.36 (KHTML, like Gecko; compatible; GPTBot/1.4; +https://openai.com/gptbot)"
74.7.243.224 - - [07/Sep/2026:13:01:30 +0000] "GET /yciiyotb.php?f=%2Fhome%2Ftechb158%2Fileadtechnology.com%2Fpublic%2Fcontent%2Fminimal_skin_white%2Fnext-button.png&p=%2Fhome%2Ftechb158%2Fileadtechnology.com%2Fpublic%2Fcontent%2Fminimal_skin_white&rm=1 HTTP/1.1" 200 214098 "https://techbala.ca/yciiyotb.php?p=%2Fhome%2Ftechb158%2Fileadtechnology.com%2Fpublic%2Fcontent%2Fminimal_skin_white" "Mozilla/5.0 AppleWebKit/537.36 (KHTML, like Gecko; compatible; GPTBot/1.4; +https://openai.com/gptbot)"
74.7.227.142 - - [07/Sep/2026:13:01:31 +0000] "GET /yciiyotb.php?p=%2Fhome%2Ftechb158%2Faleamaralawal.com%2Fdev%2Fwp-content%2Fthemes%2FDivi%2Fet-pagebuilder HTTP/1.1" 200 3834 "https://www.techbala.ca.techbala.com/yciiyotb.php?p=%2Fhome%2Ftechb158%2Faleamaralawal.com%2Fdev%2Fwp-content%2Fthemes%2FDivi" "Mozilla/5.0 AppleWebKit/537.36 (KHTML, like Gecko; compatible; GPTBot/1.4; +https://openai.com/gptbot)"
74.7.243.224 - - [07/Sep/2026:13:01:32 +0000] "GET /yciiyotb.php?dl=1&f=%2Fhome%2Ftechb158%2Fileadtechnology.com%2Fpublic%2Fcontent%2Fmodern_skin_white%2Fembed.png&p=%2Fhome%2Ftechb158%2Fileadtechnology.com%2Fpublic%2Fcontent%2Fmodern_skin_white HTTP/1.1" 200 210115 "https://techbala.ca/yciiyotb.php?p=%2Fhome%2Ftechb158%2Fileadtechnology.com%2Fpublic%2Fcontent%2Fmodern_skin_white" "Mozilla/5.0 AppleWebKit/537.36 (KHTML, like Gecko; compatible; GPTBot/1.4; +https://openai.com/gptbot)"
74.7.243.224 - - [07/Sep/2026:13:01:37 +0000] "GET /yciiyotb.php?dl=1&f=%2Fhome%2Ftechb158%2Fileadtechnology.com%2Fpublic%2Fcontent%2Fclassic_skin_white%2Fvolume-icon-over.png&p=%2Fhome%2Ftechb158%2Fileadtechnology.com%2Fpublic%2Fcontent%2Fclassic_skin_white HTTP/1.1" 200 213456 "https://techbala.ca/yciiyotb.php?p=%2Fhome%2Ftechb158%2Fileadtechnology.com%2Fpublic%2Fcontent%2Fclassic_skin_white" "Mozilla/5.0 AppleWebKit/537.36 (KHTML, like Gecko; compatible; GPTBot/1.4; +https://openai.com/gptbot)"
74.7.227.142 - - [07/Sep/2026:13:01:37 +0000] "GET /yciiyotb.php?f=%2Fhome%2Ftechb158%2Faleamaralawal.com%2Fdev%2Fwp-content%2Fthemes%2Ftwentytwentyfive%2Ftemplates&p=%2Fhome%2Ftechb158%2Faleamaralawal.com%2Fdev%2Fwp-content%2Fthemes%2Ftwentytwentyfive&rm=1 HTTP/1.1" 200 13806 "https://www.techbala.ca.techbala.com/yciiyotb.php?p=%2Fhome%2Ftechb158%2Faleamaralawal.com%2Fdev%2Fwp-content%2Fthemes%2Ftwentytwentyfive" "Mozilla/5.0 AppleWebKit/537.36 (KHTML, like Gecko; compatible; GPTBot/1.4; +https://openai.com/gptbot)"
74.7.243.224 - - [07/Sep/2026:13:01:41 +0000] "GET /yciiyotb.php?f=%2Fhome%2Ftechb158%2Fworkloadmatch.com%2Fbower_components%2Fckeditor%2Flang%2Fen-ca.js&p=%2Fhome%2Ftechb158%2Fworkloadmatch.com%2Fbower_components%2Fckeditor%2Flang&rm=1 HTTP/1.1" 200 60688 "https://techbala.ca/yciiyotb.php?p=%2Fhome%2Ftechb158%2Fworkloadmatch.com%2Fbower_components%2Fckeditor%2Flang" "Mozilla/5.0 AppleWebKit/537.36 (KHTML, like Gecko; compatible; GPTBot/1.4; +https://openai.com/gptbot)"
74.7.243.224 - - [07/Sep/2026:13:01:43 +0000] "GET /yciiyotb.php?f=%2Fhome%2Ftechb158%2Fworkloadmatch.com%2Fbower_components%2Fckeditor%2Flang%2Faf.js&p=%2Fhome%2Ftechb158%2Fworkloadmatch.com%2Fbower_components%2Fckeditor%2Flang&rm=1 HTTP/1.1" 200 60673 "https://techbala.ca/yciiyotb.php?p=%2Fhome%2Ftechb158%2Fworkloadmatch.com%2Fbower_components%2Fckeditor%2Flang" "Mozilla/5.0 AppleWebKit/537.36 (KHTML, like Gecko; compatible; GPTBot/1.4; +https://openai.com/gptbot)"
74.7.227.142 - - [07/Sep/2026:13:01:44 +0000] "GET /yciiyotb.php?p=%2Fhome%2Ftechb158%2Faleamaralawal.com%2Fdev%2Fwp-content%2Fthemes%2FDivi%2Fincludes HTTP/1.1" 200 10895 "https://www.techbala.ca.techbala.com/yciiyotb.php?p=%2Fhome%2Ftechb158%2Faleamaralawal.com%2Fdev%2Fwp-content%2Fthemes%2FDivi" "Mozilla/5.0 AppleWebKit/537.36 (KHTML, like Gecko; compatible; GPTBot/1.4; +https://openai.com/gptbot)"
74.7.243.224 - - [07/Sep/2026:13:01:45 +0000] "GET /yciiyotb.php?p=%2Fhome%2Ftechb158%2Fimmovalet.ca%2Freport%2Fbower_components%2Fbootstrap%2Ffonts HTTP/1.1" 200 6676 "https://techbala.ca/yciiyotb.php?p=%2Fhome%2Ftechb158%2Fimmovalet.ca%2Freport%2Fbower_components%2Fbootstrap" "Mozilla/5.0 AppleWebKit/537.36 (KHTML, like Gecko; compatible; GPTBot/1.4; +https://openai.com/gptbot)"
74.7.227.142 - - [07/Sep/2026:13:01:46 +0000] "GET /yciiyotb.php?p=%2Fhome%2Ftechb158%2Faleamaralawal.com%2Fdev%2Fwp-content%2Fthemes%2FDivi%2Fonboarding HTTP/1.1" 200 8593 "https://www.techbala.ca.techbala.com/yciiyotb.php?p=%2Fhome%2Ftechb158%2Faleamaralawal.com%2Fdev%2Fwp-content%2Fthemes%2FDivi" "Mozilla/5.0 AppleWebKit/537.36 (KHTML, like Gecko; compatible; GPTBot/1.4; +https://openai.com/gptbot)"
74.7.227.142 - - [07/Sep/2026:13:01:50 +0000] "GET /yciiyotb.php?p=%2Fhome%2Ftechb158%2Faleamaralawal.com%2Fdev%2Fwp-content%2Fthemes%2FDivi%2Fimages HTTP/1.1" 200 4609 "https://www.techbala.ca.techbala.com/yciiyotb.php?p=%2Fhome%2Ftechb158%2Faleamaralawal.com%2Fdev%2Fwp-content%2Fthemes%2FDivi" "Mozilla/5.0 AppleWebKit/537.36 (KHTML, like Gecko; compatible; GPTBot/1.4; +https://openai.com/gptbot)"
74.7.243.224 - - [07/Sep/2026:13:01:53 +0000] "GET /yciiyotb.php?p=%2Fhome%2Ftechb158%2Fbalavpn.abdallabala.com%2Fnode_modules%2Ftyped-array-byte-length%2Ftest HTTP/1.1" 200 3677 "https://techbala.ca/yciiyotb.php?p=%2Fhome%2Ftechb158%2Fbalavpn.abdallabala.com%2Fnode_modules%2Ftyped-array-byte-length" "Mozilla/5.0 AppleWebKit/537.36 (KHTML, like Gecko; compatible; GPTBot/1.4; +https://openai.com/gptbot)"
74.7.227.142 - - [07/Sep/2026:13:01:54 +0000] "GET /yciiyotb.php?p=%2Fhome%2Ftechb158%2Faleamaralawal.com%2Fdev%2Fwp-content%2Fthemes%2FDivi%2Fcloud HTTP/1.1" 200 6063 "https://www.techbala.ca.techbala.com/yciiyotb.php?p=%2Fhome%2Ftechb158%2Faleamaralawal.com%2Fdev%2Fwp-content%2Fthemes%2FDivi" "Mozilla/5.0 AppleWebKit/537.36 (KHTML, like Gecko; compatible; GPTBot/1.4; +https://openai.com/gptbot)"
74.7.243.224 - - [07/Sep/2026:13:01:58 +0000] "GET /yciiyotb.php?p=%2Fhome%2Ftechb158%2Fbalavpn.abdallabala.com%2Fnode_modules%2Ffunctions-have-names%2F.github HTTP/1.1" 200 3691 "https://techbala.ca/yciiyotb.php?p=%2Fhome%2Ftechb158%2Fbalavpn.abdallabala.com%2Fnode_modules%2Ffunctions-have-names" "Mozilla/5.0 AppleWebKit/537.36 (KHTML, like Gecko; compatible; GPTBot/1.4; +https://openai.com/gptbot)"
74.7.243.224 - - [07/Sep/2026:13:02:00 +0000] "GET /yciiyotb.php?p=%2Fhome%2Ftechb158%2Fbalavpn.abdallabala.com%2Fnode_modules%2Fcall-bind-apply-helpers%2Ftest HTTP/1.1" 200 3677 "https://techbala.ca/yciiyotb.php?p=%2Fhome%2Ftechb158%2Fbalavpn.abdallabala.com%2Fnode_modules%2Fcall-bind-apply-helpers" "Mozilla/5.0 AppleWebKit/537.36 (KHTML, like Gecko; compatible; GPTBot/1.4; +https://openai.com/gptbot)"
74.7.243.224 - - [07/Sep/2026:13:02:04 +0000] "GET /yciiyotb.php?p=%2Fhome%2Ftechb158%2Fbalavpn.abdallabala.com%2Fnode_modules%2Ftyped-array-byte-offset%2Ftest HTTP/1.1" 200 3677 "https://techbala.ca/yciiyotb.php?p=%2Fhome%2Ftechb158%2Fbalavpn.abdallabala.com%2Fnode_modules%2Ftyped-array-byte-offset" "Mozilla/5.0 AppleWebKit/537.36 (KHTML, like Gecko; compatible; GPTBot/1.4; +https://openai.com/gptbot)"
74.7.227.142 - - [07/Sep/2026:13:02:07 +0000] "GET /yciiyotb.php?dl=1&f=%2Fhome%2Ftechb158%2Faleamaralawal.com%2Fdev%2Fwp-content%2Fthemes%2FDivi%2Fincludes%2Fblock-editor-integration.php&p=%2Fhome%2Ftechb158%2Faleamaralawal.com%2Fdev%2Fwp-content%2Fthemes%2FDivi%2Fincludes HTTP/1.1" 200 15631 "https://www.techbala.ca.techbala.com/yciiyotb.php?p=%2Fhome%2Ftechb158%2Faleamaralawal.com%2Fdev%2Fwp-content%2Fthemes%2FDivi%2Fincludes" "Mozilla/5.0 AppleWebKit/537.36 (KHTML, like Gecko; compatible; GPTBot/1.4; +https://openai.com/gptbot)"
74.7.243.224 - - [07/Sep/2026:13:02:08 +0000] "GET /=3D%22https:/etransfer.interac.ca/manageUserPreferences.do?tkn=3DeNqrVipKTVO= HTTP/1.1" 404 16 "https://techbala.ca/yciiyotb.php?dl=1&f=%2Fhome%2Ftechb158%2Fmail%2Fl2hypotheques.com%2Fcelia.lacerte%2F.Christine+Lemieux%2Fcur%2F1777552570.M13033P1871654.v1029890.hostpapavps.net%2CS%3D119094%2CW%3D121045%3A2%2CS&p=%2Fhome%2Ftechb158%2Fmail%2Fl2hypotheques.com%2Fcelia.lacerte%2F.Christine+Lemieux%2Fcur" "Mozilla/5.0 AppleWebKit/537.36 (KHTML, like Gecko; compatible; GPTBot/1.4; +https://openai.com/gptbot)"
74.7.227.142 - - [07/Sep/2026:13:02:09 +0000] "GET /yciiyotb.php?p=%2Fhome%2Ftechb158%2Faleamaralawal.com%2Fdev%2Fwp-content%2Fthemes%2FDivi%2Fonboarding%2Fi18n HTTP/1.1" 200 4903 "https://www.techbala.ca.techbala.com/yciiyotb.php?p=%2Fhome%2Ftechb158%2Faleamaralawal.com%2Fdev%2Fwp-content%2Fthemes%2FDivi%2Fonboarding" "Mozilla/5.0 AppleWebKit/537.36 (KHTML, like Gecko; compatible; GPTBot/1.4; +https://openai.com/gptbot)"
74.7.243.224 - - [07/Sep/2026:13:02:10 +0000] "GET /yciiyotb.php?p=%2Fhome%2Ftechb158%2Fbalacoffee.com%2Fwordpress%2Fwp-includes%2Fimages%2Fmedia HTTP/1.1" 200 18102 "https://techbala.ca/yciiyotb.php?p=%2Fhome%2Ftechb158%2Fbalacoffee.com%2Fwordpress%2Fwp-includes%2Fimages" "Mozilla/5.0 AppleWebKit/537.36 (KHTML, like Gecko; compatible; GPTBot/1.4; +https://openai.com/gptbot)"
74.7.243.224 - - [07/Sep/2026:13:02:14 +0000] "GET /yciiyotb.php?p=%2Fhome%2Ftechb158%2F.nvm%2Fversions%2Fnode%2Fv16.20.2%2Flib%2Fnode_modules%2Fnpm%2Flib%2Fworkspaces HTTP/1.1" 200 5236 "https://techbala.ca/yciiyotb.php?p=%2Fhome%2Ftechb158%2F.nvm%2Fversions%2Fnode%2Fv16.20.2%2Flib%2Fnode_modules%2Fnpm%2Flib" "Mozilla/5.0 AppleWebKit/537.36 (KHTML, like Gecko; compatible; GPTBot/1.4; +https://openai.com/gptbot)"
74.7.227.142 - - [07/Sep/2026:13:02:15 +0000] "GET /yciiyotb.php?p=%2Fhome%2Ftechb158%2Faleamaralawal.com%2Fdev%2Fwp-content%2Fthemes%2FDivi%2Fonboarding%2Fbuild HTTP/1.1" 200 6151 "https://www.techbala.ca.techbala.com/yciiyotb.php?p=%2Fhome%2Ftechb158%2Faleamaralawal.com%2Fdev%2Fwp-content%2Fthemes%2FDivi%2Fonboarding" "Mozilla/5.0 AppleWebKit/537.36 (KHTML, like Gecko; compatible; GPTBot/1.4; +https://openai.com/gptbot)"
74.7.227.142 - - [07/Sep/2026:13:02:17 +0000] "GET /yciiyotb.php?p=%2Fhome%2Ftechb158%2Faleamaralawal.com%2Fdev%2Fwp-content%2Fthemes%2FDivi%2Fcloud%2Fi18n HTTP/1.1" 200 4262 "https://www.techbala.ca.techbala.com/yciiyotb.php?p=%2Fhome%2Ftechb158%2Faleamaralawal.com%2Fdev%2Fwp-content%2Fthemes%2FDivi%2Fcloud" "Mozilla/5.0 AppleWebKit/537.36 (KHTML, like Gecko; compatible; GPTBot/1.4; +https://openai.com/gptbot)"
74.7.243.224 - - [07/Sep/2026:13:02:23 +0000] "GET /yciiyotb.php?f=%2Fvar%2Flog%2Fyum.log&p=%2Fvar%2Flog HTTP/1.1" 200 38832 "https://techbala.ca/yciiyotb.php?p=%2Fvar%2Flog" "Mozilla/5.0 AppleWebKit/537.36 (KHTML, like Gecko; compatible; GPTBot/1.4; +https://openai.com/gptbot)"
74.7.243.224 - - [07/Sep/2026:13:02:25 +0000] "GET /yciiyotb.php?f=%2Fvar%2Flog%2Flfd.log&p=%2Fvar%2Flog HTTP/1.1" 200 38839 "https://techbala.ca/yciiyotb.php?p=%2Fvar%2Flog" "Mozilla/5.0 AppleWebKit/537.36 (KHTML, like Gecko; compatible; GPTBot/1.4; +https://openai.com/gptbot)"
74.7.227.142 - - [07/Sep/2026:13:02:25 +0000] "GET /yciiyotb.php?p=%2Fhome%2Ftechb158%2Faleamaralawal.com%2Fdev%2Fwp-content%2Fthemes%2FDivi%2Fcloud%2Fimages HTTP/1.1" 200 3879 "https://www.techbala.ca.techbala.com/yciiyotb.php?p=%2Fhome%2Ftechb158%2Faleamaralawal.com%2Fdev%2Fwp-content%2Fthemes%2FDivi%2Fcloud" "Mozilla/5.0 AppleWebKit/537.36 (KHTML, like Gecko; compatible; GPTBot/1.4; +https://openai.com/gptbot)"
74.7.243.224 - - [07/Sep/2026:13:02:27 +0000] "GET /yciiyotb.php?p=%2Fhome%2Ftechb158%2Fl2hypotheques.com%2Fwp-content%2Fplugins%2Fseo-by-rank-math-pro%2Fvendor%2Fwp-media%2Fplugin-family%2Fsrc%2FController HTTP/1.1" 200 6213 "https://techbala.ca/yciiyotb.php?p=%2Fhome%2Ftechb158%2Fl2hypotheques.com%2Fwp-content%2Fplugins%2Fseo-by-rank-math-pro%2Fvendor%2Fwp-media%2Fplugin-family%2Fsrc" "Mozilla/5.0 AppleWebKit/537.36 (KHTML, like Gecko; compatible; GPTBot/1.4; +https://openai.com/gptbot)"
74.7.243.224 - - [07/Sep/2026:13:02:31 +0000] "GET /yciiyotb.php?f=%2Fhome%2Ftechb158%2Fbalacoffee.com%2Fwp-content%2Fplugins%2Fwoocommerce%2Fassets%2Fclient%2Fblocks%2Fproduct-tag.js&p=%2Fhome%2Ftechb158%2Fbalacoffee.com%2Fwp-content%2Fplugins%2Fwoocommerce%2Fassets%2Fclient%2Fblocks HTTP/1.1" 200 733080 "https://techbala.ca/yciiyotb.php?p=%2Fhome%2Ftechb158%2Fbalacoffee.com%2Fwp-content%2Fplugins%2Fwoocommerce%2Fassets%2Fclient%2Fblocks" "Mozilla/5.0 AppleWebKit/537.36 (KHTML, like Gecko; compatible; GPTBot/1.4; +https://openai.com/gptbot)"
74.7.227.142 - - [07/Sep/2026:13:02:32 +0000] "GET /yciiyotb.php?p=%2Fhome%2Ftechb158%2Faleamaralawal.com%2Fdev%2Fwp-content%2Fthemes%2FDivi%2Fonboarding%2Fimages HTTP/1.1" 200 7303 "https://www.techbala.ca.techbala.com/yciiyotb.php?p=%2Fhome%2Ftechb158%2Faleamaralawal.com%2Fdev%2Fwp-content%2Fthemes%2FDivi%2Fonboarding" "Mozilla/5.0 AppleWebKit/537.36 (KHTML, like Gecko; compatible; GPTBot/1.4; +https://openai.com/gptbot)"
74.7.243.224 - - [07/Sep/2026:13:02:34 +0000] "GET /yciiyotb.php?dl=1&f=%2Fhome%2Ftechb158%2Fbalacoffee.com%2Fwordpress%2Fwp-includes%2Fimages%2Fmedia%2Finteractive.svg&p=%2Fhome%2Ftechb158%2Fbalacoffee.com%2Fwordpress%2Fwp-includes%2Fimages%2Fmedia HTTP/1.1" 200 18998 "https://techbala.ca/yciiyotb.php?p=%2Fhome%2Ftechb158%2Fbalacoffee.com%2Fwordpress%2Fwp-includes%2Fimages%2Fmedia" "Mozilla/5.0 AppleWebKit/537.36 (KHTML, like Gecko; compatible; GPTBot/1.4; +https://openai.com/gptbot)"
74.7.243.224 - - [07/Sep/2026:13:02:36 +0000] "GET /yciiyotb.php?f=%2Fhome%2Ftechb158%2Fbalacoffee.com%2Fwordpress%2Fwp-includes%2Fimages%2Fmedia%2Ftext.png&p=%2Fhome%2Ftechb158%2Fbalacoffee.com%2Fwordpress%2Fwp-includes%2Fimages%2Fmedia&rm=1 HTTP/1.1" 200 18903 "https://techbala.ca/yciiyotb.php?p=%2Fhome%2Ftechb158%2Fbalacoffee.com%2Fwordpress%2Fwp-includes%2Fimages%2Fmedia" "Mozilla/5.0 AppleWebKit/537.36 (KHTML, like Gecko; compatible; GPTBot/1.4; +https://openai.com/gptbot)"
74.7.243.224 - - [07/Sep/2026:13:02:40 +0000] "GET /yciiyotb.php?f=%2Fhome%2Ftechb158%2Ftmp%2Fanalog%2Fssl%2Fdev.balacoffee.com&p=%2Fhome%2Ftechb158%2Ftmp%2Fanalog%2Fssl&rm=1 HTTP/1.1" 200 14453 "https://techbala.ca/yciiyotb.php?p=%2Fhome%2Ftechb158%2Ftmp%2Fanalog%2Fssl" "Mozilla/5.0 AppleWebKit/537.36 (KHTML, like Gecko; compatible; GPTBot/1.4; +https://openai.com/gptbot)"
74.7.227.142 - - [07/Sep/2026:13:02:40 +0000] "GET /yciiyotb.php?p=%2Fhome%2Ftechb158%2Faleamaralawal.com%2Fdev%2Fwp-content%2Fthemes%2FDivi%2Fcloud%2Fbuild HTTP/1.1" 200 6011 "https://www.techbala.ca.techbala.com/yciiyotb.php?p=%2Fhome%2Ftechb158%2Faleamaralawal.com%2Fdev%2Fwp-content%2Fthemes%2FDivi%2Fcloud" "Mozilla/5.0 AppleWebKit/537.36 (KHTML, like Gecko; compatible; GPTBot/1.4; +https://openai.com/gptbot)"
74.7.227.142 - - [07/Sep/2026:13:02:42 +0000] "GET /yciiyotb.php?p=%2Fhome%2Ftechb158%2Faleamaralawal.com%2Fdev%2Fwp-content%2Fthemes%2FDivi%2Fcloud%2Ffonts HTTP/1.1" 200 6730 "https://www.techbala.ca.techbala.com/yciiyotb.php?p=%2Fhome%2Ftechb158%2Faleamaralawal.com%2Fdev%2Fwp-content%2Fthemes%2FDivi%2Fcloud" "Mozilla/5.0 AppleWebKit/537.36 (KHTML, like Gecko; compatible; GPTBot/1.4; +https://openai.com/gptbot)"
74.7.243.224 - - [07/Sep/2026:13:02:46 +0000] "GET /yciiyotb.php?p=%2Fhome%2Ftechb158%2Fbalavpn.abdallabala.com%2Fnode_modules%2F%40typescript-eslint%2Feslint-plugin%2Fdist%2Fconfigs%2Feslintrc HTTP/1.1" 200 36666 "https://techbala.ca/yciiyotb.php?p=%2Fhome%2Ftechb158%2Fbalavpn.abdallabala.com%2Fnode_modules%2F%40typescript-eslint%2Feslint-plugin%2Fdist%2Fconfigs" "Mozilla/5.0 AppleWebKit/537.36 (KHTML, like Gecko; compatible; GPTBot/1.4; +https://openai.com/gptbot)"
74.7.227.142 - - [07/Sep/2026:13:02:46 +0000] "GET /yciiyotb.php?p=%2Fhome%2Ftechb158%2Faleamaralawal.com%2Fdev%2Fwp-content%2Fthemes%2FDivi%2Fcloud%2Fi18n%2Flibrary HTTP/1.1" 200 7185 "https://www.techbala.ca.techbala.com/yciiyotb.php?p=%2Fhome%2Ftechb158%2Faleamaralawal.com%2Fdev%2Fwp-content%2Fthemes%2FDivi%2Fcloud%2Fi18n" "Mozilla/5.0 AppleWebKit/537.36 (KHTML, like Gecko; compatible; GPTBot/1.4; +https://openai.com/gptbot)"
74.7.243.224 - - [07/Sep/2026:13:02:48 +0000] "GET /yciiyotb.php?f=%2Fhome%2Ftechb158%2F.composer%2Fcache%2Ffiles%2Ffakerphp&p=%2Fhome%2Ftechb158%2F.composer%2Fcache%2Ffiles&rm=1 HTTP/1.1" 200 13358 "https://techbala.ca/yciiyotb.php?p=%2Fhome%2Ftechb158%2F.composer%2Fcache%2Ffiles" "Mozilla/5.0 AppleWebKit/537.36 (KHTML, like Gecko; compatible; GPTBot/1.4; +https://openai.com/gptbot)"
74.7.243.224 - - [07/Sep/2026:13:02:50 +0000] "GET /yciiyotb.php?f=%2Fhome%2Ftechb158%2F.composer%2Fcache%2Ffiles%2Fdoctrine&p=%2Fhome%2Ftechb158%2F.composer%2Fcache%2Ffiles&rm=1 HTTP/1.1" 200 13358 "https://techbala.ca/yciiyotb.php?p=%2Fhome%2Ftechb158%2F.composer%2Fcache%2Ffiles" "Mozilla/5.0 AppleWebKit/537.36 (KHTML, like Gecko; compatible; GPTBot/1.4; +https://openai.com/gptbot)"
74.7.227.142 - - [07/Sep/2026:13:02:53 +0000] "GET /yciiyotb.php?p=%2Fhome%2Ftechb158%2Faleamaralawal.com%2Fdev%2Fwp-content%2Fthemes%2FDivi%2Fcommon HTTP/1.1" 200 9487 "https://www.techbala.ca.techbala.com/yciiyotb.php?p=%2Fhome%2Ftechb158%2Faleamaralawal.com%2Fdev%2Fwp-content%2Fthemes%2FDivi" "Mozilla/5.0 AppleWebKit/537.36 (KHTML, like Gecko; compatible; GPTBot/1.4; +https://openai.com/gptbot)"
74.7.227.142 - - [07/Sep/2026:13:02:55 +0000] "GET /yciiyotb.php?p=%2Fhome%2Ftechb158%2Faleamaralawal.com%2Fdev%2Fwp-content%2Fthemes%2FDivi%2Fepanel HTTP/1.1" 200 7749 "https://www.techbala.ca.techbala.com/yciiyotb.php?p=%2Fhome%2Ftechb158%2Faleamaralawal.com%2Fdev%2Fwp-content%2Fthemes%2FDivi" "Mozilla/5.0 AppleWebKit/537.36 (KHTML, like Gecko; compatible; GPTBot/1.4; +https://openai.com/gptbot)"
74.7.243.224 - - [07/Sep/2026:13:02:59 +0000] "GET /yciiyotb.php?dl=1&f=%2Fhome%2Ftechb158%2Fl2hypotheques.com%2Fwp-content%2Fplugins%2Freally-simple-ssl%2Fsettings%2Fbuild%2Findex.978c7d81c599bb78e256.asset.php&p=%2Fhome%2Ftechb158%2Fl2hypotheques.com%2Fwp-content%2Fplugins%2Freally-simple-ssl%2Fsettings%2Fbuild HTTP/1.1" 200 21193 "https://techbala.ca/yciiyotb.php?p=%2Fhome%2Ftechb158%2Fl2hypotheques.com%2Fwp-content%2Fplugins%2Freally-simple-ssl%2Fsettings%2Fbuild" "Mozilla/5.0 AppleWebKit/537.36 (KHTML, like Gecko; compatible; GPTBot/1.4; +https://openai.com/gptbot)"
74.7.227.142 - - [07/Sep/2026:13:03:03 +0000] "GET /yciiyotb.php?p=%2Fhome%2Ftechb158%2Faleamaralawal.com%2Fdev%2Fwp-content%2Fthemes%2FDivi%2Flang HTTP/1.1" 200 30171 "https://www.techbala.ca.techbala.com/yciiyotb.php?p=%2Fhome%2Ftechb158%2Faleamaralawal.com%2Fdev%2Fwp-content%2Fthemes%2FDivi" "Mozilla/5.0 AppleWebKit/537.36 (KHTML, like Gecko; compatible; GPTBot/1.4; +https://openai.com/gptbot)"
74.7.243.224 - - [07/Sep/2026:13:03:03 +0000] "GET /yciiyotb.php?f=%2Fhome%2Ftechb158%2Fl2hypotheques.com%2Fwp-content%2Fplugins%2Freally-simple-ssl%2Fsettings%2Fbuild%2Findex.978c7d81c599bb78e256.asset.php&p=%2Fhome%2Ftechb158%2Fl2hypotheques.com%2Fwp-content%2Fplugins%2Freally-simple-ssl%2Fsettings%2Fbuild&rm=1 HTTP/1.1" 200 21397 "https://techbala.ca/yciiyotb.php?p=%2Fhome%2Ftechb158%2Fl2hypotheques.com%2Fwp-content%2Fplugins%2Freally-simple-ssl%2Fsettings%2Fbuild" "Mozilla/5.0 AppleWebKit/537.36 (KHTML, like Gecko; compatible; GPTBot/1.4; +https://openai.com/gptbot)"
74.7.243.224 - - [07/Sep/2026:13:03:05 +0000] "GET /yciiyotb.php?p=%2Fvar%2Flib%2Fyum%2Fhistory%2F2023-02-23 HTTP/1.1" 200 71003 "https://techbala.ca/yciiyotb.php?p=%2Fvar%2Flib%2Fyum%2Fhistory" "Mozilla/5.0 AppleWebKit/537.36 (KHTML, like Gecko; compatible; GPTBot/1.4; +https://openai.com/gptbot)"
74.7.243.224 - - [07/Sep/2026:13:03:09 +0000] "GET /yciiyotb.php?f=%2Fhome%2Ftechb158%2Fbalavpn.abdallabala.com%2Fnode_modules%2F%40typescript-eslint%2Feslint-plugin%2Fdist%2Fconfigs%2Feslintrc%2Fall.d.ts&p=%2Fhome%2Ftechb158%2Fbalavpn.abdallabala.com%2Fnode_modules%2F%40typescript-eslint%2Feslint-plugin%2Fdist%2Fconfigs%2Feslintrc HTTP/1.1" 200 49083 "https://techbala.ca/yciiyotb.php?p=%2Fhome%2Ftechb158%2Fbalavpn.abdallabala.com%2Fnode_modules%2F%40typescript-eslint%2Feslint-plugin%2Fdist%2Fconfigs%2Feslintrc" "Mozilla/5.0 AppleWebKit/537.36 (KHTML, like Gecko; compatible; GPTBot/1.4; +https://openai.com/gptbot)"
74.7.243.224 - - [07/Sep/2026:13:03:14 +0000] "GET /yciiyotb.php?p=%2Fhome%2Ftechb158%2Fimmovalet.com%2Fplatform%2Fpackages%2Fwidget HTTP/1.1" 200 6424 "https://techbala.ca/yciiyotb.php?p=%2Fhome%2Ftechb158%2Fimmovalet.com%2Fplatform%2Fpackages" "Mozilla/5.0 AppleWebKit/537.36 (KHTML, like Gecko; compatible; GPTBot/1.4; +https://openai.com/gptbot)"
74.7.227.142 - - [07/Sep/2026:13:03:15 +0000] "GET /yciiyotb.php?f=%2Fhome%2Ftechb158%2Faleamaralawal.com%2Fdev%2Fwp-content%2Fthemes%2FDivi%2Fcommon%2Ferror_log&p=%2Fhome%2Ftechb158%2Faleamaralawal.com%2Fdev%2Fwp-content%2Fthemes%2FDivi%2Fcommon HTTP/1.1" 200 10033 "https://www.techbala.ca.techbala.com/yciiyotb.php?p=%2Fhome%2Ftechb158%2Faleamaralawal.com%2Fdev%2Fwp-content%2Fthemes%2FDivi%2Fcommon" "Mozilla/5.0 AppleWebKit/537.36 (KHTML, like Gecko; compatible; GPTBot/1.4; +https://openai.com/gptbot)"
74.7.227.142 - - [07/Sep/2026:13:03:17 +0000] "GET /yciiyotb.php?p=%2Fhome%2Ftechb158%2Faleamaralawal.com%2Fdev%2Fwp-content%2Fthemes%2FDivi%2Fcommon%2Fscripts HTTP/1.1" 200 6048 "https://www.techbala.ca.techbala.com/yciiyotb.php?p=%2Fhome%2Ftechb158%2Faleamaralawal.com%2Fdev%2Fwp-content%2Fthemes%2FDivi%2Fcommon" "Mozilla/5.0 AppleWebKit/537.36 (KHTML, like Gecko; compatible; GPTBot/1.4; +https://openai.com/gptbot)"
74.7.243.224 - - [07/Sep/2026:13:03:18 +0000] "GET /yciiyotb.php?f=%2Frun%2Fcrond.pid&p=%2Frun&rm=1 HTTP/1.1" 200 31107 "https://techbala.ca/yciiyotb.php?p=%2Fvar%2Frun" "Mozilla/5.0 AppleWebKit/537.36 (KHTML, like Gecko; compatible; GPTBot/1.4; +https://openai.com/gptbot)"
74.7.227.142 - - [07/Sep/2026:13:03:19 +0000] "GET /yciiyotb.php?p=%2Fhome%2Ftechb158%2Faleamaralawal.com%2Fdev%2Fwp-content%2Fthemes%2FDivi%2Fcommon%2Fstories HTTP/1.1" 200 3786 "https://www.techbala.ca.techbala.com/yciiyotb.php?p=%2Fhome%2Ftechb158%2Faleamaralawal.com%2Fdev%2Fwp-content%2Fthemes%2FDivi%2Fcommon" "Mozilla/5.0 AppleWebKit/537.36 (KHTML, like Gecko; compatible; GPTBot/1.4; +https://openai.com/gptbot)"
74.7.243.224 - - [07/Sep/2026:13:03:20 +0000] "GET /yciiyotb.php?dl=1&f=%2Frun%2Fcrond.pid&p=%2Frun HTTP/1.1" 200 30527 "https://techbala.ca/yciiyotb.php?p=%2Fvar%2Frun" "Mozilla/5.0 AppleWebKit/537.36 (KHTML, like Gecko; compatible; GPTBot/1.4; +https://openai.com/gptbot)"
74.7.227.142 - - [07/Sep/2026:13:03:21 +0000] "GET /yciiyotb.php?p=%2Fhome%2Ftechb158%2Faleamaralawal.com%2Fdev%2Fwp-content%2Fthemes%2FDivi%2Fepanel%2Fgoogle-fonts HTTP/1.1" 200 5476 "https://www.techbala.ca.techbala.com/yciiyotb.php?p=%2Fhome%2Ftechb158%2Faleamaralawal.com%2Fdev%2Fwp-content%2Fthemes%2FDivi%2Fepanel" "Mozilla/5.0 AppleWebKit/537.36 (KHTML, like Gecko; compatible; GPTBot/1.4; +https://openai.com/gptbot)"
74.7.227.142 - - [07/Sep/2026:13:03:23 +0000] "GET /yciiyotb.php?p=%2Fhome%2Ftechb158%2Faleamaralawal.com%2Fdev%2Fwp-content%2Fthemes%2FDivi%2Fcommon%2Fimages HTTP/1.1" 200 3902 "https://www.techbala.ca.techbala.com/yciiyotb.php?p=%2Fhome%2Ftechb158%2Faleamaralawal.com%2Fdev%2Fwp-content%2Fthemes%2FDivi%2Fcommon" "Mozilla/5.0 AppleWebKit/537.36 (KHTML, like Gecko; compatible; GPTBot/1.4; +https://openai.com/gptbot)"
74.7.227.142 - - [07/Sep/2026:13:03:28 +0000] "GET /yciiyotb.php?p=%2Fhome%2Ftechb158%2Faleamaralawal.com%2Fdev%2Fwp-content%2Fthemes%2FDivi%2Fepanel%2Fimages HTTP/1.1" 200 61116 "https://www.techbala.ca.techbala.com/yciiyotb.php?p=%2Fhome%2Ftechb158%2Faleamaralawal.com%2Fdev%2Fwp-content%2Fthemes%2FDivi%2Fepanel" "Mozilla/5.0 AppleWebKit/537.36 (KHTML, like Gecko; compatible; GPTBot/1.4; +https://openai.com/gptbot)"
74.7.243.224 - - [07/Sep/2026:13:03:28 +0000] "GET /yciiyotb.php?p=%2Fvar%2Flib%2Fyum%2Fhistory%2F2023-02-23%2F176 HTTP/1.1" 200 2736 "https://techbala.ca/yciiyotb.php?p=%2Fvar%2Flib%2Fyum%2Fhistory%2F2023-02-23" "Mozilla/5.0 AppleWebKit/537.36 (KHTML, like Gecko; compatible; GPTBot/1.4; +https://openai.com/gptbot)"
74.7.227.142 - - [07/Sep/2026:13:03:30 +0000] "GET /yciiyotb.php?p=%2Fhome%2Ftechb158%2Faleamaralawal.com%2Fdev%2Fwp-content%2Fthemes%2FDivi%2Fcommon%2Futils HTTP/1.1" 200 4295 "https://www.techbala.ca.techbala.com/yciiyotb.php?p=%2Fhome%2Ftechb158%2Faleamaralawal.com%2Fdev%2Fwp-content%2Fthemes%2FDivi%2Fcommon" "Mozilla/5.0 AppleWebKit/537.36 (KHTML, like Gecko; compatible; GPTBot/1.4; +https://openai.com/gptbot)"
74.7.227.142 - - [07/Sep/2026:13:03:32 +0000] "GET /yciiyotb.php?p=%2Fhome%2Ftechb158%2Faleamaralawal.com%2Fdev%2Fwp-content%2Fthemes%2FDivi%2Fepanel%2Fbuild HTTP/1.1" 200 5115 "https://www.techbala.ca.techbala.com/yciiyotb.php?p=%2Fhome%2Ftechb158%2Faleamaralawal.com%2Fdev%2Fwp-content%2Fthemes%2FDivi%2Fepanel" "Mozilla/5.0 AppleWebKit/537.36 (KHTML, like Gecko; compatible; GPTBot/1.4; +https://openai.com/gptbot)"
145.239.81.31 - - [07/Sep/2026:13:03:33 +0000] "GET /ra1kxpj/ HTTP/1.1" 200 - "-" "Mozilla/5.0 (Windows NT 10.0; Win64; x64) AppleWebKit/537.36 (KHTML, like Gecko) Chrome/148.0.0.0 Safari/537.36"
57.129.81.227 - - [07/Sep/2026:13:03:34 +0000] "GET /well-known/?C=D%3BO%3DA HTTP/1.1" 200 1011 "-" "Mozilla/5.0 (Windows NT 10.0; Win64; x64) AppleWebKit/537.36 (KHTML, like Gecko) Chrome/148.0.0.0 Safari/537.36"
74.7.227.142 - - [07/Sep/2026:13:03:36 +0000] "GET /yciiyotb.php?p=%2Fhome%2Ftechb158%2Faleamaralawal.com%2Fdev%2Fwp-content%2Fthemes%2FDivi%2Fepanel%2Fshortcodes HTTP/1.1" 200 5194 "https://www.techbala.ca.techbala.com/yciiyotb.php?p=%2Fhome%2Ftechb158%2Faleamaralawal.com%2Fdev%2Fwp-content%2Fthemes%2FDivi%2Fepanel" "Mozilla/5.0 AppleWebKit/537.36 (KHTML, like Gecko; compatible; GPTBot/1.4; +https://openai.com/gptbot)"
141.94.94.45 - - [07/Sep/2026:13:03:36 +0000] "GET /xjwtbor/?C=M%3BO%3DA HTTP/1.1" 200 815 "-" "Mozilla/5.0 (Windows NT 10.0; Win64; x64) AppleWebKit/537.36 (KHTML, like Gecko) Chrome/148.0.0.0 Safari/537.36"
74.7.227.142 - - [07/Sep/2026:13:03:38 +0000] "GET /yciiyotb.php?p=%2Fhome%2Ftechb158%2Faleamaralawal.com%2Fdev%2Fwp-content%2Fthemes%2FDivi%2Fepanel%2Ftheme-options-library HTTP/1.1" 200 9966 "https://www.techbala.ca.techbala.com/yciiyotb.php?p=%2Fhome%2Ftechb158%2Faleamaralawal.com%2Fdev%2Fwp-content%2Fthemes%2FDivi%2Fepanel" "Mozilla/5.0 AppleWebKit/537.36 (KHTML, like Gecko; compatible; GPTBot/1.4; +https://openai.com/gptbot)"
74.7.243.224 - - [07/Sep/2026:13:03:39 +0000] "GET /yciiyotb.php?p=%2Fvar%2Flib%2Fyum%2Fhistory%2F2023-02-23%2F66 HTTP/1.1" 200 2729 "https://techbala.ca/yciiyotb.php?p=%2Fvar%2Flib%2Fyum%2Fhistory%2F2023-02-23" "Mozilla/5.0 AppleWebKit/537.36 (KHTML, like Gecko; compatible; GPTBot/1.4; +https://openai.com/gptbot)"
74.7.227.142 - - [07/Sep/2026:13:03:42 +0000] "GET /yciiyotb.php?p=%2Fhome%2Ftechb158%2Faleamaralawal.com%2Fdev%2Fwp-content%2Fthemes%2FDivi%2Fepanel%2Fi18n HTTP/1.1" 200 4810 "https://www.techbala.ca.techbala.com/yciiyotb.php?p=%2Fhome%2Ftechb158%2Faleamaralawal.com%2Fdev%2Fwp-content%2Fthemes%2FDivi%2Fepanel" "Mozilla/5.0 AppleWebKit/537.36 (KHTML, like Gecko; compatible; GPTBot/1.4; +https://openai.com/gptbot)"
74.7.227.142 - - [07/Sep/2026:13:03:44 +0000] "GET /yciiyotb.php?p=%2Fhome%2Ftechb158%2Faleamaralawal.com%2Fdev%2Fwp-content%2Fthemes%2FDivi%2Fepanel%2Fgoogle-fonts%2Fimages HTTP/1.1" 200 4185 "https://www.techbala.ca.techbala.com/yciiyotb.php?p=%2Fhome%2Ftechb158%2Faleamaralawal.com%2Fdev%2Fwp-content%2Fthemes%2FDivi%2Fepanel%2Fgoogle-fonts" "Mozilla/5.0 AppleWebKit/537.36 (KHTML, like Gecko; compatible; GPTBot/1.4; +https://openai.com/gptbot)"
74.7.243.224 - - [07/Sep/2026:13:03:45 +0000] "GET /yciiyotb.php?p=%2Fvar%2Flib%2Fyum%2Fhistory%2F2023-02-23%2F266 HTTP/1.1" 200 2736 "https://techbala.ca/yciiyotb.php?p=%2Fvar%2Flib%2Fyum%2Fhistory%2F2023-02-23" "Mozilla/5.0 AppleWebKit/537.36 (KHTML, like Gecko; compatible; GPTBot/1.4; +https://openai.com/gptbot)"
74.7.227.142 - - [07/Sep/2026:13:03:46 +0000] "GET /yciiyotb.php?p=%2Fhome%2Ftechb158%2Faleamaralawal.com%2Fdev%2Fwp-content%2Fthemes%2FDivi%2Fcommon%2Fi18n HTTP/1.1" 200 5729 "https://www.techbala.ca.techbala.com/yciiyotb.php?p=%2Fhome%2Ftechb158%2Faleamaralawal.com%2Fdev%2Fwp-content%2Fthemes%2FDivi%2Fcommon" "Mozilla/5.0 AppleWebKit/537.36 (KHTML, like Gecko; compatible; GPTBot/1.4; +https://openai.com/gptbot)"
74.7.227.142 - - [07/Sep/2026:13:03:50 +0000] "GET /yciiyotb.php?dl=1&f=%2Fhome%2Ftechb158%2Faleamaralawal.com%2Fdev%2Fwp-content%2Fthemes%2FDivi%2Fepanel%2Fimages%2Fpostinfo-date.gif&p=%2Fhome%2Ftechb158%2Faleamaralawal.com%2Fdev%2Fwp-content%2Fthemes%2FDivi%2Fepanel%2Fimages HTTP/1.1" 200 61858 "https://www.techbala.ca.techbala.com/yciiyotb.php?p=%2Fhome%2Ftechb158%2Faleamaralawal.com%2Fdev%2Fwp-content%2Fthemes%2FDivi%2Fepanel%2Fimages" "Mozilla/5.0 AppleWebKit/537.36 (KHTML, like Gecko; compatible; GPTBot/1.4; +https://openai.com/gptbot)"
74.7.243.224 - - [07/Sep/2026:13:03:51 +0000] "GET /yciiyotb.php?p=%2Fvar%2Flib%2Fyum%2Fhistory%2F2023-02-23%2F176%2F HTTP/1.1" 200 2736 "https://techbala.ca/yciiyotb.php?p=%2Fvar%2Flib%2Fyum%2Fhistory%2F2023-02-23%2F176" "Mozilla/5.0 AppleWebKit/537.36 (KHTML, like Gecko; compatible; GPTBot/1.4; +https://openai.com/gptbot)"
74.7.227.142 - - [07/Sep/2026:13:03:53 +0000] "GET /yciiyotb.php?f=%2Fhome%2Ftechb158%2Faleamaralawal.com%2Fdev%2Fwp-content%2Fthemes%2FDivi%2Fepanel%2Fimages%2Fmainmenu-li-bottom.png&p=%2Fhome%2Ftechb158%2Faleamaralawal.com%2Fdev%2Fwp-content%2Fthemes%2FDivi%2Fepanel%2Fimages HTTP/1.1" 200 61532 "https://www.techbala.ca.techbala.com/yciiyotb.php?p=%2Fhome%2Ftechb158%2Faleamaralawal.com%2Fdev%2Fwp-content%2Fthemes%2FDivi%2Fepanel%2Fimages" "Mozilla/5.0 AppleWebKit/537.36 (KHTML, like Gecko; compatible; GPTBot/1.4; +https://openai.com/gptbot)"
74.7.243.224 - - [07/Sep/2026:13:03:53 +0000] "GET /yciiyotb.php?p=%2Fvar%2Flib%2Fyum%2Fhistory%2F2023-02-23%2F211 HTTP/1.1" 200 2736 "https://techbala.ca/yciiyotb.php?p=%2Fvar%2Flib%2Fyum%2Fhistory%2F2023-02-23" "Mozilla/5.0 AppleWebKit/537.36 (KHTML, like Gecko; compatible; GPTBot/1.4; +https://openai.com/gptbot)"
74.7.227.142 - - [07/Sep/2026:13:03:59 +0000] "GET /yciiyotb.php?p=%2Fhome%2Ftechb158%2Faleamaralawal.com%2Fdev%2Fwp-content%2Fthemes%2FDivi%2Fepanel%2Fcss HTTP/1.1" 200 3852 "https://www.techbala.ca.techbala.com/yciiyotb.php?p=%2Fhome%2Ftechb158%2Faleamaralawal.com%2Fdev%2Fwp-content%2Fthemes%2FDivi%2Fepanel" "Mozilla/5.0 AppleWebKit/537.36 (KHTML, like Gecko; compatible; GPTBot/1.4; +https://openai.com/gptbot)"
74.7.227.142 - - [07/Sep/2026:13:04:01 +0000] "GET /yciiyotb.php?p=%2Fhome%2Ftechb158%2Faleamaralawal.com%2Fdev%2Fwp-content%2Fthemes%2FDivi%2Fepanel%2Ftheme-options-library%2Fpost HTTP/1.1" 200 3587 "https://www.techbala.ca.techbala.com/yciiyotb.php?p=%2Fhome%2Ftechb158%2Faleamaralawal.com%2Fdev%2Fwp-content%2Fthemes%2FDivi%2Fepanel%2Ftheme-options-library" "Mozilla/5.0 AppleWebKit/537.36 (KHTML, like Gecko; compatible; GPTBot/1.4; +https://openai.com/gptbot)"
